000
CXUS51 KOKX 011545
CLMLGA

CLIMATE REPORT
NATIONAL WEATHER SERVICE NEW YORK NY
1137 AM EDT SAT SEP 1 2018

...................................

...THE LAGUARDIA NY CLIMATE SUMMARY FOR THE MONTH OF AUGUST 2018...

CLIMATE NORMAL PERIOD 1981 TO 2010
CLIMATE RECORD PERIOD 1939 TO 2018

WEATHER         OBSERVED          NORMAL  DEPART  LAST YEAR`S
                 VALUE   DATE(S)  VALUE   FROM    VALUE  DATE(S)
                                          NORMAL
................................................................
TEMPERATURE (F)
RECORD
 HIGH             104   08/09/2001
 LOW               51   08/29/1982
HIGHEST            98   08/28        MM      MM       91  08/22
                                                          08/01
LOWEST             68   08/23        MM      MM       61  08/30
                        08/21                             08/29
                        08/20
AVG. MAXIMUM     87.6              83.7     3.9     81.9
AVG. MINIMUM     74.3              68.9     5.4     68.9
MEAN             81.0              76.3     4.7     75.4
DAYS MAX >= 90     16               4.2    11.8        2
DAYS MAX <= 32      0               0.0     0.0        0
DAYS MIN <= 32      0               0.0     0.0        0
DAYS MIN <= 0       0               0.0     0.0        0

PRECIPITATION (INCHES)
RECORD
 MAXIMUM        17.32   2011
 MINIMUM         0.12   1995
TOTALS           6.66              4.12    2.54     3.52
DAILY AVG.       0.21              0.13    0.08     0.11
DAYS >= .01        14               8.7     5.3       13
DAYS >= .10        10               6.1     3.9        8
DAYS >= .50         6               2.8     3.2        2
DAYS >= 1.00        2               1.1     0.9        0
GREATEST
 24 HR. TOTAL    1.95   08/11 TO 08/11           08/18 TO 08/18
                                                          08/31 TO 08/31EATHER         OBSERVED          NORMAL  DEPART  LAST YEAR`S
                                                          08/31 TO 08/31EATHER         OBSERVED          NORMAL  DEPART  LAST YEAR`S
 STORM TOTAL       MM                                 MM
 (MM/DD(HH))            MM                    08/18(00) TO 08/18(00)
                                                 08/31(00) TO 08/31(00)1EATHER         OBSERVED          NORMAL  DEPART  LAST YEAR`S
                                                 08/31(00) TO 08/31(00)1EATHER         OBSERVED          NORMAL  DEPART  LAST YEAR`S

SNOWFALL (INCHES)
RECORDS
 TOTAL              T   2008
                        0
                        0
 24 HR TOTAL       MM
TOTALS            0.0               0.0     0.0      0.0
 LIQUID EQUIV    0.00              0.00    0.00     0.00
SINCE 7/1         0.0               0.0     0.0      0.0
 LIQUID 7/1      0.00              0.00             0.00
DAYS >= TRACE       0               0.0     0.0        0
DAYS >= 1.0         0               0.0     0.0        0
GREATEST
 SNOW DEPTH         0   MM                             0  MM
 24 HR TOTAL      0.0   08/31 TO 08/31           08/31 TO 08/31
                                                          08/31 TO 08/31EATHER         OBSERVED          NORMAL  DEPART  LAST YEAR`S
                                                          08/31 TO 08/31EATHER         OBSERVED          NORMAL  DEPART  LAST YEAR`S
 STORM TOTAL       MM                                 MM
 (MM/DD(HH))            MM                    08/31(00) TO 08/31(00)
                                                 08/31(00) TO 08/31(00)1EATHER         OBSERVED          NORMAL  DEPART  LAST YEAR`S
                                                 08/31(00) TO 08/31(00)1EATHER         OBSERVED          NORMAL  DEPART  LAST YEAR`S

DEGREE_DAYS
HEATING TOTAL       0                 1      -1        0
 SINCE 7/1          0                 1      -1        0
COOLING TOTAL     503               351     152      331
 SINCE 1/1       1368              1033     335     1131
.................................................................

WIND (MPH)
AVERAGE WIND SPEED              9.1
HIGHEST WIND SPEED/DIRECTION    31/290    DATE  08/09
HIGHEST GUST SPEED/DIRECTION    40/330    DATE  08/07

SKY COVER
POSSIBLE SUNSHINE (PERCENT)   MM
AVERAGE SKY COVER           0.60
NUMBER OF DAYS FAIR            3
NUMBER OF DAYS PC             19
NUMBER OF DAYS CLOUDY          9

AVERAGE RH (PERCENT)     63

WEATHER CONDITIONS. NUMBER OF DAYS WITH
  0
  5
  0
  0
  0
  0
  0
HAZE                      1

-  INDICATES NEGATIVE NUMBERS.
R  INDICATES RECORD WAS SET OR TIED.
MM INDICATES DATA IS MISSING.
T  INDICATES TRACE AMOUNT.

$$
