000
CXUS51 KOKX 031724
CLMLGA

CLIMATE REPORT
NATIONAL WEATHER SERVICE NEW YORK NY
1223 PM EST MON DEC 3 2018

...................................

...THE LAGUARDIA NY CLIMATE SUMMARY FOR THE MONTH OF NOVEMBER 2018...

CLIMATE NORMAL PERIOD 1981 TO 2010
CLIMATE RECORD PERIOD 1939 TO 2018

WEATHER         OBSERVED          NORMAL  DEPART  LAST YEAR`S
                 VALUE   DATE(S)  VALUE   FROM    VALUE  DATE(S)
                                          NORMAL
................................................................
TEMPERATURE (F)
RECORD
 HIGH              83   11/02/1950
 LOW               17   11/29/1955
HIGHEST            71   11/01        MM      MM       75  11/03
LOWEST             17R  11/23        MM      MM       26  11/11
AVG. MAXIMUM     50.8              54.7    -3.9     55.0
AVG. MINIMUM     40.5              41.8    -1.3     41.1
MEAN             45.6              48.3    -2.7     48.0
DAYS MAX >= 90      0               0.0     0.0        0
DAYS MAX <= 32      2               0.0     2.0        0
DAYS MIN <= 32      5               2.5     2.5        2
DAYS MIN <= 0       0               0.0     0.0        0

PRECIPITATION (INCHES)
RECORD
 MAXIMUM         9.92   1972
 MINIMUM         0.31   1976
TOTALS           7.09              3.41    3.68     2.06
DAILY AVG.       0.24              0.11    0.13     0.07
DAYS >= .01        15               9.2     5.8        8
DAYS >= .10        11               5.9     5.1        6
DAYS >= .50         7               2.6     4.4        2
DAYS >= 1.00        1               0.8     0.2        0
GREATEST
 24 HR. TOTAL    1.11   11/13 TO 11/13           11/16 TO 11/16
                                                          11/20 TO 11/20EATHER         OBSERVED          NORMAL  DEPART  LAST YEAR`S
                                                          11/20 TO 11/20EATHER         OBSERVED          NORMAL  DEPART  LAST YEAR`S
 STORM TOTAL       MM                                 MM
 (MM/DD(HH))            MM                    11/16(00) TO 11/16(00)
                                                 11/20(00) TO 11/20(00)0EATHER         OBSERVED          NORMAL  DEPART  LAST YEAR`S
                                                 11/20(00) TO 11/20(00)0EATHER         OBSERVED          NORMAL  DEPART  LAST YEAR`S

SNOWFALL (INCHES)
RECORDS
 TOTAL             MM   5
 24 HR TOTAL       MM
TOTALS            4.7               0.3     4.4        T
 LIQUID EQUIV    0.47              0.00    0.47       MM
SINCE 7/1         4.7               0.3     4.4        T
 LIQUID 7/1      0.47              0.00               MM
DAYS >= TRACE       3               0.2     2.8        1
DAYS >= 1.0         1               0.1     0.9        0
GREATEST
 SNOW DEPTH         1   11/16                         -1  11/20
 24 HR TOTAL      4.7   11/15 TO 11/15           11/20 TO 11/20
                                                          11/20 TO 11/20EATHER         OBSERVED          NORMAL  DEPART  LAST YEAR`S
                                                          11/20 TO 11/20EATHER         OBSERVED          NORMAL  DEPART  LAST YEAR`S
 STORM TOTAL       MM                                 MM
 (MM/DD(HH))            MM                    11/20(00) TO 11/20(00)
                                                 11/20(00) TO 11/20(00)0EATHER         OBSERVED          NORMAL  DEPART  LAST YEAR`S
                                                 11/20(00) TO 11/20(00)0EATHER         OBSERVED          NORMAL  DEPART  LAST YEAR`S

DEGREE_DAYS
HEATING TOTAL     577               503      74      506
 SINCE 7/1        816               775      41      591
COOLING TOTAL       1                 1       0        0
 SINCE 1/1       1697              1214     483     1439
.................................................................

WIND (MPH)
AVERAGE WIND SPEED              12.5
HIGHEST WIND SPEED/DIRECTION    37/070    DATE  11/15
HIGHEST GUST SPEED/DIRECTION    46/060    DATE  11/15

SKY COVER
POSSIBLE SUNSHINE (PERCENT)   MM
AVERAGE SKY COVER           0.70
NUMBER OF DAYS FAIR            5
NUMBER OF DAYS PC              9
NUMBER OF DAYS CLOUDY         16

AVERAGE RH (PERCENT)     63

WEATHER CONDITIONS. NUMBER OF DAYS WITH
  0
 10
  1
  0
  2
  2
  0
HAZE                      3

-  INDICATES NEGATIVE NUMBERS.
R  INDICATES RECORD WAS SET OR TIED.
MM INDICATES DATA IS MISSING.
T  INDICATES TRACE AMOUNT.

$$
