769
CXUS46 KLOX 011614
CLMLGB


CLIMATE REPORT
NATIONAL WEATHER SERVICE LOS ANGELES/OXNARD CA
904 AM PDT SUN JUL 1 2018

...................................

...THE LONG BEACH AIRPORT CA CLIMATE SUMMARY FOR THE MONTH OF JUNE 2018...

CLIMATE NORMAL PERIOD 1981 TO 2010
CLIMATE RECORD PERIOD 1958 TO 2018

WEATHER         OBSERVED          NORMAL  DEPART  LAST YEAR`S
                 VALUE   DATE(S)  VALUE   FROM    VALUE
                                          NORMAL
.............................................................
TEMPERATURE (F)
HIGHEST            89   06/14
LOWEST             57   06/01
AVG. MAXIMUM     77.1              76.7     0.4
AVG. MINIMUM     62.1              61.0     1.1
MEAN             69.6              68.9     0.7
DAYS MAX >= 90      0
DAYS MAX <= 32      0
DAYS MIN <= 32      0
DAYS MIN <= 0       0

PRECIPITATION (INCHES)
TOTALS           0.00              0.07   -0.07
DAILY AVG.       0.00
DAYS >= .01         0
DAYS >= .10         0
DAYS >= .50         0
DAYS >= 1.00        0
GREATEST
 24 HR. TOTAL    0.00   06/30 TO 06/30
                        06/29 TO 06/29
                        06/28 TO 06/28
 STORM TOTAL       MM
 (MM/DD(HH))

DEGREE_DAYS
HEATING TOTAL       0                 6      -6        2
 SINCE 7/1        613              1219    -606      914
COOLING TOTAL     145               121      24      149
 SINCE 1/1        269               224      45      309
..............................................................

WIND (MPH)
AVERAGE WIND SPEED              6.1
HIGHEST WIND SPEED/DIRECTION    18/310    DATE  06/09
HIGHEST GUST SPEED/DIRECTION    24/150    DATE  06/16

SKY COVER
POSSIBLE SUNSHINE (PERCENT)   MM
AVERAGE SKY COVER           0.40
NUMBER OF DAYS FAIR           11
NUMBER OF DAYS PC             14
NUMBER OF DAYS CLOUDY          5

AVERAGE RH (PERCENT)     69

WEATHER CONDITIONS. NUMBER OF DAYS WITH
  0
  0
  0
  0
  0
  0
  0
HAZE                      4

-  INDICATES NEGATIVE NUMBERS.
R  INDICATES RECORD WAS SET OR TIED.
MM INDICATES DATA IS MISSING.
T  INDICATES TRACE AMOUNT.

$$
