000
CXHW51 PHFO 011643
CLMLIH


CLIMATE REPORT
NATIONAL WEATHER SERVICE HONOLULU HI
627 AM HST TUE JAN 1 2019

...................................

...THE LIHUE HI CLIMATE SUMMARY FOR THE MONTH OF DECEMBER 2018...

CLIMATE NORMAL PERIOD 1981 TO 2010
CLIMATE RECORD PERIOD 1946 TO 2018

WEATHER         OBSERVED          NORMAL  DEPART  LAST YEAR`S
                 VALUE   DATE(S)  VALUE   FROM    VALUE  DATE(S)
                                          NORMAL
................................................................
TEMPERATURE (F)
RECORD
 HIGH              87   12/18/2005
                        12/06/1934
 LOW               52   12/28/1953
HIGHEST            82   12/30        79       3       78  12/30
                        12/06                             12/28
                        12/05                             12/26
LOWEST             62   12/18        68      -6       55  12/07
                        12/01
AVG. MAXIMUM     79.8              78.8     1.0     74.8
AVG. MINIMUM     70.2              67.6     2.6     62.0
MEAN             75.0              73.2     1.8     68.4
DAYS MAX >= 90      0               0.0     0.0        0
DAYS MAX <= 32      0               0.0     0.0        0
DAYS MIN <= 32      0               0.0     0.0        0
DAYS MIN <= 0       0               0.0     0.0        0

PRECIPITATION (INCHES)
RECORD
 MAXIMUM        22.91   1968
 MINIMUM         0.08   2005
TOTALS           4.04              5.20   -1.16     1.11
DAILY AVG.       0.13              0.17   -0.04     0.04
DAYS >= .01        20              17.5     2.5       11
DAYS >= .10         9               7.7     1.3        2
DAYS >= .50         2               2.3    -0.3        1
DAYS >= 1.00        1               1.1    -0.1        0
GREATEST
 24 HR. TOTAL    1.44   12/25 TO 12/25              0.62

SNOWFALL (INCHES)
RECORDS
 TOTAL            0.0   5
                        0

TOTALS            0.0               0.0     0.0      0.0
SINCE 7/1         0.0               0.0     0.0      0.0
SNOWDEPTH AVG.    0.0               0.0     0.0      0.0
DAYS >= 1.0         0               0.0     0.0        0
GREATEST
 SNOW DEPTH       0.0                                0.0
 24 HR TOTAL      0.0   12/31 TO 12/31               0.0

DEGREE_DAYS
HEATING TOTAL       0                 0       0        0
 SINCE 7/1          0                 0       0        0
COOLING TOTAL     319               254      65      113
 SINCE 1/1       4108              3945     163     4194
.................................................................

WIND (MPH)
AVERAGE WIND SPEED              15.2
HIGHEST WIND SPEED/DIRECTION    33/040    DATE  12/08
HIGHEST GUST SPEED/DIRECTION    42/040    DATE  12/08

SKY COVER
POSSIBLE SUNSHINE (PERCENT)   MM
AVERAGE SKY COVER             MM
NUMBER OF DAYS FAIR            0
NUMBER OF DAYS PC              0
NUMBER OF DAYS CLOUDY          0

AVERAGE RH (PERCENT)     MM

WEATHER CONDITIONS. NUMBER OF DAYS WITH
THUNDERSTORM              1     MIXED PRECIP               0
HEAVY RAIN                0     RAIN                       0
LIGHT RAIN                0     FREEZING RAIN              0
LT FREEZING RAIN          0     HAIL                       0
HEAVY SNOW                0     SNOW                       0
LIGHT SNOW                0     SLEET                      0
FOG                      11     FOG W/VIS <= 1/4 MILE      0
HAZE                      7

-  INDICATES NEGATIVE NUMBERS.
R  INDICATES RECORD WAS SET OR TIED.
MM INDICATES DATA IS MISSING.
T  INDICATES TRACE AMOUNT.

$$
