000
CXUS54 KLZK 022144
CLMLIT


CLIMATE REPORT
NATIONAL WEATHER SERVICE LITTLE ROCK AR
339 PM CST SUN DEC 2 2018

...................................

...THE LITTLE ROCK ADAMS FIELD CLIMATE SUMMARY FOR THE MONTH OF NOVEMBER 2018...

CLIMATE NORMAL PERIOD 1981 TO 2010
CLIMATE RECORD PERIOD 1874 TO 2018

WEATHER         OBSERVED          NORMAL  DEPART  LAST YEAR`S
                 VALUE   DATE(S)  VALUE   FROM    VALUE  DATE(S)
                                          NORMAL
................................................................
TEMPERATURE (F)
RECORD
 HIGH              86   11/13/1955
 LOW               10   11/18/1880
HIGHEST            72   11/30        62      10       85  11/03
LOWEST             24   11/15        42     -18       29  11/23
                                                          11/20
AVG. MAXIMUM     57.0              63.0    -6.0     67.0
AVG. MINIMUM     37.5              42.2    -4.7     43.3
MEAN             47.3              52.6    -5.3     55.2
DAYS MAX >= 90      0               0.0     0.0        0
DAYS MAX <= 32      0               0.0     0.0        0
DAYS MIN <= 32     12               4.1     7.9        3
DAYS MIN <= 0       0               0.0     0.0        0

PRECIPITATION (INCHES)
RECORD
 MAXIMUM        14.57   2011
 MINIMUM         0.09   1910
TOTALS           4.58              5.28   -0.70     0.42
DAILY AVG.       0.15              0.18   -0.03     0.01
DAYS >= .01        12               8.9     3.1        5
DAYS >= .10         6                                  1
DAYS >= .50         3                                  0
DAYS >= 1.00        1               1.8    -0.8        0
GREATEST
 24 HR. TOTAL    1.75   11/30 TO 11/30

SNOWFALL (INCHES)
RECORDS
 TOTAL            9.4   1880
 24 HR TOTAL      9.4   11/17/1880 TO 11/17/1880
 SNOW DEPTH         3   11/23/1971
                        11/09/1892
TOTALS            0.2                 T     0.2      0.0
 LIQUID EQUIV    0.02                 T    0.02     0.00
SINCE 7/1         0.2                 T     0.2        T
 LIQUID 7/1      0.02                MM      MM       MM
SNOWDEPTH AVG.      0
DAYS >= TRACE       2               0.0     2.0        0
DAYS >= 1.0         0                                  0
GREATEST
 SNOW DEPTH         T   11/15
 24 HR TOTAL      0.2   11/14 TO 11/14

DEGREE_DAYS
HEATING TOTAL     528               382     146      321
 SINCE 7/1        689               514     175      466
COOLING TOTAL       3                10      -7       34
 SINCE 1/1       2369              2204     165     2028

FREEZE DATES
RECORD
 EARLIEST     10/20/1989
 LATEST       04/19/1983
EARLIEST      11/10             11/13
LATEST                          03/19
.................................................................

WIND (MPH)
AVERAGE WIND SPEED              7.7
HIGHEST WIND SPEED/DIRECTION    36/290    DATE  11/25
HIGHEST GUST SPEED/DIRECTION    49/270    DATE  11/25

SKY COVER
POSSIBLE SUNSHINE (PERCENT)   MM
AVERAGE SKY COVER           0.60
NUMBER OF DAYS FAIR            8
NUMBER OF DAYS PC              8
NUMBER OF DAYS CLOUDY         14

AVERAGE RH (PERCENT)     73

-  INDICATES NEGATIVE NUMBERS.
R  INDICATES RECORD WAS SET OR TIED.
MM INDICATES DATA IS MISSING.
T  INDICATES TRACE AMOUNT.

&&

...Data for Little Rock for November 2018...

.Summary...
There were scant few days of above average temperatures in November
at Little Rock. The majority of the month was rather chilly, with
the coldest period being the second and third weeks of the month.
During this time period, daily temperatures were anywhere from
around 10 to over 20 degrees below average. There was also
measurable snow for the first time in four years, and one day when
high temperatures stayed in the 30s. Warmer weather returned at the
very end of the month, though this was quickly changing as we headed
into December.

In terms of average temperature, this was the coldest November at
Little Rock in four decades. Both high and low temperatures were
significantly below the 30-year average.

Precipitation was scattered fairly well throughout the month, and
fell during each week. The heaviest occurred on the 30th.

Snow fell for the first time in November in four years, and it was
measurable.

.Monthly Temperatures...
The average high temperature was the coldest since 2000, and the
12th coldest on record. The average low temperature was the coldest
since 2014, and the 10th coldest on record. The average monthly
temperature was the coldest since 1976, and the 8th coldest on
record.

.Daily Temperatures...
Daily temperatures were above average on five days, below average on
24 days, and average on one day.

There were 12 days with low temperatures at or below freezing, which
was the most since 1991 and most recently tied 1950 for the 2nd
highest number on record for the month. Only November 1991, 1959,
and 1951 had more with 13.

There were only two days with temperatures at or above 70 degrees,
which was the fewest in November since 1947.

.Daily Record Temperatures Tied or Broken During the Month...
Date  Record Type                   New Record      Previous Record
30th  Warmest Low Temperature       63 in 2018        59 in 1933

On the 14th, the high temperature of 34 degrees most recently tied
November 24, 2013 for the 4th coldest on record for the month of
November at Little Rock.

.Monthly Rainfall...
Even though rainfall was below average for the third November in a
row, this was still the wettest November since 2015.

.Daily Rainfall Records Tied or Broken During the Month...
Date   New Record     Previous Record
30th  1.75 in 2018     1.33 in 1991

.Monthly Snowfall...
Snow fell for the first time in November since 2014, and it was
measurable. It was the snowiest November since 1980, and the 12th
snowiest on record.

.Daily Snowfall Records Tied or Broken...
Date   New Record     Previous Record
12th  Trace in 2018    Trace in 1908

.Miscellaneous Phenomena...
25th - A non-thunderstorm wind gust of 49 MPH was recorded.

$$

57
