000
CXUS54 KLZK 022033
CLMLIT


CLIMATE REPORT
NATIONAL WEATHER SERVICE LITTLE ROCK AR
323 PM CDT SUN SEP 2 2018

...................................

...THE LITTLE ROCK ADAMS FIELD CLIMATE SUMMARY FOR THE MONTH OF AUGUST 2018...

CLIMATE NORMAL PERIOD 1981 TO 2010
CLIMATE RECORD PERIOD 1874 TO 2018

WEATHER         OBSERVED          NORMAL  DEPART  LAST YEAR`S
                 VALUE   DATE(S)  VALUE   FROM    VALUE  DATE(S)
                                          NORMAL
................................................................
TEMPERATURE (F)
RECORD
 HIGH             114   08/03/2011
 LOW               52   08/29/1986
                        08/29/1967
                        08/28/1967
HIGHEST            97   08/07        92       5       95  08/20
LOWEST             65   08/24        71      -6       63  08/25
                        08/02
                        08/01
AVG. MAXIMUM     89.4              92.6    -3.2     86.0
AVG. MINIMUM     70.1              72.4    -2.3     70.6
MEAN             79.8              82.5    -2.7     78.3
DAYS MAX >= 90     19              21.2    -2.2        7
DAYS MAX <= 32      0               0.0     0.0        0
DAYS MIN <= 32      0               0.0     0.0        0
DAYS MIN <= 0       0               0.0     0.0        0

PRECIPITATION (INCHES)
RECORD
 MAXIMUM        14.46   1966
 MINIMUM         0.00   1995
TOTALS           6.59              2.59    4.00     3.34
DAILY AVG.       0.21              0.08    0.13     0.11
DAYS >= .01        11               6.4     4.6       11
DAYS >= .10         6                                  7
DAYS >= .50         5                                  3
DAYS >= 1.00        3               0.8     2.2        0
GREATEST
 24 HR. TOTAL    3.14   08/17 TO 08/18


SNOWFALL (INCHES)
TOTALS            0.0               0.0     0.0      0.0
 LIQUID EQUIV    0.00              0.00    0.00     0.00
SINCE 7/1         0.0               0.0     0.0      0.0
 LIQUID 7/1      0.00              0.00    0.00     0.00
SNOWDEPTH AVG.      0
DAYS >= TRACE       0               0.0     0.0        0
DAYS >= 1.0         0                                  0
GREATEST
 SNOW DEPTH         0   MM
 24 HR TOTAL      0.0

DEGREE_DAYS
HEATING TOTAL       0                 0       0        0
 SINCE 7/1          0                 0       0        0
COOLING TOTAL     463               542     -79      422
 SINCE 1/1       1903              1801     102     1568

FREEZE DATES
RECORD
 EARLIEST     10/20/1989
 LATEST       04/19/1983
EARLIEST                        11/13
LATEST                          03/19
.................................................................

WIND (MPH)
AVERAGE WIND SPEED              5.9
HIGHEST WIND SPEED/DIRECTION    32/220    DATE  08/19
HIGHEST GUST SPEED/DIRECTION    42/220    DATE  08/19

SKY COVER
POSSIBLE SUNSHINE (PERCENT)   MM
AVERAGE SKY COVER           0.50
NUMBER OF DAYS FAIR            9
NUMBER OF DAYS PC             13
NUMBER OF DAYS CLOUDY          9

AVERAGE RH (PERCENT)     78

-  INDICATES NEGATIVE NUMBERS.
R  INDICATES RECORD WAS SET OR TIED.
MM INDICATES DATA IS MISSING.
T  INDICATES TRACE AMOUNT.

&&

...Data for Little Rock for August 2018...

.Summary...
August in Little Rock certainly did not live up to its reputation
and its average as typically the second warmest month of the year.
It`s true that, compared to last year, highs were warmer, but they
were still over three degrees below the 30-year average. For the
second year in a row, there were no triple-digit temperatures during
the month. Lows were frequently below 70 degrees, especially during
the first and third weeks of the month.

Rainfall was well above average, and it was the wettest August in
two years.

.Monthly Temperatures...
The average high temperature was the warmest since 2016. The average
low temperature was the coolest since 2009. The average monthly
temperature was the warmest since 2016.

.Daily Temperatures...
Daily temperatures were above average on nine days, average on one
day, and below average on 21 days.

There were 19 days with high temperatures at or above 90 degrees,
which, though the most since 2016, was still below the average of
22.

.Daily Record Temperatures Tied or Broken During the Month...
None.

.Monthly Rainfall...
It was the wettest August since 2016. Overall, it was the 13th
wettest since rainfall records began in 1874.

.Daily Rainfall Records Tied or Broken During the Month...
Date    New Record    Previous Record
 9th   1.58 in 2018     1.43 in 2011
17th   2.26 in 2018     2.02 in 1958

.Miscellaneous Phenomena...
None.

$$

57
