000
CXUS55 KRIW 012134
CLMLND

CLIMATE REPORT
NATIONAL WEATHER SERVICE RIVERTON WY
331 PM MDT WED AUG 1 2018

..PRELIMINARY MONTHLY CLIMATE SUMMARY FOR THE HUNT FIELD IN LANDER
FOR THE MONTH OF JULY 2018...

...OFFICIAL CLIMATE DATA FOR THE MONTH OF JULY 2018 WILL BE
AVAILABLE APPROXIMATELY IN 60 DAYS FROM THE NATIONAL CENTERS FOR
ENVIRONMENTAL INFORMATION (HTTP://WWW.NCDC.NOAA.GOV/CDO-
WEB/DATASETS). UNOFFICIAL ASOS DAILY SUMMARIES ARE AVAILABLE ON THE
INTERNET AT HTTP://WWW.WEATHER.GOV/CLIMATE/INDEX.PHP?WFO=RIW

...JULY CLIMATE IN LANDER WAS SLIGHTLY WARMER AND SLIGHTLY DRIER
THAN NORMAL...

THE AVERAGE TEMPERATURE FOR LANDER IN JULY WAS 72.3 DEGREES... WHICH
WAS 1.1 DEGREES ABOVE NORMAL. THE WARMEST READING OF THE MONTH WAS
98 DEGREES ON THE 7TH AND 8TH...AND COLDEST WAS 45 DEGREES ON THE
1ST. A COUPLE OF TEMPERATURE RECORDS WERE TIED THIS MONTH...97
DEGREES ON THE 6TH TIED THE RECORD HIGH FROM 1973...AND 98 DEGREES
ON THE 7TH TIED THE RECORD HIGH FROM 1989.

TOTAL PRECIPITATION FOR THE MONTH WAS 0.67 INCHES...WHICH WAS 86
PERCENT OF NORMAL. THE WETTEST 24 HOUR PERIOD DURING THE MONTH WAS
ON THE 11TH...WHEN 0.39 INCHES FELL. THE HIGHEST WIND GUST WAS 52
MPH ON THE 3RD.

...THE LANDER WY CLIMATE SUMMARY FOR THE MONTH OF JULY 2018...

CLIMATE NORMAL PERIOD 1981 TO 2010
CLIMATE RECORD PERIOD 1891 TO 2018

WEATHER         OBSERVED          NORMAL  DEPART
                 VALUE   DATE(S)  VALUE   FROM
                                          NORMAL
................................................
TEMPERATURE (F)
RECORD
 HIGH             102   07/27/1935
 LOW               32   07/03/1931
HIGHEST            98   07/08
                        07/07
LOWEST             45   07/01
AVG. MAXIMUM     88.5              86.8     1.7
AVG. MINIMUM     56.1              55.6     0.5
MEAN             72.3              71.2     1.1
DAYS MAX >= 90     13
DAYS MAX <= 32      0
DAYS MIN <= 32      0
DAYS MIN <= 0       0

PRECIPITATION (INCHES)
RECORD
 MAXIMUM         3.00   1896
 MINIMUM            T   2016
                        1917
                        1901
TOTALS           0.67              0.78   -0.11
DAILY AVG.       0.02              0.03   -0.01
DAYS >= .01         7
DAYS >= .10         2
DAYS >= .50         0
DAYS >= 1.00        0
GREATEST
 24 HR. TOTAL    0.39   07/11 TO 07/11

SNOWFALL (INCHES)
TOTALS            0.0               0.0     0.0
SINCE 7/1         0.0               0.0     0.0
SNOWDEPTH AVG.      0
DAYS >= 1.0         0

DEGREE_DAYS
HEATING TOTAL       1                16     -15
 SINCE 7/1          1                16     -15
COOLING TOTAL     239               208      31
 SINCE 1/1        307               277      30
.................................................

WIND (MPH)
AVERAGE WIND SPEED              6.7
RESULTANT WIND SPEED/DIRECTION   2/274
HIGHEST WIND SPEED/DIRECTION    40/260    DATE  07/03
HIGHEST GUST SPEED/DIRECTION    52/280    DATE  07/03

SKY COVER
POSSIBLE SUNSHINE (PERCENT)   MM
AVERAGE SKY COVER           0.10
NUMBER OF DAYS FAIR           31
NUMBER OF DAYS PC              0
NUMBER OF DAYS CLOUDY          0

AVERAGE RH (PERCENT)     45

THUNDERSTORM              9     MIXED PRECIP                0
HEAVY RAIN                1     RAIN                        2
LIGHT RAIN               12     FREEZING RAIN               0
LT FREEZING RAIN          0     HAIL                        0
HEAVY SNOW                0     SNOW                        0
LIGHT SNOW                0     SLEET                       0
FOG                       2     FOG W/VIS <= 1/4 MILE       0
HAZE                      3

-  INDICATES NEGATIVE NUMBERS.
R  INDICATES RECORD WAS SET OR TIED.
MM INDICATES DATA IS MISSING.
T  INDICATES TRACE AMOUNT.

LOOKING AHEAD TO AUGUST 2018...THE AVERAGE HIGH TEMPERATURE ON THE
FIRST OF THE MONTH IS 88 DEGREES...AND THE AVERAGE LOW TEMPERATURE
IS 57 DEGREES. THE AVERAGE HIGH BY THE END OF THE MONTH IS 81
DEGREES...AND THE AVERAGE LOW TEMPERATURE IS 51. THE AVERAGE MONTHLY
PRECIPITATION IS 0.61 INCHES.

$$
