686
CXUS53 KOAX 011836
CLMLNK

CLIMATE REPORT
NATIONAL WEATHER SERVICE OMAHA NEBRASKA
1233 PM CST TUE JAN 1 2019

...................................

...THE LINCOLN, NEBRASKA CLIMATE SUMMARY FOR THE MONTH OF DECEMBER 2018...

CLIMATE NORMAL PERIOD 1981 TO 2010
CLIMATE RECORD PERIOD 1887 TO 2018

WEATHER         OBSERVED          NORMAL  DEPART
                 VALUE   DATE(S)  VALUE   FROM
                                          NORMAL
................................................
TEMPERATURE (F)
HIGHEST            56   12/16
LOWEST              4   12/29
AVG. MAXIMUM     40.9              37.2     3.7
AVG. MINIMUM     19.8              16.4     3.4
MEAN             30.3              26.8     3.5
DAYS MAX >= 90      0
DAYS MAX <= 32      6
DAYS MIN <= 32     31
DAYS MIN <= 0       0

PRECIPITATION (INCHES)
RECORD
 MAXIMUM         4.42   2015
 MINIMUM         0.00   1889
TOTALS           3.32              0.95    2.37
DAILY AVG.       0.11
DAYS >= .01         5
DAYS >= .10         5
DAYS >= .50         3
DAYS >= 1.00        1
GREATEST
 24 HR. TOTAL    1.56   11/30 TO 12/01

SNOWFALL (INCHES)
RECORDS
 TOTAL           24.3   2009
TOTALS            5.6               5.9
SINCE 7/1        16.3
SNOWDEPTH AVG.      1                 3      -2
DAYS >= 1.0         2               1.8     0.2
GREATEST
 SNOW DEPTH         3   12/05
                        12/04
                        12/03
 24 HR TOTAL      3.0   12/02 TO 12/02

DEGREE_DAYS
HEATING TOTAL    1068              1184    -116
 SINCE 7/1       2531              2445      86
COOLING TOTAL       0                 0       0
 SINCE 1/1       1470              1173     297
.................................................

WIND (MPH)
AVERAGE WIND SPEED              8.8
HIGHEST WIND SPEED/DIRECTION    37/340    DATE  12/31
HIGHEST GUST SPEED/DIRECTION    46/340    DATE  12/31

SKY COVER
AVERAGE SKY COVER           0.30

WEATHER CONDITIONS. NUMBER OF DAYS WITH
THUNDERSTORM              0     MIXED PRECIP               0
HEAVY RAIN                2     RAIN                       3
LIGHT RAIN                4     FREEZING RAIN              0
LT FREEZING RAIN          0     HAIL                       0
HEAVY SNOW                0     SNOW                       1
LIGHT SNOW                7     SLEET                      1
FOG                      12     FOG W/VIS <= 1/4 MILE      2
HAZE                      4

-  INDICATES NEGATIVE NUMBERS.
R  INDICATES RECORD WAS SET OR TIED.
MM INDICATES DATA IS MISSING.
T  INDICATES TRACE AMOUNT.
>= INDICATES GREATER THAN OR EQUAL TO.
<= INDICATES LESS THAN OR EQUAL TO.





$$
