000
CXUS54 KCRP 030347 CCA
CLMLRD

CLIMATE REPORT...CORRECTION
NATIONAL WEATHER SERVICE CORPUS CHRISTI TX
1045 PM CDT TUE OCT 2 2018

...................................

...THE LAREDO CLIMATE SUMMARY FOR THE MONTH OF SEPTEMBER 2018...

CLIMATE NORMAL PERIOD 1981 TO 2010
CLIMATE RECORD PERIOD 1900 TO 2018

WEATHER         OBSERVED          NORMAL  DEPART  LAST YEAR`S
                 VALUE   DATE(S)  VALUE   FROM    VALUE  DATE(S)
                                          NORMAL
................................................................
TEMPERATURE (F)
RECORD
 HIGH             115   09/05/1985
 LOW               45   09/29/1918
HIGHEST           104   09/02        98       6      106  09/14
                        09/01
LOWEST             68   09/23        68       0       62  09/08
AVG. MAXIMUM     90.5              93.4    -2.9     95.6
AVG. MINIMUM     74.1              72.7     1.4     73.4
MEAN             82.3              83.1    -0.8     84.5
DAYS MAX >= 90     18              22.4    -4.4       25
DAYS MAX <= 32      0               0.0     0.0        0
DAYS MIN <= 32      0               0.0     0.0        0
DAYS MIN <= 0       0               0.0     0.0        0

PRECIPITATION (INCHES)
RECORD
 MAXIMUM        12.94   1923
 MINIMUM         0.00   1911
                        1909
                        1908
TOTALS           9.63              2.93    6.70     8.77
DAILY AVG.       0.32              0.10    0.22     0.29
DAYS >= .01        15               6.7     8.3        6
DAYS >= .10        10               4.3     5.7        6
DAYS >= .50         6               1.8     4.2        4
DAYS >= 1.00        4               0.9     3.1        2
GREATEST
 24 HR. TOTAL    2.64   09/09 TO 09/09

SNOWFALL (INCHES)
RECORDS
 TOTAL             MM   MM
 24 HR TOTAL       MM
TOTALS            0.0                MM      MM      0.0
SINCE 7/1         0.0                MM      MM      0.0
SNOWDEPTH AVG.      0                MM      MM        0
DAYS >= 1.0         0                MM      MM
GREATEST
 SNOW DEPTH         0   MM                             0
 24 HR TOTAL      0.0   09/30 TO 09/30               0.0

DEGREE_DAYS
HEATING TOTAL       0                 1      -1        0
 SINCE 7/1          0                 1      -1        0
COOLING TOTAL     528               542     -14      593
 SINCE 1/1       4205              3785     420     4318
.................................................................

WIND (MPH)
AVERAGE WIND SPEED              MM
HIGHEST WIND SPEED/DIRECTION    MM
HIGHEST GUST SPEED/DIRECTION    MM

SKY COVER
AVERAGE SKY COVER           0.50

AVERAGE RH (PERCENT)     76

WEATHER CONDITIONS. NUMBER OF DAYS WITH
THUNDERSTORM             11     MIXED PRECIP               0
HEAVY RAIN                5     RAIN                      10
LIGHT RAIN               14     FREEZING RAIN              0
LT FREEZING RAIN          0     HAIL                       0
HEAVY SNOW                0     SNOW                       0
LIGHT SNOW                0     SLEET                      0
FOG                       8     FOG W/VIS <= 1/4 MILE      0
HAZE                      2

-  INDICATES NEGATIVE NUMBERS.
R  INDICATES RECORD WAS SET OR TIED.
MM INDICATES DATA IS MISSING.
T  INDICATES TRACE AMOUNT.

$$

ANM...CORRECTED FOR RECORD HIGH TEMPERATURE AND RECORD MAXIMUM PRECIP.
