000
CXUS54 KCRP 031816 CCA
CLMLRD

CLIMATE REPORT...CORRECTION
NATIONAL WEATHER SERVICE CORPUS CHRISTI TX
1216 PM CST THU JAN 3 2019

...................................

...THE LAREDO CLIMATE SUMMARY FOR THE MONTH OF DECEMBER 2018...

CLIMATE NORMAL PERIOD 1981 TO 2010
CLIMATE RECORD PERIOD 1900 TO 2018

WEATHER         OBSERVED          NORMAL  DEPART  LAST YEAR`S
                 VALUE   DATE(S)  VALUE   FROM    VALUE  DATE(S)
                                          NORMAL
................................................................
TEMPERATURE (F)
RECORD
 HIGH              95   12/04/1977
                        12/06/1951
                        12/03/1942
 LOW               11   12/30/1983
HIGHEST            84   12/26        72      12       86  12/04
                        12/22
                        12/02
LOWEST             35   12/16        43      -8       32  12/08
AVG. MAXIMUM     70.7              67.7     3.0     64.8
AVG. MINIMUM     48.5              46.8     1.7     47.2
MEAN             59.6              57.3     2.3     56.0
DAYS MAX >= 90      0               0.0     0.0        0
DAYS MAX <= 32      0               0.0     0.0        0
DAYS MIN <= 32      0               1.9    -1.9        1
DAYS MIN <= 0       0               0.0     0.0        0

PRECIPITATION (INCHES)
RECORD
 MAXIMUM         4.65   1960
 MINIMUM         0.00   2001
                        1973
                        1917
TOTALS           1.27              0.88    0.39     2.69
DAILY AVG.       0.04              0.03    0.01     0.09
DAYS >= .01         5               5.6    -0.6        8
DAYS >= .10         2               1.7     0.3        4
DAYS >= .50         1               0.5     0.5        1
DAYS >= 1.00        1               0.2     0.8        1
GREATEST
 24 HR. TOTAL    1.01   12/07 TO 12/07              1.55

SNOWFALL (INCHES)
RECORDS
 TOTAL             MM   MM
 24 HR TOTAL       MM
TOTALS            0.0               0.0     0.0      1.3
SINCE 7/1         0.0               0.0     0.0      1.3
SNOWDEPTH AVG.      0               0.0     0.0        0
DAYS >= 1.0         0               0.0     0.0
GREATEST
 SNOW DEPTH         0                                  1
 24 HR TOTAL      0.0                                1.2

DEGREE_DAYS
HEATING TOTAL     185               275     -90      313
 SINCE 7/1        398               390       8      382
COOLING TOTAL      26                35      -9       43
 SINCE 1/1       4632              4290     342     4877
.................................................................

WIND (MPH)
AVERAGE WIND SPEED              MM
HIGHEST WIND SPEED/DIRECTION    MM        DATE  MM
HIGHEST GUST SPEED/DIRECTION    MM        DATE  MM

SKY COVER
AVERAGE SKY COVER 0.30

AVERAGE RH (PERCENT) 62

WEATHER CONDITIONS. NUMBER OF DAYS WITH
THUNDERSTORM              1     MIXED PRECIP               0
HEAVY RAIN                1     RAIN                       2
LIGHT RAIN                8     FREEZING RAIN              0
LT FREEZING RAIN          0     HAIL                       0
HEAVY SNOW                0     SNOW                       0
LIGHT SNOW                0     SLEET                      0
FOG                       6     FOG W/VIS <= 1/4 MILE      2
HAZE                      1

-  INDICATES NEGATIVE NUMBERS.
R  INDICATES RECORD WAS SET OR TIED.
MM INDICATES DATA IS MISSING.
T  INDICATES TRACE AMOUNT.

$$

ANM...CORRECTED FOR RECORD MINIMUM PRECIPITATION DATES.
