000
CXUS54 KCRP 020303
CLMLRD

CLIMATE REPORT
NATIONAL WEATHER SERVICE CORPUS CHRISTI TX
251 PM CDT SUN APR 1 2018

...................................

...THE LAREDO CLIMATE SUMMARY FOR THE MONTH OF MARCH 2018...

CLIMATE NORMAL PERIOD 1981 TO 2010
CLIMATE RECORD PERIOD 1900 TO 2018

WEATHER         OBSERVED          NORMAL  DEPART  LAST YEAR`S
                 VALUE   DATE(S)  VALUE   FROM    VALUE  DATE(S)
                                          NORMAL
................................................................
TEMPERATURE (F)
RECORD
 HIGH             105   03/06/1991
                        03/27/1984
                        03/26/1950
 LOW               25   03/03/1922
                        03/15/1909
HIGHEST            99   03/17        86      13       95  03/31
LOWEST             47   03/08        53      -6       49  03/14
AVG. MAXIMUM     85.3              79.8     5.5     83.4
AVG. MINIMUM     61.6              56.9     4.7     62.9
MEAN             73.5              68.4     5.1     73.1
DAYS MAX >= 90     12               4.1     7.9        8
DAYS MAX <= 32      0               0.0     0.0        0
DAYS MIN <= 32      0               0.3    -0.3        0
DAYS MIN <= 0       0               0.0     0.0        0

PRECIPITATION (INCHES)
RECORD
 MAXIMUM         4.78   2004
 MINIMUM         0.00   1978
                        1977
                        1973
TOTALS           1.65              1.12    0.53     2.34
DAILY AVG.       0.05              0.04    0.01     0.08
DAYS >= .01         3               4.4    -1.4        6
DAYS >= .10         1               1.9    -0.9        3
DAYS >= .50         1               0.6     0.4        2
DAYS >= 1.00        1               0.2     0.8        1
GREATEST
 24 HR. TOTAL    1.57   03/27 TO 03/27           03/04 TO 03/04

SNOWFALL (INCHES)
RECORDS
 TOTAL             MM   MM
 24 HR TOTAL       MM
TOTALS            0.0                MM      MM      0.0
SINCE 7/1         1.3               0.0     1.3      0.0
SNOWDEPTH AVG.      0                MM      MM        0
DAYS >= 1.0         0                MM      MM
GREATEST
 SNOW DEPTH         0   MM                             0
 24 HR TOTAL      0.0   03/31 TO 03/31               0.0

DEGREE_DAYS
HEATING TOTAL       7                69     -62       16
 SINCE 7/1        843               913     -70      396
COOLING TOTAL     277               173     104      276
 SINCE 1/1        411               258     153      582
.................................................................

WIND (MPH)
AVERAGE WIND SPEED              MM
HIGHEST WIND SPEED/DIRECTION    MM        DATE   MM
HIGHEST GUST SPEED/DIRECTION    MM        DATE   MM

SKY COVER
AVERAGE SKY COVER           0.30

AVERAGE RH (PERCENT)     58

WEATHER CONDITIONS. NUMBER OF DAYS WITH
THUNDERSTORM              3     MIXED PRECIP               0
HEAVY RAIN                1     RAIN                       1
LIGHT RAIN                6     FREEZING RAIN              0
LT FREEZING RAIN          0     HAIL                       0
HEAVY SNOW                0     SNOW                       0
LIGHT SNOW                0     SLEET                      0
FOG                       8     FOG W/VIS <= 1/4 MILE      0
HAZE                      3

-  INDICATES NEGATIVE NUMBERS.
R  INDICATES RECORD WAS SET OR TIED.
MM INDICATES DATA IS MISSING.
T  INDICATES TRACE AMOUNT.

$$
