000
CXUS53 KARX 021831
CLMLSE

CLIMATE REPORT
NATIONAL WEATHER SERVICE LA CROSSE WI
1137 AM CDT TUE OCT 2 2018

...SEPTEMBER IN LA CROSSE BROUGHT ABOVE NORMAL TEMPERATURES AND
RAINFALL...

THE AVERAGE TEMPERATURE FOR THE MONTH WAS 65.8 DEGREES...WHICH WAS
3.0 DEGREES ABOVE NORMAL. THIS IS THE 19TH WARMEST SEPTEMBER. THE
AVERAGE HIGH WAS 75.2 DEGREES.  THE AVERAGE LOW WAS 56.3 DEGREES
WHICH IS TIED WITH 1882 AND 1948 FOR THE 13TH WARMEST. THE HIGHEST
TEMPERATURE FOR THE MONTH WAS 93 DEGREES ON THE 17TH. THE LOWEST
TEMPERATURE IN SEPTEMBER WAS 34 DEGREES ON THE 29TH.

LA CROSSE RECEIVED 6.08 INCHES OF RAIN DURING THE MONTH WHICH WAS
2.52 INCHES ABOVE NORMAL. THE GREATEST 24-HOUR AMOUNT WAS 1.44
INCHES OF PRECIPITATION THAT FELL ON THE 4TH.

...RECORDS...

A RECORD RAIN FELL ON SEPTEMBER 4TH WHEN 1.44 INCHES FELL.  THE
PREVIOUS RECORD WAS 1.22 INCHES IN 1968.

A RECORD HIGH OF 93 DEGREES WAS TIED BACK ON SEPTEMBER 17TH.  THIS
OCCURRED BACK IN 1955 AND 1988.

...DISCUSSION...

2018 WILL GO DOWN IN THE RECORD BOOKS AS THE 19TH WARMEST SEPTEMBER.
THIS THE 5TH TIME THIS DECADE WHERE A SEPTEMBER FINISHED AMONG THE
20 WARMEST SEPTEMBERS.

ON SEPTEMBER 11TH, THE LOW TEMPERATURE FELL TO 49 DEGREES.  THIS WAS
THE FIRST TIME THAT THIS HAD OCCURRED SINCE MAY 20.  THIS 112-DAY
STRETCH WAS THE 4TH LONGEST TIME PERIOD IN WHICH THE TEMPERATURE DID
NOT FALL BELOW 50 DEGREES. THE ONLY YEARS WHICH HAD LONGER STRETCHES
WAS 1884 (129 DAYS - MAY 31 THROUGH OCTOBER 6), 1881 (129 DAYS - MAY
5 THROUGH SEPTEMBER 100, AND 2016 (120 DAYS - JUNE 9 THROUGH OCTOBER
6).

IT WAS THE 21ST WETTEST SEPTEMBER WITH 6.08 INCHES OF RAIN.  THE
LAST TIME THAT WE WERE THIS WET IN A SEPTEMBER WAS 2016 WHEN 10.46
INCHES (3RD WETTEST SEPTEMBER) OF RAIN FELL.  MUCH OF THIS RAIN FELL
FROM SEPTEMBER 1-5 (3.05 INCHES - 50.2 PERCENT OF THE MONTHLY
RAINFALL) AND SEPTEMBER 17-21 (2.76 INCHES - 45.4 PERCENT).

...................................

...THE LA CROSSE WI CLIMATE SUMMARY FOR THE MONTH OF SEPTEMBER 2018...

CLIMATE NORMAL PERIOD 1981 TO 2010
CLIMATE RECORD PERIOD 1873 TO 2018

WEATHER         OBSERVED          NORMAL  DEPART  LAST YEAR`S
                 VALUE   DATE(S)  VALUE   FROM    VALUE  DATE(S)
                                          NORMAL
................................................................
TEMPERATURE (F)
RECORD
 HIGH             101   09/06/1922
 LOW               24   09/30/1899
HIGHEST            93   09/17        MM      MM       95  09/22
LOWEST             34   09/29        MM      MM       43  09/30
AVG. MAXIMUM     75.2              73.2     2.0     80.5
AVG. MINIMUM     56.3              52.4     3.9     57.1
MEAN             65.8              62.8     3.0     68.8
DAYS MAX >= 90      2               0.8     1.2        5
DAYS MAX <= 32      0               0.0     0.0        0
DAYS MIN <= 32      0               0.2    -0.2        0
DAYS MIN <= 0       0               0.0     0.0        0

PRECIPITATION (INCHES)
RECORD
 MAXIMUM        10.87   1881
 MINIMUM         0.29   1940
TOTALS           6.08              3.56    2.52     0.95
DAILY AVG.       0.20              0.12    0.08     0.03
DAYS >= .01        11               9.6     1.4        8
DAYS >= .10        10               5.8     4.2        3
DAYS >= .50         4               2.0     2.0        1
DAYS >= 1.00        3               1.0     2.0        0
GREATEST
 24 HR. TOTAL    1.44   09/04 TO 09/04

SNOWFALL (INCHES)
RECORDS
 TOTAL             MM   MM
TOTALS            0.0               0.0     0.0      0.0
SINCE 7/1         0.0               0.0     0.0      0.0
SNOWDEPTH AVG.      0                MM      MM        0
DAYS >= TRACE       0               0.0     0.0        0
DAYS >= 1.0         0               0.0     0.0        0
GREATEST
 SNOW DEPTH         0   MM                             0  MM
 24 HR TOTAL      0.0   09/30 TO 09/30

DEGREE_DAYS
HEATING TOTAL     101               140     -39       48
 SINCE 7/1        102               160     -58       48
COOLING TOTAL     131                74      57      172
 SINCE 1/1       1185               774     411      987
.................................................................

WIND (MPH)
AVERAGE WIND SPEED              7.4
HIGHEST WIND SPEED/DIRECTION    38/260    DATE  09/20
HIGHEST GUST SPEED/DIRECTION    57/260    DATE  09/20

SKY COVER
POSSIBLE SUNSHINE (PERCENT)   MM
AVERAGE SKY COVER           0.40
NUMBER OF DAYS FAIR           17
NUMBER OF DAYS PC              9
NUMBER OF DAYS CLOUDY          4

AVERAGE RH (PERCENT)     75

WEATHER CONDITIONS. NUMBER OF DAYS WITH
THUNDERSTORM              5     MIXED PRECIP               0
HEAVY RAIN                8     RAIN                       9
LIGHT RAIN               14     FREEZING RAIN              0
LT FREEZING RAIN          0     HAIL                       0
HEAVY SNOW                0     SNOW                       0
LIGHT SNOW                0     SLEET                      0
FOG                      11     FOG W/VIS <= 1/4 MILE      1
HAZE                      1

-  INDICATES NEGATIVE NUMBERS.
R  INDICATES RECORD WAS SET OR TIED.
MM INDICATES DATA IS MISSING.
T  INDICATES TRACE AMOUNT.

$$

BOYNE
