000
CXUS53 KARX 020253
CLMLSE

CLIMATE REPORT
NATIONAL WEATHER SERVICE LA CROSSE WI
319 AM CDT SUN JUL 1 2018

...TIED FOR 6TH WARMEST JUNE IN LA CROSSE WI...

THE AVERAGE TEMPERATURE FOR THE MONTH WAS 73.7 DEGREES, WHICH WAS
4.5 DEGREES ABOVE NORMAL. THIS WAS TIED WITH 1931 FOR 6TH WARMEST.
THE AVERAGE HIGH TEMPERATURE WAS 82.8 DEGREES AND THE AVERAGE LOW
WAS 64.6 DEGREES (WARMEST EVER). THE HIGHEST TEMPERATURE FOR THE
MONTH WAS 98 DEGREES, WHICH OCCURRED ON THE 17TH AND ON THE 29TH AND
THE COLDEST TEMPERATURE WAS 52 DEGREES, WHICH OCCURRED ON THE 4TH.

A TOTAL OF 4.42 INCHES OF PRECIPITATION FELL DURING THE MONTH.
THIS WAS 0.08 INCHES ABOVE NORMAL. THE GREATEST 24 HOUR
PRECIPITATION AMOUNT WAS 1.13 INCHES, WHICH OCCURRED ON THE 9TH.

NO SNOW FELL DURING THE MONTH OF JUNE.

...RECORDS...

ON JUNE 16TH, THE TEMPERATURE CLIMBED TO 94 DEGREES. THIS TIED THE
RECORD HIGH FOR JUNE 16TH OF WHICH WAS SET IN 1994.

ON JUNE 17TH, THE TEMPERATURE CLIMBED TO 98 DEGREES. THIS BROKE THE
PREVIOUS RECORD HIGH FOR JUNE 17TH OF 95 DEGREES WHICH WAS LAST
REACHED IN 1995.

ON JUNE 17TH, THE LOW TEMPERATURE WAS 77 DEGREES. THIS BROKE THE
PREVIOUS RECORD FOR WARMEST LOW TEMPERATURE FOR JUNE 17TH OF 75
DEGREES WHICH WAS LAST REACHED IN 1994.

AVERAGE JUNE MINIMUM TEMPERATURE WAS 64.6F.  THIS WAS THE WARMEST.
THE PREVIOUS RECORD WAS 64.3F.

...DISCUSSION...

LA CROSSE WAS WARMER THAN NORMAL FOR THE MONTH OF JUNE. THE WARMEST
PERIOD OCCURRED FROM THE 15TH THROUGH THE 18TH...WHERE THE AVERAGE
DAILY TEMPERATURE RANGED FROM 8 TO 18 DEGREES ABOVE NORMAL. THE 29TH
AND 30TH WERE ALSO VERY WARM, WITH AVERAGE DAILY TEMPERATURES THAT
WERE 13 AND 10 DEGREES ABOVE NORMAL, RESPECTIVELY.

DURING THE MONTH OF JUNE, PRECIPITATION WAS NEAR NORMAL. THE TOTAL
FOR THE MONTH WAS 4.42 INCHES, WITH MORE THAN 1 INCH OF ACCUMULATION
OCCURRING ON 1 DAY, THE 9TH. THERE WERE 12 DAYS OF MEASURABLE
PRECIPITATION (0.01 INCHES OR GREATER) DURING THE MONTH.

...................................

...THE LA CROSSE WI CLIMATE SUMMARY FOR THE MONTH OF JUNE 2018...

CLIMATE NORMAL PERIOD 1981 TO 2010
CLIMATE RECORD PERIOD 1873 TO 2018

WEATHER         OBSERVED          NORMAL  DEPART  LAST YEAR`S
                 VALUE   DATE(S)  VALUE   FROM    VALUE  DATE(S)
                                          NORMAL
................................................................
TEMPERATURE (F)
RECORD
 HIGH             102   06/21/1988
                        06/20/1933
 LOW               33   06/01/1897
HIGHEST            98   06/29        MM      MM       97  06/03
                        06/17
LOWEST             52   06/04        MM      MM       45  06/01
AVG. MAXIMUM     82.8              80.0     2.8     83.9
AVG. MINIMUM     64.6              58.5     6.1     60.9
MEAN             73.7              69.2     4.5     72.4
DAYS MAX >= 90      5               3.0     2.0        7
DAYS MAX <= 32      0               0.0     0.0        0
DAYS MIN <= 32      0               0.0     0.0        0
DAYS MIN <= 0       0               0.0     0.0        0

PRECIPITATION (INCHES)
RECORD
 MAXIMUM        11.56   1899
 MINIMUM         0.37   1910
TOTALS           4.42              4.34    0.08     5.38
DAILY AVG.       0.15              0.14    0.01     0.18
DAYS >= .01        12              11.5     0.5       12
DAYS >= .10         9               7.5     1.5        7
DAYS >= .50         4               2.6     1.4        4
DAYS >= 1.00        1               1.1    -0.1        2
GREATEST
 24 HR. TOTAL    1.13   06/09 TO 06/09

SNOWFALL (INCHES)
RECORDS
 TOTAL             MM   MM
TOTALS            0.0               0.0     0.0      0.0
SINCE 7/1        49.8              43.3     6.5     42.2
SNOWDEPTH AVG.      0                MM      MM        0
DAYS >= TRACE       0               0.0     0.0        0
DAYS >= 1.0         0               0.0     0.0        0
GREATEST
 SNOW DEPTH         0   MM                             0  MM
 24 HR TOTAL      0.0   06/30 TO 06/30

DEGREE_DAYS
HEATING TOTAL       3                38     -35        5
 SINCE 7/1       6988              7195    -207     5771
COOLING TOTAL     270               166     104      234
 SINCE 1/1        429               214     215      271
.................................................................

WIND (MPH)
AVERAGE WIND SPEED              7.6
HIGHEST WIND SPEED/DIRECTION    45/290    DATE  06/30
HIGHEST GUST SPEED/DIRECTION    59/290    DATE  06/30

SKY COVER
POSSIBLE SUNSHINE (PERCENT)   MM
AVERAGE SKY COVER           0.40
NUMBER OF DAYS FAIR           17
NUMBER OF DAYS PC              7
NUMBER OF DAYS CLOUDY          6

AVERAGE RH (PERCENT)     70

WEATHER CONDITIONS. NUMBER OF DAYS WITH
THUNDERSTORM              9     MIXED PRECIP               0
HEAVY RAIN                6     RAIN                       7
LIGHT RAIN               14     FREEZING RAIN              0
LT FREEZING RAIN          0     HAIL                       0
HEAVY SNOW                0     SNOW                       0
LIGHT SNOW                0     SLEET                      0
FOG                      15     FOG W/VIS <= 1/4 MILE      1
HAZE                     13


-  INDICATES NEGATIVE NUMBERS.
R  INDICATES RECORD WAS SET OR TIED.
MM INDICATES DATA IS MISSING.
T  INDICATES TRACE AMOUNT.

$$
