000
CXUS56 KMTR 011353
CLMLVK


CLIMATE REPORT
NATIONAL WEATHER SERVICE SAN FRANCISCO BAY AREA
652 AM PDT SUN JUL 1 2018

...................................

...THE LIVERMORE AIRPORT CLIMATE SUMMARY FOR THE MONTH OF JUNE 2018...

CLIMATE NORMAL PERIOD 1981 TO 2010
CLIMATE RECORD PERIOD 1930 TO 2018

WEATHER         OBSERVED          NORMAL  DEPART  LAST YEAR`S
                 VALUE   DATE(S)  VALUE   FROM    VALUE  DATE(S)
                                          NORMAL
................................................................
TEMPERATURE (F)
RECORD
 HIGH             113   MM
 LOW               43   06/03/2011
                        06/01/2011
                        06/01/1954
HIGHEST           102   06/23                        106  06/22
LOWEST             46   06/10                         46  06/05
                        06/01
AVG. MAXIMUM     84.9              81.1     3.8     84.7
AVG. MINIMUM     53.2                               56.0
MEAN             69.1              67.6     1.5     70.4
DAYS MAX >= 90      8                                  8
DAYS MAX <= 32      0                                  0
DAYS MIN <= 32      0                                  0
DAYS MIN <= 0       0                                  0

PRECIPITATION (INCHES)
RECORD
 MAXIMUM           MM   MM
 MINIMUM           MM   MM
TOTALS           0.00              0.04   -0.04        T
DAILY AVG.       0.00                                  T
DAYS >= .01         0                                  0
DAYS >= .10         0                                  0
DAYS >= .50         0                                  0
DAYS >= 1.00        0                                  0
GREATEST
 24 HR. TOTAL    0.00   06/30 TO 06/30           05/31 TO 06/01
                                                          06/30 TO 06/30EATHER         OBSERVED          NORMAL  DEPART  LAST YEAR`S
                                                          06/30 TO 06/30EATHER         OBSERVED          NORMAL  DEPART  LAST YEAR`S

DEGREE_DAYS
HEATING TOTAL      19                32     -13       20
 SINCE 7/1       2469              2780    -311     2454
COOLING TOTAL     144               110      34      189
 SINCE 1/1        169               163       6      264
.................................................................

WIND (MPH)
AVERAGE WIND SPEED              8.1
RESULTANT WIND SPEED/DIRECTION   6/272
HIGHEST WIND SPEED/DIRECTION    25/290    DATE  06/15
HIGHEST GUST SPEED/DIRECTION    31/290    DATE  06/15

SKY COVER
POSSIBLE SUNSHINE (PERCENT)   MM
AVERAGE SKY COVER           0.10
NUMBER OF DAYS FAIR           26
NUMBER OF DAYS PC              4
NUMBER OF DAYS CLOUDY          0

AVERAGE RH (PERCENT)     63

WEATHER CONDITIONS. NUMBER OF DAYS WITH
  0
  0
  0
  0
  0
  0
  0
HAZE                      5

-  INDICATES NEGATIVE NUMBERS.
R  INDICATES RECORD WAS SET OR TIED.
MM INDICATES DATA IS MISSING.
T  INDICATES TRACE AMOUNT.

$$
