000
CXUS53 KTOP 011421
CLMLWC


CLIMATE REPORT
NATIONAL WEATHER SERVICE TOPEKA KS
820 AM CST TUE JAN 1 2019

...................................

...THE LAWRENCE KS CLIMATE SUMMARY FOR THE MONTH OF DECEMBER 2018...

CLIMATE NORMAL PERIOD 1981 TO 2010
CLIMATE RECORD PERIOD 9999 TO 9999

WEATHER         OBSERVED          NORMAL  DEPART  LAST YEAR`S
                 VALUE   DATE(S)  VALUE   FROM    VALUE
                                          NORMAL
.............................................................
TEMPERATURE (F)
HIGHEST            59   12/16                         71
LOWEST             11   12/09                         -3
AVG. MAXIMUM     45.6              41.9     3.7     44.1
AVG. MINIMUM     23.3              21.3     2.0     20.6
MEAN             34.5              31.6     2.9     32.4
DAYS MAX >= 90      0               0.0     0.0        0
DAYS MAX <= 32      4               6.9    -2.9        9
DAYS MIN <= 32     27              26.3     0.7       27
DAYS MIN <= 0       0               0.6    -0.6        2

PRECIPITATION (INCHES)
TOTALS           2.95              1.47    1.48     0.24
DAILY AVG.       0.10                               0.01
DAYS >= .01         6                                  2
DAYS >= .10         3                                  1
DAYS >= .50         3                                  0
DAYS >= 1.00        1                                  0
GREATEST
 24 HR. TOTAL    1.44   12/26 TO 12/26              0.22

DEGREE_DAYS
HEATING TOTAL     937              1035     -98     1005
 SINCE 7/1       2178              2043     135     1895
COOLING TOTAL       0                 0       0        0
 SINCE 1/1       1841              1371     470     1327
..............................................................

WIND (MPH)
AVERAGE WIND SPEED              8.2
HIGHEST WIND SPEED/DIRECTION    35/130    DATE  12/27
HIGHEST GUST SPEED/DIRECTION    49/130    DATE  12/27

SKY COVER
POSSIBLE SUNSHINE (PERCENT)   MM
AVERAGE SKY COVER           0.40
NUMBER OF DAYS FAIR           16
NUMBER OF DAYS PC              6
NUMBER OF DAYS CLOUDY          9

AVERAGE RH (PERCENT)     70


-  INDICATES NEGATIVE NUMBERS.
R  INDICATES RECORD WAS SET OR TIED.
MM INDICATES DATA IS MISSING.
T  INDICATES TRACE AMOUNT.

$$
