000
CXUS53 KTOP 011926
CLMLWC


CLIMATE REPORT
NATIONAL WEATHER SERVICE TOPEKA KS
225 PM CDT SUN JUL 1 2018

...................................

...THE LAWRENCE KS CLIMATE SUMMARY FOR THE MONTH OF JUNE 2018...

CLIMATE NORMAL PERIOD 1981 TO 2010
CLIMATE RECORD PERIOD 9999 TO 9999

WEATHER         OBSERVED          NORMAL  DEPART  LAST YEAR`S
                 VALUE   DATE(S)  VALUE   FROM    VALUE
                                          NORMAL
.............................................................
TEMPERATURE (F)
HIGHEST           102   06/28                         94
LOWEST             53   06/03                         48
AVG. MAXIMUM     91.8              84.9     6.9     86.4
AVG. MINIMUM     67.4              62.9     4.5     61.9
MEAN             79.6              73.9     5.7     74.2
DAYS MAX >= 90     17               6.3    10.7       12
DAYS MAX <= 32      0               0.0     0.0        0
DAYS MIN <= 32      0               0.0     0.0        0
DAYS MIN <= 0       0               0.0     0.0        0

PRECIPITATION (INCHES)
TOTALS           2.32              5.46   -3.14     6.06
DAILY AVG.       0.08                               0.20
DAYS >= .01         9                                 11
DAYS >= .10         7                                 10
DAYS >= .50         1                                  5
DAYS >= 1.00        0                                  3
GREATEST
 24 HR. TOTAL    0.64   06/11 TO 06/11              1.50

DEGREE_DAYS
HEATING TOTAL       0                 8      -8        3
 SINCE 7/1       5090              5092      -2     4151
COOLING TOTAL     444               275     169      285
 SINCE 1/1        732               394     338      392
..............................................................

WIND (MPH)
AVERAGE WIND SPEED              8.4
HIGHEST WIND SPEED/DIRECTION    46/360    DATE  06/02
HIGHEST GUST SPEED/DIRECTION    63/150    DATE  06/30

SKY COVER
POSSIBLE SUNSHINE (PERCENT)   MM
AVERAGE SKY COVER           0.20
NUMBER OF DAYS FAIR           27
NUMBER OF DAYS PC              2
NUMBER OF DAYS CLOUDY          1

AVERAGE RH (PERCENT)     70


-  INDICATES NEGATIVE NUMBERS.
R  INDICATES RECORD WAS SET OR TIED.
MM INDICATES DATA IS MISSING.
T  INDICATES TRACE AMOUNT.

$$
