000
CXUS53 KILX 031644 RRC
CLMLWV

CLIMATE REPORT
NATIONAL WEATHER SERVICE LINCOLN IL
1003 AM CST SAT DEC 1 2018

...................................

...THE LAWRENCEVILLE IL AIRPORT CLIMATE SUMMARY FOR THE MONTH OF NOVEMBER 2018...

CLIMATE NORMAL PERIOD 1981 TO 2010
CLIMATE RECORD PERIOD 9999 TO 9999

WEATHER         OBSERVED          NORMAL  DEPART  LAST YEAR`S
                 VALUE   DATE(S)  VALUE   FROM    VALUE
                                          NORMAL
.............................................................
TEMPERATURE (F)
RECORD
 HIGH              MM   MM
 LOW               MM   MM
HIGHEST            64   11/25        MM      MM       74
LOWEST             16   11/28        MM      MM       25
AVG. MAXIMUM     47.7              55.8    -8.1     56.1
AVG. MINIMUM     31.6              36.9    -5.3     36.5
MEAN             39.7              46.3    -6.6     46.3
DAYS MAX >= 90      0               0.0     0.0        0
DAYS MAX <= 32      2               0.1     1.9        0
DAYS MIN <= 32     16               9.4     6.6       13
DAYS MIN <= 0       0               0.0     0.0        0

PRECIPITATION (INCHES)
RECORD
 MAXIMUM           MM   MM
 MINIMUM           MM   MM
TOTALS           3.24              3.97   -0.73     2.79
DAILY AVG.       0.11              0.13   -0.02     0.10
DAYS >= .01        12                MM      MM        7
DAYS >= .10         9                MM      MM        5
DAYS >= .50         2                MM      MM        3
DAYS >= 1.00        1                MM      MM        0
GREATEST
 24 HR. TOTAL    1.33   11/01 TO 11/01              0.79

DEGREE_DAYS
HEATING TOTAL     755               561     194      556
 SINCE 7/1       1082               858     224      769
COOLING TOTAL       0                 1      -1        1
 SINCE 1/1       1952              1387     565     1432
..............................................................

WIND (MPH)
AVERAGE WIND SPEED              9.2
HIGHEST WIND SPEED/DIRECTION    36/300    DATE  11/26
HIGHEST GUST SPEED/DIRECTION    50/300    DATE  11/26

AVERAGE RH (PERCENT)     77

WEATHER CONDITIONS. NUMBER OF DAYS WITH
THUNDERSTORM              0     MIXED PRECIP               0
HEAVY RAIN                5     RAIN                       6
LIGHT RAIN               12     FREEZING RAIN              0
LT FREEZING RAIN          1     HAIL                       0
HEAVY SNOW                0     SNOW                       0
LIGHT SNOW                7     SLEET                      0
FOG                      22     FOG W/VIS <= 1/4 MILE      5
HAZE                      7

-  INDICATES NEGATIVE NUMBERS.
R  INDICATES RECORD WAS SET OR TIED.
MM INDICATES DATA IS MISSING.
T  INDICATES TRACE AMOUNT.

$$
