000
CXUS53 KILX 012127 RRA
CLMLWV

CLIMATE REPORT
NATIONAL WEATHER SERVICE LINCOLN IL
427 PM CDT SAT SEP 1 2018

...................................

...THE LAWRENCEVILLE IL AIRPORT CLIMATE SUMMARY FOR THE MONTH OF AUGUST 2018...

CLIMATE NORMAL PERIOD 1981 TO 2010
CLIMATE RECORD PERIOD 9999 TO 9999

WEATHER         OBSERVED          NORMAL  DEPART  LAST YEAR`S
                 VALUE   DATE(S)  VALUE   FROM    VALUE
                                          NORMAL
.............................................................
TEMPERATURE (F)
RECORD
 HIGH              MM   MM
 LOW               MM   MM
HIGHEST            94   08/28        MM      MM       94
                        08/06
LOWEST             55   08/23        MM      MM       53
AVG. MAXIMUM     87.2              87.5    -0.3     84.4
AVG. MINIMUM     67.4              65.4     2.0     62.9
MEAN             77.3              76.4     0.9     73.7
DAYS MAX >= 90     12              10.1     1.9        4
DAYS MAX <= 32      0               0.0     0.0        0
DAYS MIN <= 32      0               0.0     0.0        0
DAYS MIN <= 0       0               0.0     0.0        0

PRECIPITATION (INCHES)
RECORD
 MAXIMUM           MM   MM
 MINIMUM           MM   MM
TOTALS           2.14              3.39   -1.25       MM
DAILY AVG.       0.07              0.11   -0.04     0.00
DAYS >= .01        10                MM      MM        6
DAYS >= .10         4                MM      MM        0
DAYS >= .50         2                MM      MM        0
DAYS >= 1.00        0                MM      MM        0
GREATEST
 24 HR. TOTAL    0.70   08/15 TO 08/15                MM

DEGREE_DAYS
HEATING TOTAL       1                 1       0        0
 SINCE 7/1          1                 1       0        0
COOLING TOTAL     391               356      35      277
 SINCE 1/1       1541              1183     358     1143
..............................................................

WIND (MPH)
AVERAGE WIND SPEED              5.8
HIGHEST WIND SPEED/DIRECTION    28/290    DATE  08/21
HIGHEST GUST SPEED/DIRECTION    36/240    DATE  08/15

AVERAGE RH (PERCENT)     72

WEATHER CONDITIONS. NUMBER OF DAYS WITH
THUNDERSTORM              6     MIXED PRECIP               0
HEAVY RAIN                3     RAIN                       4
LIGHT RAIN               10     FREEZING RAIN              0
LT FREEZING RAIN          0     HAIL                       0
HEAVY SNOW                0     SNOW                       0
LIGHT SNOW                0     SLEET                      0
FOG                      24     FOG W/VIS <= 1/4 MILE      3
HAZE                      7

-  INDICATES NEGATIVE NUMBERS.
R  INDICATES RECORD WAS SET OR TIED.
MM INDICATES DATA IS MISSING.
T  INDICATES TRACE AMOUNT.

$$
