000
CXUS53 KILX 021401 RRC
CLMLWV

CLIMATE REPORT
NATIONAL WEATHER SERVICE LINCOLN IL
1106 AM CDT FRI JUN 1 2018

...................................

...THE LAWRENCEVILLE IL AIRPORT CLIMATE SUMMARY FOR THE MONTH OF MAY 2018...

CLIMATE NORMAL PERIOD 1981 TO 2010
CLIMATE RECORD PERIOD 9999 TO 9999

WEATHER         OBSERVED          NORMAL  DEPART  LAST YEAR`S
                 VALUE   DATE(S)  VALUE   FROM    VALUE
                                          NORMAL
.............................................................
TEMPERATURE (F)
RECORD
 HIGH              MM   MM
 LOW               MM   MM
HIGHEST            97   05/28        MM      MM       88
LOWEST             48   05/01        MM      MM       40
AVG. MAXIMUM     86.8              76.6    10.2     75.9
AVG. MINIMUM     64.1              55.4     8.7     55.8
MEAN             75.3              66.0     9.3     65.8
DAYS MAX >= 90     12               2.0    10.0        0
DAYS MAX <= 32      0               0.0     0.0        0
DAYS MIN <= 32      0               0.0     0.0        0
DAYS MIN <= 0       0               0.0     0.0        0

PRECIPITATION (INCHES)
RECORD
 MAXIMUM           MM   MM
 MINIMUM           MM   MM
TOTALS           2.96              5.58   -2.62     5.90
DAILY AVG.       0.10              0.18   -0.08     0.19
DAYS >= .01         8                MM      MM        8
DAYS >= .10         6                MM      MM        7
DAYS >= .50         3                MM      MM        5
DAYS >= 1.00        0                MM      MM        4
GREATEST
 24 HR. TOTAL    0.88   05/30 TO 05/30              1.59

DEGREE_DAYS
HEATING TOTAL       0                82     -82       92
 SINCE 7/1       4753              4673      80     3881
COOLING TOTAL     317               113     204      126
 SINCE 1/1        320               139     181      173
..............................................................

WIND (MPH)
AVERAGE WIND SPEED              8.9
HIGHEST WIND SPEED/DIRECTION    40/260    DATE  05/31
HIGHEST GUST SPEED/DIRECTION    53/260    DATE  05/31

AVERAGE RH (PERCENT)     62

WEATHER CONDITIONS. NUMBER OF DAYS WITH
THUNDERSTORM              9     MIXED PRECIP               0
HEAVY RAIN                5     RAIN                       5
LIGHT RAIN               11     FREEZING RAIN              0
LT FREEZING RAIN          0     HAIL                       0
HEAVY SNOW                0     SNOW                       0
LIGHT SNOW                0     SLEET                      0
FOG                      14     FOG W/VIS <= 1/4 MILE      0
HAZE                      9

-  INDICATES NEGATIVE NUMBERS.
R  INDICATES RECORD WAS SET OR TIED.
MM INDICATES DATA IS MISSING.
T  INDICATES TRACE AMOUNT.

$$
