000
CXUS51 KRNK 011510
CLMLYH


CLIMATE REPORT
NATIONAL WEATHER SERVICE BLACKSBURG VA
1103 AM EDT SAT SEP 1 2018

...................................

...THE LYNCHBURG VA CLIMATE SUMMARY FOR THE MONTH OF AUGUST 2018...

CLIMATE NORMAL PERIOD 1981 TO 2010
CLIMATE RECORD PERIOD 1893 TO 2018

WEATHER         OBSERVED          NORMAL  DEPART  LAST YEAR`S
                 VALUE   DATE(S)  VALUE   FROM    VALUE
                                          NORMAL
.............................................................
TEMPERATURE (F)
RECORD
 HIGH             105   08/07/1918
                        08/06/1918
 LOW               45   08/30/1965
HIGHEST            93   08/30                         92
                        08/28
LOWEST             53   08/24                         55
AVG. MAXIMUM     86.0              85.2     0.8     84.2
AVG. MINIMUM     64.9              63.0     1.9     63.5
MEAN             75.5              74.1     1.4     73.9
DAYS MAX >= 90      9               6.7     2.3        7
DAYS MAX <= 32      0               0.0     0.0        0
DAYS MIN <= 32      0               0.0     0.0        0
DAYS MIN <= 0       0               0.0     0.0        0

PRECIPITATION (INCHES)
RECORD
 MAXIMUM        14.87   1928
 MINIMUM         0.42   1930
TOTALS           4.44              3.26    1.18     2.24
DAILY AVG.       0.14              0.11    0.03     0.07
DAYS >= .01        10               9.4     0.6       11
DAYS >= .10         7               5.8     1.2        5
DAYS >= .50         3               2.2     0.8        1
DAYS >= 1.00        2               0.7     1.3        0
GREATEST
 24 HR. TOTAL    1.35                               0.86

SNOWFALL (INCHES)
TOTALS            0.0                                0.0
DAYS >= TRACE       0                                  0
DAYS >= 1.0         0                                  0
GREATEST
 24 HR TOTAL      0.0                                0.0

DEGREE_DAYS
HEATING TOTAL       0                 2      -2        2
COOLING TOTAL     330               284      46      283
..............................................................

WIND (MPH)
AVERAGE WIND SPEED              3.4
HIGHEST WIND SPEED/DIRECTION    21/170    DATE  08/03
HIGHEST GUST SPEED/DIRECTION    29/210    DATE  08/30

SKY COVER
AVERAGE SKY COVER           0.30

AVERAGE RH (PERCENT)     76

WEATHER CONDITIONS. NUMBER OF DAYS WITH
THUNDERSTORM              9     MIXED PRECIP                 0
HEAVY RAIN                4     RAIN                         7
LIGHT RAIN               12     FREEZING RAIN                0
LIGHT FREEZING RAIN       0     HAIL                         0
HEAVY SNOW                0     SNOW                         0
LIGHT SNOW                0     SLEET                        0
FOG                      26     FOG W/VIS <= 1/4 MILE        6
HAZE                      0

-  INDICATES NEGATIVE NUMBERS.
R  INDICATES RECORD WAS SET OR TIED.
MM INDICATES DATA IS MISSING.
T  INDICATES TRACE AMOUNT.

$$

PW
