638
CXUS51 KRNK 051105
CLMLYH


CLIMATE REPORT
NATIONAL WEATHER SERVICE BLACKSBURG VA
604 AM EST WED DEC 5 2018

...................................

...THE LYNCHBURG VA CLIMATE SUMMARY FOR THE MONTH OF NOVEMBER 2018...

CLIMATE NORMAL PERIOD 1981 TO 2010
CLIMATE RECORD PERIOD 1893 TO 2018

WEATHER         OBSERVED          NORMAL  DEPART  LAST YEAR`S
                 VALUE   DATE(S)  VALUE   FROM    VALUE
                                          NORMAL
.............................................................
TEMPERATURE (F)
RECORD
 HIGH              83   11/02/2016
                        11/02/1974
                        11/01/1974
 LOW                8   11/25/1970
HIGHEST            69   11/07                         80
                        11/01
LOWEST             22   11/29                         23
                        11/28
                        11/11
AVG. MAXIMUM     52.7              58.5    -5.8     58.1
AVG. MINIMUM     34.0              35.1    -1.1     33.9
MEAN             43.3              46.8    -3.5     46.0
DAYS MAX >= 90      0               0.0     0.0        0
DAYS MAX <= 32      0               0.0     0.0        0
DAYS MIN <= 32     16              12.0     4.0       18
DAYS MIN <= 0       0               0.0     0.0        0

PRECIPITATION (INCHES)
RECORD
 MAXIMUM         8.77   1985
 MINIMUM         0.19   1922
TOTALS           7.09              3.41    3.68     1.02
DAILY AVG.       0.24              0.11    0.13     0.03
DAYS >= .01        12               8.3     3.7       11
DAYS >= .10         9               5.4     3.6        3
DAYS >= .50         6               2.5     3.5        0
DAYS >= 1.00        4               1.1     2.9        0
GREATEST
 24 HR. TOTAL    1.56                               0.30

SNOWFALL (INCHES)
TOTALS              T                                0.0
DAYS >= TRACE       1                                  0
DAYS >= 1.0         0                                  0
GREATEST
 24 HR TOTAL        T                                0.0

DEGREE_DAYS
HEATING TOTAL     640               547      93      563
COOLING TOTAL       0                 1      -1        0
..............................................................

WIND (MPH)
AVERAGE WIND SPEED              5.0
HIGHEST WIND SPEED/DIRECTION    24/030    DATE  11/15
HIGHEST GUST SPEED/DIRECTION    31/050    DATE  11/15

SKY COVER
AVERAGE SKY COVER           0.40

AVERAGE RH (PERCENT)     72

WEATHER CONDITIONS. NUMBER OF DAYS WITH
THUNDERSTORM              1     MIXED PRECIP                 0
HEAVY RAIN                5     RAIN                         6
LIGHT RAIN               15     FREEZING RAIN                2
LIGHT FREEZING RAIN       2     HAIL                         0
HEAVY SNOW                0     SNOW                         0
LIGHT SNOW                0     SLEET                        1
FOG                      16     FOG W/VIS <= 1/4 MILE        5
HAZE                      0

-  INDICATES NEGATIVE NUMBERS.
R  INDICATES RECORD WAS SET OR TIED.
MM INDICATES DATA IS MISSING.
T  INDICATES TRACE AMOUNT.

$$

PW
