000
CXUS54 KLZK 010835
CLMLZK


CLIMATE REPORT
NATIONAL WEATHER SERVICE LITTLE ROCK AR
328 AM CDT WED AUG 1 2018

...................................

...THE NORTH LITTLE ROCK CLIMATE SUMMARY FOR THE MONTH OF JULY 2018...

CLIMATE NORMAL PERIOD 1981 TO 2010
CLIMATE RECORD PERIOD 1975 TO 2018

WEATHER         OBSERVED          NORMAL  DEPART  LAST YEAR`S
                 VALUE   DATE(S)  VALUE   FROM    VALUE  DATE(S)
                                          NORMAL
................................................................
TEMPERATURE (F)
RECORD
 HIGH             110   07/31/1986
 LOW               60   07/05/1997
HIGHEST            99   07/15        94       5       96  07/25
                                                          07/23
LOWEST             65   07/31        73      -8       65  07/30
AVG. MAXIMUM     91.4              92.1    -0.7     90.6
AVG. MINIMUM     72.6              72.8    -0.2     72.8
MEAN             82.0              82.4    -0.4     81.7
DAYS MAX >= 90     24              20.8     3.2       20
DAYS MAX <= 32      0               0.0     0.0        0
DAYS MIN <= 32      0               0.0     0.0        0
DAYS MIN <= 0       0               0.0     0.0        0

PRECIPITATION (INCHES)
RECORD
 MAXIMUM         9.12   2009
 MINIMUM         0.34   2000
TOTALS           3.37              3.81   -0.44     5.61
DAILY AVG.       0.11              0.12   -0.01     0.18
DAYS >= .01        11               8.4     2.6       14
DAYS >= .10         6                                  9
DAYS >= .50         2                                  4
DAYS >= 1.00        1               1.1    -0.1        1
GREATEST
 24 HR. TOTAL    1.20   07/17 TO 07/17

SNOWFALL (INCHES)
TOTALS              T               0.0     0.0        T
 LIQUID EQUIV       T              0.00    0.00        T
SINCE 7/1           T               0.0     0.0        T
 LIQUID 7/1        MM              0.00      MM       MM
SNOWDEPTH AVG.      0
DAYS >= TRACE       1               0.0     1.0        1
DAYS >= 1.0         0                                  0
GREATEST
 24 HR TOTAL        T   07/20 TO 07/20

DEGREE_DAYS
HEATING TOTAL       0                 0       0        0
 SINCE 7/1          0                 0       0        0
COOLING TOTAL     533               541      -8      527
 SINCE 1/1       1383              1250     133     1184

FREEZE DATES
RECORD
 EARLIEST     10/20/1989
 LATEST       04/19/1983
EARLIEST                        11/13
LATEST                          03/19
.................................................................

WIND (MPH)
AVERAGE WIND SPEED              4.9
HIGHEST WIND SPEED/DIRECTION    17/060    DATE  07/20
HIGHEST GUST SPEED/DIRECTION    31/340    DATE  07/21

SKY COVER
POSSIBLE SUNSHINE (PERCENT)   MM
AVERAGE SKY COVER             MM
NUMBER OF DAYS FAIR          MM
NUMBER OF DAYS PC            MM
NUMBER OF DAYS CLOUDY        MM

AVERAGE RH (PERCENT)     76

WEATHER CONDITIONS. NUMBER OF DAYS WITH
THUNDERSTORM              9     MIXED PRECIP               0
HEAVY RAIN                4     RAIN                       6
LIGHT RAIN               16     FREEZING RAIN              0
LT FREEZING RAIN          0     HAIL                       1
HEAVY SNOW                0     SNOW                       0
LIGHT SNOW                0     SLEET                      0
FOG                       6     FOG W/VIS <= 1/4 MILE      1
HAZE                      0

-  INDICATES NEGATIVE NUMBERS.
R  INDICATES RECORD WAS SET OR TIED.
MM INDICATES DATA IS MISSING.
T  INDICATES TRACE AMOUNT.

&&

...Data for North Little Rock for July 2018...

.Summary...
What started out as a rather warm month ended below average overall.
Going by average temperature, it was the warmest July in two years.
However, temperatures were close to half a degree below the 30-year
average.

It was the driest July in three years. Rain fell during each week of
the month, but was heaviest around mid-month.

.Monthly Temperatures...
The average high temperature was the warmest since 2016. The average
low temperature was the coolest since 2014. The average monthly
temperature was the warmest since 2016.

.Daily Temperatures...
Daily temperatures were above average on 16 days, average on four
days, and below average on 11 days.

There were 24 days with high temperatures of 90 degrees or greater,
which was the most since 2016.

For the third July in a row, North Little Rock avoided triple-digit
temperatures.

There were nine days with low temperatures at or below 70 degrees,
which was the most since 2014.

.Daily Record Temperatures Tied or Broken During the Month...
Date  Record Type                New Record     Previous Record
28th  Coolest High Temperature   78 in 2018    82 in 2009, 1994, 1991
30th  Coolest High Temperature   77 in 2018    77 in 2009, 1996
31st  Low Temperature            65 in 2018    65 in 1994, 1984, 1981

.Monthly Rainfall...
It was the driest July since 2015.

.Daily Rainfall Records Tied or Broken During the Month...
Date   New Record        Previous Record
17th  1.20 in 2018        0.63 in 1994

.Miscellaneous Phenomena...
July 20th - The dewpoint reached 82 degrees, which set an all-time
record dewpoint for the month of July. The previous record was 81
degrees, which was set on July 28, 2014.
July 20th - During the late evening, quarter-sized hail fell with
the passage of a severe thunderstorm.

.Miscellaneous Data...
At North Little Rock, there has been no 100-degree day since August
8, 2015. This marks a stretch of 1,088 consecutive days with no 100-
degree readings as of July 31...which is a record streak. This also
amounts to two years, 11 months, and 23 days. The previous record was
1,080 days from August 9, 2012 to July 24, 2015, or two years, 11
months, and 16 days.

$$

57
