000
CXUS56 KHNX 012343
CLMMAE


CLIMATE REPORT
NATIONAL WEATHER SERVICE SAN JOAQUIN VALLEY, CA
440 PM PDT MON OCT 1 2018

...................................

...THE MADERA CA AIRPORT CLIMATE SUMMARY FOR THE MONTH OF SEPTEMBER 2018...

CLIMATE NORMAL PERIOD 1981 TO 2010
CLIMATE RECORD PERIOD 1998 TO 2018

WEATHER         OBSERVED          NORMAL  DEPART  LAST YEAR`S
                 VALUE   DATE(S)  VALUE   FROM    VALUE  DATE(S)
                                          NORMAL
................................................................
TEMPERATURE (F)
RECORD
 HIGH             109   09/03/1998
 LOW               43   09/27/2013
HIGHEST           102   09/07        MM      MM      109  09/02
LOWEST             50   09/16        MM      MM       45  09/23
AVG. MAXIMUM     94.3              89.6     4.7     90.8
AVG. MINIMUM     57.1              55.8     1.3     60.5
MEAN             75.7              72.7     3.0     75.8
DAYS MAX >= 90     21              15.7     5.3       16
DAYS MIN <= 32      0               0.0     0.0        0

PRECIPITATION (INCHES)
RECORD
 MAXIMUM         0.27   2013
TOTALS           0.00              0.25   -0.25     0.08
DAYS >= .01         0                MM      MM        1
DAYS >= .10         0                MM      MM        0
DAYS >= .50         0                MM      MM        0
DAYS >= 1.00        0                MM      MM        0
GREATEST
 24 HR. TOTAL    0.00

SNOWFALL (INCHES)
RECORDS
 TOTAL            0.0
TOTALS            0.0                MM

DEGREE_DAYS
HEATING TOTAL       0                 7      -7        5
 SINCE 7/1          0                 7      -7        5
COOLING TOTAL     328               238      90      324
 SINCE 1/1       1810              1462     348     1995
.................................................................

WIND (MPH)
AVERAGE WIND SPEED              5.3
HIGHEST WIND SPEED/DIRECTION    21/330    DATE  09/29
HIGHEST GUST SPEED/DIRECTION    25/330    DATE  09/29

AVERAGE RH (PERCENT)     45

WEATHER CONDITIONS. NUMBER OF DAYS WITH
THUNDERSTORM              0     RAIN                       0
HAIL                      0     FOG                        1
FOG W/VIS <= 1/4 MILE     0     HAZE                      14

-  INDICATES NEGATIVE NUMBERS.
R  INDICATES RECORD WAS SET OR TIED.
MM INDICATES DATA IS MISSING.
T  INDICATES TRACE AMOUNT.

$$
