000
CXUS56 KHNX 011253
CLMMAE


CLIMATE REPORT
NATIONAL WEATHER SERVICE SAN JOAQUIN VALLEY, CA
547 AM PDT SUN JUL 1 2018

...................................

...THE MADERA CA AIRPORT CLIMATE SUMMARY FOR THE MONTH OF JUNE 2018...

CLIMATE NORMAL PERIOD 1981 TO 2010
CLIMATE RECORD PERIOD 1998 TO 2018

WEATHER         OBSERVED          NORMAL  DEPART  LAST YEAR`S
                 VALUE   DATE(S)  VALUE   FROM    VALUE  DATE(S)
                                          NORMAL
................................................................
TEMPERATURE (F)
RECORD
 HIGH             109   06/20/2017
 LOW               44   06/02/2011
                        06/09/1999
                        06/07/1999
HIGHEST           104   06/03        MM      MM      109  06/20
LOWEST             46   06/01        MM      MM       47  06/12
AVG. MAXIMUM     93.1              90.8     2.3     94.4
AVG. MINIMUM     57.8              57.7     0.1     60.5
MEAN             75.4              74.2     1.2     77.4
DAYS MAX >= 90     21              17.5     3.5       23
DAYS MIN <= 32      0               0.0     0.0        0

PRECIPITATION (INCHES)
RECORD
 MAXIMUM         1.31   2011
TOTALS           0.00              0.19   -0.19     0.00
DAYS >= .01         0                MM      MM        0
DAYS >= .10         0                MM      MM        0
DAYS >= .50         0                MM      MM        0
DAYS >= 1.00        0                MM      MM        0
GREATEST
 24 HR. TOTAL    0.00   06/30 TO 06/30

SNOWFALL (INCHES)
RECORDS
 TOTAL            0.0   MM
TOTALS            0.0                MM

DEGREE_DAYS
HEATING TOTAL       0                 3      -3        6
 SINCE 7/1       2135              2655    -520     2074
COOLING TOTAL     321               280      41      390
 SINCE 1/1        464               424      40      575
.................................................................

WIND (MPH)
AVERAGE WIND SPEED              7.1
HIGHEST WIND SPEED/DIRECTION    24/330    DATE  06/09
HIGHEST GUST SPEED/DIRECTION    29/330    DATE  06/09

AVERAGE RH (PERCENT)     49

WEATHER CONDITIONS. NUMBER OF DAYS WITH
THUNDERSTORM              0     RAIN                       0
HAIL                      0     FOG                        1
FOG W/VIS <= 1/4 MILE     0     HAZE                       1

-  INDICATES NEGATIVE NUMBERS.
R  INDICATES RECORD WAS SET OR TIED.
MM INDICATES DATA IS MISSING.
T  INDICATES TRACE AMOUNT.

$$
