000
CXUS54 KMAF 011519
CLMMAF


CLIMATE REPORT
NATIONAL WEATHER SERVICE MIDLAND TX
1019 AM CDT FRI JUN 1 2018

...................................

...THE MIDLAND CLIMATE SUMMARY FOR THE MONTH OF MAY 2018...

CLIMATE NORMAL PERIOD 1981 TO 2010
CLIMATE RECORD PERIOD 1930 TO 2018

WEATHER         OBSERVED          NORMAL  DEPART  LAST YEAR`S
                 VALUE   DATE(S)  VALUE   FROM    VALUE  DATE(S)
                                          NORMAL
................................................................
TEMPERATURE (F)
RECORD
 HIGH             108   05/24/2000
                        05/24/1989
 LOW               32   05/03/2013
HIGHEST           107   05/30        87      20      102  05/25
LOWEST             52   05/05        59      -7       48  05/05
                                                          05/04
AVG. MAXIMUM     96.2              87.6     8.6     87.7
AVG. MINIMUM     68.0              59.5     8.5     59.9
MEAN             82.1              73.6     8.5     73.8
DAYS MAX >= 90     25              13.3    11.7       12
DAYS MAX <= 32      0               0.0     0.0        0
DAYS MIN <= 32      0               0.0     0.0        0
DAYS MIN <= 0       0               0.0     0.0        0

PRECIPITATION (INCHES)
RECORD
 MAXIMUM         7.87   1941
 MINIMUM         0.02   1998
TOTALS           0.68              1.74   -1.06     0.89
DAILY AVG.       0.02              0.06   -0.04     0.03
DAYS >= .01         2               5.6    -3.6        5
DAYS >= .10         2               2.9    -0.9        3
DAYS >= .50         1               1.1    -0.1        0
DAYS >= 1.00        0               0.5    -0.5        0
GREATEST
 24 HR. TOTAL    0.52   05/20 TO 05/20              0.31

DEGREE_DAYS
COOLING TOTAL     538               281     257      285
 SINCE 1/1        705               389     316      561
.................................................................

WIND (MPH)
AVERAGE WIND SPEED              13.9
HIGHEST WIND SPEED/DIRECTION    40/040    DATE  05/20
HIGHEST GUST SPEED/DIRECTION    51/190    DATE  05/02

SKY COVER
POSSIBLE SUNSHINE (PERCENT)   MM
AVERAGE SKY COVER           0.10
NUMBER OF DAYS FAIR           31
NUMBER OF DAYS PC              0
NUMBER OF DAYS CLOUDY          0

AVERAGE RH (PERCENT)     42

WEATHER CONDITIONS. NUMBER OF DAYS WITH
  0
  1
  0
  0
  0
  0
  0
HAZE                      7

-  INDICATES NEGATIVE NUMBERS.
R  INDICATES RECORD WAS SET OR TIED.
MM INDICATES DATA IS MISSING.
T  INDICATES TRACE AMOUNT.

$$
