000
CXUS54 KMAF 011458
CLMMAF


CLIMATE REPORT
NATIONAL WEATHER SERVICE MIDLAND TX
852 AM CST SAT DEC 1 2018

...................................

...THE MIDLAND CLIMATE SUMMARY FOR THE MONTH OF NOVEMBER 2018...

CLIMATE NORMAL PERIOD 1981 TO 2010
CLIMATE RECORD PERIOD 1930 TO 2018

WEATHER         OBSERVED          NORMAL  DEPART  LAST YEAR`S
                 VALUE   DATE(S)  VALUE   FROM    VALUE  DATE(S)
                                          NORMAL
................................................................
TEMPERATURE (F)
RECORD
 HIGH              90   11/06/2017
                        11/01/2016
                        11/20/1996
 LOW               10   11/24/1938
HIGHEST            82   11/29        66      16       90  11/06
LOWEST             24   11/14        39     -15       29  11/19
                        11/13
AVG. MAXIMUM     64.1              66.6    -2.5     73.3
AVG. MINIMUM     37.7              39.2    -1.5     45.2
MEAN             50.9              52.9    -2.0     59.3
DAYS MAX >= 90      0               0.0     0.0        1
DAYS MAX <= 32      0               0.1    -0.1        0
DAYS MIN <= 32      8               6.4     1.6        1
DAYS MIN <= 0       0               0.0     0.0        0

PRECIPITATION (INCHES)
RECORD
 MAXIMUM         5.42   2004
 MINIMUM         0.00   2010
                        1999
                        1950
TOTALS           0.04              0.69   -0.65     0.40
DAILY AVG.       0.00              0.02   -0.02     0.01
DAYS >= .01         1               3.0    -2.0        1
DAYS >= .10         0               1.5    -1.5        1
DAYS >= .50         0               0.4    -0.4        0
DAYS >= 1.00        0               0.2    -0.2        0
GREATEST
 24 HR. TOTAL    0.19   10/31 TO 11/01              0.40

SNOWFALL (INCHES)
RECORDS
 TOTAL            8.0   2001
TOTALS            0.0               0.5    -0.5      0.0
SINCE 7/1         0.0               0.5    -0.5      0.0
SNOWDEPTH AVG.      0               0.0     0.0        0
DAYS >= 1.0         0               0.2    -0.2        0
GREATEST
 SNOW DEPTH         0   0                              0
 24 HR TOTAL      0.0   11/30 TO 11/30               0.0

DEGREE_DAYS
HEATING TOTAL     419               370      49      211
 SINCE 7/1        576               479      97      321
.................................................................

WIND (MPH)
AVERAGE WIND SPEED              9.6
HIGHEST WIND SPEED/DIRECTION    39/270    DATE  11/30
HIGHEST GUST SPEED/DIRECTION    50/270    DATE  11/30

SKY COVER
POSSIBLE SUNSHINE (PERCENT)   MM
AVERAGE SKY COVER           0.20
NUMBER OF DAYS FAIR           22
NUMBER OF DAYS PC              5
NUMBER OF DAYS CLOUDY          3

AVERAGE RH (PERCENT)     59

WEATHER CONDITIONS. NUMBER OF DAYS WITH
  0
  0
  0
  0
  0
  0
  2
HAZE                      5

-  INDICATES NEGATIVE NUMBERS.
R  INDICATES RECORD WAS SET OR TIED.
MM INDICATES DATA IS MISSING.
T  INDICATES TRACE AMOUNT.

$$
