000
CXUS54 KMAF 011803
CLMMAF


CLIMATE REPORT
NATIONAL WEATHER SERVICE MIDLAND TX
102 PM CDT SAT SEP 1 2018

...................................

...THE MIDLAND CLIMATE SUMMARY FOR THE MONTH OF AUGUST 2018...

CLIMATE NORMAL PERIOD 1981 TO 2010
CLIMATE RECORD PERIOD 1930 TO 2018

WEATHER         OBSERVED          NORMAL  DEPART  LAST YEAR`S
                 VALUE   DATE(S)  VALUE   FROM    VALUE  DATE(S)
                                          NORMAL
................................................................
TEMPERATURE (F)
RECORD
 HIGH             107   08/06/1964
                        08/12/1936
 LOW               57   08/26/2010
HIGHEST           102   08/27        93       9      100  08/06
LOWEST             67   08/09        68      -1       58  08/31
AVG. MAXIMUM     95.5              93.6     1.9     92.2
AVG. MINIMUM     73.0              68.8     4.2     69.7
MEAN             84.2              81.2     3.0     81.0
DAYS MAX >= 90     27              24.1     2.9       23
DAYS MAX <= 32      0               0.0     0.0        0
DAYS MIN <= 32      0               0.0     0.0        0
DAYS MIN <= 0       0               0.0     0.0        0

PRECIPITATION (INCHES)
RECORD
 MAXIMUM         5.92   2006
 MINIMUM         0.00   1936
TOTALS           3.24              1.84    1.40     2.52
DAILY AVG.       0.10              0.06    0.04     0.08
DAYS >= .01         4               5.7    -1.7       10
DAYS >= .10         4               3.2     0.8        3
DAYS >= .50         2               1.2     0.8        2
DAYS >= 1.00        1               0.5     0.5        1
GREATEST
 24 HR. TOTAL    1.83   08/11 TO 08/11              1.44

DEGREE_DAYS
COOLING TOTAL     604               502     102      503
 SINCE 1/1       2598              1884     714     2247
.................................................................

WIND (MPH)
AVERAGE WIND SPEED              11.1
HIGHEST WIND SPEED/DIRECTION    43/340    DATE  08/27
HIGHEST GUST SPEED/DIRECTION    56/330    DATE  08/27

SKY COVER
POSSIBLE SUNSHINE (PERCENT)   MM
AVERAGE SKY COVER           0.10
NUMBER OF DAYS FAIR           29
NUMBER OF DAYS PC              2
NUMBER OF DAYS CLOUDY          0

AVERAGE RH (PERCENT)     50

WEATHER CONDITIONS. NUMBER OF DAYS WITH
  0
  4
  0
  0
  0
  0
  0
HAZE                     10

-  INDICATES NEGATIVE NUMBERS.
R  INDICATES RECORD WAS SET OR TIED.
MM INDICATES DATA IS MISSING.
T  INDICATES TRACE AMOUNT.

$$
