000
CXUS53 KABR 011445
CLMMBG


CLIMATE REPORT
NATIONAL WEATHER SERVICE ABERDEEN SD
939 AM CDT WED AUG 1 2018

...................................

...THE MOBRIDGE SD CLIMATE SUMMARY FOR THE MONTH OF JULY 2018...

CLIMATE NORMAL PERIOD 1981 TO 2010
CLIMATE RECORD PERIOD 1911 TO 2018

WEATHER         OBSERVED          NORMAL  DEPART  LAST YEAR`S
                 VALUE   DATE(S)  VALUE   FROM    VALUE  DATE(S)
                                          NORMAL
................................................................
TEMPERATURE (F)
RECORD
 HIGH             116   07/15/2006
                        07/16/1936
 LOW               38   07/05/1915
HIGHEST            99   07/07        MM      MM      106  07/09
LOWEST             50   07/27        MM      MM       51  07/01
AVG. MAXIMUM     86.5              85.8     0.7     92.2
AVG. MINIMUM     61.0              59.5     1.5     62.8
MEAN             73.7              72.6     1.1     77.5
DAYS MAX >= 90      9               8.3     0.7       18
DAYS MAX <= 32      0               0.0     0.0        0
DAYS MIN <= 32      0               0.0     0.0        0
DAYS MIN <= 0       0               0.0     0.0        0

PRECIPITATION (INCHES)
RECORD
 MAXIMUM         5.25   1981
 MINIMUM         0.05   1998
TOTALS           1.34              2.70   -1.36     2.97
DAYS >= .01        10                MM      MM       10
DAYS >= .10         4                MM      MM        4
DAYS >= .50         0                MM      MM        3
DAYS >= 1.00        0                MM      MM        1

SNOWFALL (INCHES)
RECORDS
 TOTAL            0.0   MM
 SNOW DEPTH         0   MM
TOTALS            0.0                MM      MM      0.0
SINCE 7/1         0.0                MM      MM      0.0
SNOWDEPTH AVG.      0                MM      MM        0
DAYS >= TRACE       0
DAYS >= 1.0         0
GREATEST
 SNOW DEPTH         0   MM                             0  MM

DEGREE_DAYS
HEATING TOTAL       2                12     -10        0
 SINCE 7/1          2                12     -10        0
COOLING TOTAL     277               249      28      393
 SINCE 1/1        595               364     231      592

FREEZE DATES
RECORD
 EARLIEST     MM
 LATEST       MM
EARLIEST                        MM
LATEST                          MM
.................................................................

WIND (MPH)
AVERAGE WIND SPEED              9.0
RESULTANT WIND SPEED/DIRECTION   3/113
HIGHEST WIND SPEED/DIRECTION    66/260    DATE  07/04
HIGHEST GUST SPEED/DIRECTION    95/250    DATE  07/04

SKY COVER
POSSIBLE SUNSHINE (PERCENT)   MM
AVERAGE SKY COVER           0.10
NUMBER OF DAYS FAIR           28
NUMBER OF DAYS PC              3
NUMBER OF DAYS CLOUDY          0

AVERAGE RH (PERCENT)     67



-  INDICATES NEGATIVE NUMBERS.
R  INDICATES RECORD WAS SET OR TIED.
MM INDICATES DATA IS MISSING.
T  INDICATES TRACE AMOUNT.

$$
