000
CXUS53 KABR 081403 CCA
CLMMBG

CLIMATE REPORT...CORRECTED
NATIONAL WEATHER SERVICE ABERDEEN SD
903 AM CDT TUE MAY 8 2018

...................................

...THE MOBRIDGE SD CLIMATE SUMMARY FOR THE MONTH OF APRIL 2018...

CLIMATE NORMAL PERIOD 1981 TO 2010
CLIMATE RECORD PERIOD 1911 TO 2018

WEATHER         OBSERVED          NORMAL  DEPART  LAST YEAR`S
                 VALUE   DATE(S)  VALUE   FROM    VALUE  DATE(S)
                                          NORMAL
................................................................
TEMPERATURE (F)
RECORD
 HIGH              96   04/30/1992
 LOW                1   04/04/2018
                        04/03/1975
                        04/03/1936
HIGHEST            83   04/29        MM      MM       80  04/07
LOWEST              1R  04/04        MM      MM       21  04/17
AVG. MAXIMUM     49.9              58.0    -8.1     61.3
AVG. MINIMUM     25.4              32.5    -7.1     33.2
MEAN             37.7              45.3    -7.6     47.2
DAYS MAX >= 90      0               0.0     0.0        0
DAYS MAX <= 32      4               0.6     3.4        0
DAYS MIN <= 32     21              14.2     6.8       16
DAYS MIN <= 0       0               0.0     0.0        0

PRECIPITATION (INCHES)
RECORD
 MAXIMUM         5.37   1970
 MINIMUM         0.02   1952
TOTALS           2.02              1.57    0.45     0.48
DAYS >= .01         9                MM      MM        4
DAYS >= .10         7                MM      MM        1
DAYS >= .50         1                MM      MM        0
DAYS >= 1.00        0                MM      MM        0

SNOWFALL (INCHES)
RECORDS
 TOTAL           16.3   MM
 SNOW DEPTH        MM   MM
TOTALS            9.8                MM      MM      0.0
SINCE 7/1        49.4                MM      MM     47.3
SNOWDEPTH AVG.      1                MM      MM        0
DAYS >= TRACE       8
DAYS >= 1.0         4
GREATEST
 SNOW DEPTH         5   04/09                          0  MM

DEGREE_DAYS
HEATING TOTAL     814               593     221      525
 SINCE 7/1       7787              7595     192     6897
COOLING TOTAL       1                 1       0        0
 SINCE 1/1          1                 1       0        0

FREEZE DATES
RECORD
 EARLIEST     MM
 LATEST       MM
EARLIEST                        MM
LATEST                          MM
.................................................................

WIND (MPH)
AVERAGE WIND SPEED              11.6
RESULTANT WIND SPEED/DIRECTION   4/084
HIGHEST WIND SPEED/DIRECTION    35/160    DATE  04/29
HIGHEST GUST SPEED/DIRECTION    41/160    DATE  04/29

SKY COVER
POSSIBLE SUNSHINE (PERCENT)   MM
AVERAGE SKY COVER           0.30
NUMBER OF DAYS FAIR           19
NUMBER OF DAYS PC              6
NUMBER OF DAYS CLOUDY          5

AVERAGE RH (PERCENT)     65


-  INDICATES NEGATIVE NUMBERS.
R  INDICATES RECORD WAS SET OR TIED.
MM INDICATES DATA IS MISSING.
T  INDICATES TRACE AMOUNT.

$$
