000
CXUS53 KABR 012151
CLMMBG


CLIMATE REPORT
NATIONAL WEATHER SERVICE ABERDEEN SD
446 PM CDT MON OCT 1 2018

...................................

...THE MOBRIDGE SD CLIMATE SUMMARY FOR THE MONTH OF SEPTEMBER 2018...

CLIMATE NORMAL PERIOD 1981 TO 2010
CLIMATE RECORD PERIOD 1911 TO 2018

WEATHER         OBSERVED          NORMAL  DEPART  LAST YEAR`S
                 VALUE   DATE(S)  VALUE   FROM    VALUE  DATE(S)
                                          NORMAL
................................................................
TEMPERATURE (F)
RECORD
 HIGH             107   09/05/1913
 LOW               17   09/27/1928
HIGHEST            95   09/12        MM      MM       97  09/12
LOWEST             37   09/28        MM      MM       38  09/17
                        09/26
AVG. MAXIMUM     72.9              73.9    -1.0     75.4
AVG. MINIMUM     51.6              47.6     4.0     50.1
MEAN             62.3              60.7     1.6     62.8
DAYS MAX >= 90      1               2.6    -1.6        2
DAYS MAX <= 32      0               0.0     0.0        0
DAYS MIN <= 32      0               0.8    -0.8        0
DAYS MIN <= 0       0               0.0     0.0        0

PRECIPITATION (INCHES)
RECORD
 MAXIMUM         4.65   1977
 MINIMUM         0.05   2012
TOTALS           3.33              1.54    1.79     1.94
DAYS >= .01         8                MM      MM        7
DAYS >= .10         5                MM      MM        4
DAYS >= .50         1                MM      MM        1
DAYS >= 1.00        1                MM      MM        0

SNOWFALL (INCHES)
RECORDS
 TOTAL            2.0   5
 SNOW DEPTH        MM   MM
TOTALS            0.0                MM      MM      0.0
SINCE 7/1         0.0                MM      MM      0.0
SNOWDEPTH AVG.      0                MM      MM        0
DAYS >= TRACE       0
DAYS >= 1.0         0
GREATEST
 SNOW DEPTH         0   MM                             0  MM

DEGREE_DAYS
HEATING TOTAL     162               187     -25      139
 SINCE 7/1        172               220     -48      145
COOLING TOTAL      89                60      29       78
 SINCE 1/1        966               641     325      789

FREEZE DATES
RECORD
 EARLIEST     MM
 LATEST       MM
EARLIEST                        MM
LATEST                          MM
.................................................................

WIND (MPH)
AVERAGE WIND SPEED              11.5
RESULTANT WIND SPEED/DIRECTION   3/100
HIGHEST WIND SPEED/DIRECTION    30/300    DATE  09/25
HIGHEST GUST SPEED/DIRECTION    42/360    DATE  09/01

SKY COVER
POSSIBLE SUNSHINE (PERCENT)   MM
AVERAGE SKY COVER           0.40
NUMBER OF DAYS FAIR           15
NUMBER OF DAYS PC              9
NUMBER OF DAYS CLOUDY          3

AVERAGE RH (PERCENT)     68


$$
