000
CXUS53 KDTX 171459 AAA
CLMMBS

CLIMATE REPORT
NATIONAL WEATHER SERVICE DETROIT/PONTIAC MI
309 PM EDT SUN JUL 1 2018

...................................

...THE  TRI CITIES MI CLIMATE SUMMARY FOR THE MONTH OF JUNE 2018...

CLIMATE NORMAL PERIOD 1981 TO 2010
CLIMATE RECORD PERIOD 1898 TO 2018

WEATHER         OBSERVED          NORMAL  DEPART
                 VALUE   DATE(S)  VALUE   FROM
                                          NORMAL
................................................
TEMPERATURE (F)
HIGHEST            94   06/17        MM      MM
LOWEST             47   06/06        MM      MM
AVG. MAXIMUM     78.1              77.9     0.2
AVG. MINIMUM     58.7              56.5     2.2
MEAN             68.4              67.2     1.2
DAYS MAX >= 90      3               2.3     0.7
DAYS MAX <= 32      0               0.0     0.0
DAYS MIN <= 32      0               0.0     0.0
DAYS MIN <= 0       0               0.0     0.0

PRECIPITATION (INCHES)
TOTALS           1.92              2.98   -1.06
DAILY AVG.       0.06              0.10   -0.04
DAYS >= .01         9               9.8    -0.8
DAYS >= .10         5               6.0    -1.0
DAYS >= .50         1               1.8    -0.8
DAYS >= 1.00        0               0.6    -0.6
GREATEST
 24 HR. TOTAL    0.74   06/27 TO 06/27
 STORM TOTAL       MM
 (MM/DD(HH))            MM

SNOWFALL (INCHES)
TOTALS            0.0               0.0     0.0
 LIQUID EQUIV    0.00              0.00    0.00
SINCE 7/1        41.4              41.5    -0.1
 LIQUID 7/1      4.14
DAYS >= TRACE       0               0.0     0.0
DAYS >= 1.0         0               0.0     0.0
GREATEST
 SNOW DEPTH         0   MM
 24 HR TOTAL      0.0   06/30 TO 06/30
 STORM TOTAL       MM
 (MM/DD(HH))            MM

DEGREE_DAYS
HEATING TOTAL      25                59     -34
 SINCE 7/1       6788              6970    -182
COOLING TOTAL     132               124       8
 SINCE 1/1        235               160      75

FREEZE DATES
RECORD
 EARLIEST     MM
 LATEST       MM
EARLIEST      01/01             MM
LATEST        01/31             MM
.................................................

WIND (MPH)
AVERAGE WIND SPEED              9.2
HIGHEST WIND SPEED/DIRECTION    30/280    DATE  06/13
HIGHEST GUST SPEED/DIRECTION    37/270    DATE  06/13

SKY COVER
POSSIBLE SUNSHINE (PERCENT)   MM
AVERAGE SKY COVER           0.40
NUMBER OF DAYS FAIR           17
NUMBER OF DAYS PC              6
NUMBER OF DAYS CLOUDY          7

AVERAGE RH (PERCENT)     72


-  INDICATES NEGATIVE NUMBERS.
R  INDICATES RECORD WAS SET OR TIED.
MM INDICATES DATA IS MISSING.
T  INDICATES TRACE AMOUNT.

$$
================================================================
       SOUTHEAST MICHIGAN CLIMATE SUMMARY FOR JUNE 2018


JUNE 2018 MONTHLY STATISTICS AND RANKINGS
-----------------------------------------------------------------

PRECIPITATION
                ACTUAL    NORMAL     DEPARTURE     RANKING
DETROIT AREA    3.66"      3.52"      +0.14"     58TH WETTEST
FLINT AREA      3.37"      3.07"      +0.30"     37TH WETTEST
SAGINAW         1.92"      2.98"      -1.06"     36TH DRIESTT


PRECIPITATION SINCE JANUARY 1*

                ACTUAL    NORMAL     DEPARTURE     RANKING
DETROIT AREA    22.06"    16.06"      +6.00"      5TH WETTEST
FLINT AREA      16.43"    14.06"      +2.37"     27TH WETTEST
SAGINAW         12.93"    14.63"      -1.70"     40TH DRIEST

      *NORMAL TO DATE (AS OF JUNE 30, 2018))

AVERAGE TEMPERATURE
                ACTUAL    NORMAL     DEPARTURE     RANKING
DETROIT AREA     71.5      69.4       +2.1       13TH WARMEST
FLINT AREA       67.9      66.5       +1.4       39TH WARMEST
SAGINAW          68.4      67.2       +1.2       37TH WARMEST

AVERAGE HIGH TEMPERATURE
                ACTUAL    NORMAL     DEPARTURE     RANKING
DETROIT AREA     80.5      79.3       +1.2       34TH WARMEST
FLINT AREA       78.6      77.9       +0.7       47TH WARMEST
SAGINAW          78.1      77.9       +0.2       54TH WARMEST

AVERAGE LOW TEMPERATURE
                ACTUAL    NORMAL     DEPARTURE     RANKING
DETROIT AREA     62.5      59.5       +3.0        7TH WARMEST
FLINT AREA       57.3      55.2       +2.1       29TH WARMEST
SAGINAW          58.7      56.5       +2.2       15TH WARMEST


DETROIT AREA HAS A CLIMATE RECORD DATING TO NOVEMBER 1874
FLINT AREA HAS A CLIMATE RECORD DATING TO JANUARY 1921
SAGINAW HAS A CLIMATE RECORD DATING TO 1912
