000
CXUS56 KHNX 011253
CLMMCE


CLIMATE REPORT
NATIONAL WEATHER SERVICE SAN JOAQUIN VALLEY, CA
547 AM PDT SUN JUL 1 2018

...................................

...THE MERCED CA AIRPORT CLIMATE SUMMARY FOR THE MONTH OF JUNE 2018...

CLIMATE NORMAL PERIOD 1981 TO 2010
CLIMATE RECORD PERIOD 1998 TO 2018

WEATHER         OBSERVED          NORMAL  DEPART  LAST YEAR`S
                 VALUE   DATE(S)  VALUE   FROM    VALUE  DATE(S)
                                          NORMAL
................................................................
TEMPERATURE (F)
RECORD
 HIGH             107   06/22/2017
                        06/20/2017
                        06/19/2017
 LOW               45   06/12/2017
                        06/07/1999
                        12/22/1998
HIGHEST           102   06/03        MM      MM      107  06/22
                                                          06/20
                                                          06/19
LOWEST             50   06/01        MM      MM       45  06/12
AVG. MAXIMUM     91.9              89.5     2.4     92.6
AVG. MINIMUM     57.5              57.8    -0.3     60.3
MEAN             74.7              73.7     1.0     76.5
DAYS MAX >= 90     20              14.8     5.2       22
DAYS MIN <= 32      0               0.0     0.0        0

PRECIPITATION (INCHES)
RECORD
 MAXIMUM         1.16   2011
TOTALS           0.00              0.13   -0.13     0.05
DAYS >= .01         0                MM      MM        2
DAYS >= .10         0                MM      MM        0
DAYS >= .50         0                MM      MM        0
DAYS >= 1.00        0                MM      MM        0
GREATEST
 24 HR. TOTAL    0.00   06/30 TO 06/30

SNOWFALL (INCHES)
RECORDS
 TOTAL            0.0   MM
TOTALS            0.0                MM

DEGREE_DAYS
HEATING TOTAL       0                 3      -3       10
 SINCE 7/1       2307              2778    -471     2381
COOLING TOTAL     297               263      34      362
 SINCE 1/1        415               393      22      514
.................................................................

WIND (MPH)
AVERAGE WIND SPEED              7.4
HIGHEST WIND SPEED/DIRECTION    23/330    DATE  06/10
HIGHEST GUST SPEED/DIRECTION    30/260    DATE  06/16

AVERAGE RH (PERCENT)     49

WEATHER CONDITIONS. NUMBER OF DAYS WITH
THUNDERSTORM              0     RAIN                       0
HAIL                      0     FOG                        0
FOG W/VIS <= 1/4 MILE     0     HAZE                       3

-  INDICATES NEGATIVE NUMBERS.
R  INDICATES RECORD WAS SET OR TIED.
MM INDICATES DATA IS MISSING.
T  INDICATES TRACE AMOUNT.

$$
