000
CXUS56 KHNX 020011
CLMMCE


CLIMATE REPORT
NATIONAL WEATHER SERVICE SAN JOAQUIN VALLEY, CA
511 PM PDT SUN APR 1 2018

...................................

...THE MERCED CA AIRPORT CLIMATE SUMMARY FOR THE MONTH OF MARCH 2018...

CLIMATE NORMAL PERIOD 1981 TO 2010
CLIMATE RECORD PERIOD 1998 TO 2018

WEATHER         OBSERVED          NORMAL  DEPART  LAST YEAR`S
                 VALUE   DATE(S)  VALUE   FROM    VALUE  DATE(S)
                                          NORMAL
................................................................
TEMPERATURE (F)
RECORD
 HIGH              88   03/27/2015
                        03/15/2015
 LOW               27   03/10/2009
HIGHEST            81   03/30        MM      MM       81  03/15
                                                          03/14
LOWEST             31   03/18        MM      MM       30  03/06
AVG. MAXIMUM     65.0              65.4    -0.4     68.5
AVG. MINIMUM     42.2              41.8     0.4     42.5
MEAN             53.6              53.6     0.0     55.5
DAYS MAX >= 90      0               0.0     0.0        0
DAYS MIN <= 32      3               0.2     2.8        3

PRECIPITATION (INCHES)
RECORD
 MAXIMUM         4.11   2011
TOTALS           3.08              2.07    1.01     1.29
DAYS >= .01        12                MM      MM        8
DAYS >= .10         9                MM      MM        5
DAYS >= .50         2                MM      MM        0
DAYS >= 1.00        0                MM      MM        0
GREATEST
 24 HR. TOTAL    0.83   03/01 TO 03/01

SNOWFALL (INCHES)
RECORDS
 TOTAL             MM   MM
TOTALS            0.0                MM

DEGREE_DAYS
HEATING TOTAL     345               354      -9      290
 SINCE 7/1       2135              2524    -389     2160
COOLING TOTAL       0                 0       0        0
 SINCE 1/1          0                 0       0        0
.................................................................

WIND (MPH)
AVERAGE WIND SPEED              5.8
HIGHEST WIND SPEED/DIRECTION    36/130    DATE  03/01
HIGHEST GUST SPEED/DIRECTION    43/120    DATE  03/01

AVERAGE RH (PERCENT)     72

WEATHER CONDITIONS. NUMBER OF DAYS WITH
THUNDERSTORM              0     RAIN                       3
HAIL                      0     FOG                       20
FOG W/VIS <= 1/4 MILE     4     HAZE                       5

-  INDICATES NEGATIVE NUMBERS.
R  INDICATES RECORD WAS SET OR TIED.
MM INDICATES DATA IS MISSING.
T  INDICATES TRACE AMOUNT.

$$
