000
CXUS56 KHNX 032334
CLMMCE


CLIMATE REPORT
NATIONAL WEATHER SERVICE SAN JOAQUIN VALLEY, CA
328 PM PST SUN FEB 3 2019

...................................

...THE MERCED CA AIRPORT CLIMATE SUMMARY FOR THE MONTH OF JANUARY 2019...

CLIMATE NORMAL PERIOD 1981 TO 2010
CLIMATE RECORD PERIOD 1998 TO 2019

WEATHER         OBSERVED          NORMAL  DEPART  LAST YEAR`S
                 VALUE   DATE(S)  VALUE   FROM    VALUE  DATE(S)
                                          NORMAL
................................................................
TEMPERATURE (F)
RECORD
 HIGH              73   01/24/2014
 LOW               19   01/15/2007
HIGHEST            65   01/30        MM      MM       71  01/05
                        01/27
                        01/19
LOWEST             25   01/03        MM      MM       31  01/21
AVG. MAXIMUM     59.0              53.2     5.8     59.2
AVG. MINIMUM     40.0              36.7     3.3     41.1
MEAN             49.5              45.0     4.5     50.1
DAYS MAX >= 90      0               0.0     0.0        0
DAYS MIN <= 32      5               8.2    -3.2        1

PRECIPITATION (INCHES)
RECORD
 MAXIMUM         5.61   2017
TOTALS           2.34              2.61   -0.27     1.18
DAYS >= .01        10                MM      MM        8
DAYS >= .10         5                MM      MM        5
DAYS >= .50         2                MM      MM        1
DAYS >= 1.00        0                MM      MM        0
GREATEST
 24 HR. TOTAL    0.73   01/06 TO 01/06

SNOWFALL (INCHES)
RECORDS
 TOTAL            0.0
TOTALS            0.0               0.0

DEGREE_DAYS
HEATING TOTAL     474               621    -147      454
 SINCE 7/1       1358              1740    -382     1361
COOLING TOTAL       0                 0       0        0
 SINCE 1/1          0                 0       0        0
.................................................................

WIND (MPH)
AVERAGE WIND SPEED              5.2
HIGHEST WIND SPEED/DIRECTION    39/120    DATE  01/06
HIGHEST GUST SPEED/DIRECTION    46/110    DATE  01/06

AVERAGE RH (PERCENT)     82

WEATHER CONDITIONS. NUMBER OF DAYS WITH
THUNDERSTORM              0     RAIN                       2
HAIL                      0     FOG                       28
FOG W/VIS <= 1/4 MILE     9     HAZE                      18

-  INDICATES NEGATIVE NUMBERS.
R  INDICATES RECORD WAS SET OR TIED.
MM INDICATES DATA IS MISSING.
T  INDICATES TRACE AMOUNT.

$$
