568
CXAK59 PAFG 021914
CLMMCG


CLIMATE REPORT
NATIONAL WEATHER SERVICE FAIRBANKS, AK
1103 AM AKDT MON JUL 2 2018

...................................

...THE MCGRATH AK CLIMATE SUMMARY FOR THE MONTH OF JUNE 2018...

CLIMATE NORMAL PERIOD 1981 TO 2010
CLIMATE RECORD PERIOD 1946 TO 2018

WEATHER         OBSERVED          NORMAL  DEPART  LAST YEAR`S
                 VALUE   DATE(S)  VALUE   FROM    VALUE  DATE(S)
                                          NORMAL
................................................................
TEMPERATURE (F)
RECORD
 HIGH              94   06/17/2013
 LOW               27   06/04/2006
HIGHEST            78   06/04        MM      MM       78  06/08
LOWEST             36   06/12        MM      MM       37  06/14
AVG. MAXIMUM     67.8              68.1    -0.3     70.0
AVG. MINIMUM     48.2              46.7     1.5     48.8
MEAN             58.0              57.4     0.6     59.4
DAYS MAX >= 90      0               0.0     0.0        0
DAYS MAX <= 32      0               0.0     0.0        0
DAYS MIN <= 32      0               0.1    -0.1        0
DAYS MIN <= 0       0               0.0     0.0        0

PRECIPITATION (INCHES)
RECORD
 MAXIMUM         4.36   1950
 MINIMUM         0.15   2000
TOTALS           2.75              1.52    1.23     1.23
DAILY AVG.       0.09              0.05    0.04     0.04
DAYS >= .01        19              12.3     6.7       12
DAYS >= .10         6               4.4     1.6        6
DAYS >= .50         2               0.5     1.5        0
DAYS >= 1.00        1               0.1     0.9        0
GREATEST
 24 HR. TOTAL    1.01   06/16 TO 06/16           06/17 TO 06/17

SNOWFALL (INCHES)
RECORDS
 TOTAL            0.1   1975
 24 HR TOTAL       MM
 SNOW DEPTH         0   MM
TOTALS            0.0               0.0     0.0        T
SINCE 7/1        83.5              97.3   -13.8     51.3
SNOWDEPTH AVG.      0                 0       0        0
DAYS >= TRACE       0               0.0     0.0        1
DAYS >= 1.0         0               0.0     0.0        0
GREATEST
 SNOW DEPTH         0   MM                             0  MM
 24 HR TOTAL      0.0   06/30 TO 06/30           06/16 TO 06/16

DEGREE_DAYS
HEATING TOTAL     200               234     -34      159
 SINCE 7/1      11641             13747   -2106    13188
COOLING TOTAL       0                 6      -6        1
 SINCE 1/1          0                 6      -6        1
.................................................................

WIND (MPH)
AVERAGE WIND SPEED              4.3
HIGHEST WIND SPEED/DIRECTION    33/030    DATE  06/04
HIGHEST GUST SPEED/DIRECTION    49/030    DATE  06/04

SKY COVER
AVERAGE SKY COVER           0.60

-  INDICATES NEGATIVE NUMBERS.
R  INDICATES RECORD WAS SET OR TIED.
MM INDICATES DATA IS MISSING.
T  INDICATES TRACE AMOUNT.

$$
