000
CXAK59 PAFG 030241
CLMMCG


CLIMATE REPORT
NATIONAL WEATHER SERVICE FAIRBANKS, AK
632 PM AKDT TUE OCT 2 2018

...................................

...THE MCGRATH AK CLIMATE SUMMARY FOR THE MONTH OF SEPTEMBER 2018...

CLIMATE NORMAL PERIOD 1981 TO 2010
CLIMATE RECORD PERIOD 1946 TO 2018

WEATHER         OBSERVED          NORMAL  DEPART  LAST YEAR`S
                 VALUE   DATE(S)  VALUE   FROM    VALUE  DATE(S)
                                          NORMAL
................................................................
TEMPERATURE (F)
RECORD
 HIGH              76   09/05/1957
                        09/03/1949
 LOW                2   09/24/1992
HIGHEST            70   09/11        MM      MM       65  09/17
LOWEST             30   09/30        MM      MM       27  09/30
AVG. MAXIMUM     57.9              53.1     4.8     54.5
AVG. MINIMUM     40.6              36.1     4.5     40.2
MEAN             49.2              44.6     4.6     47.3
DAYS MAX >= 90      0               0.0     0.0        0
DAYS MAX <= 32      0               0.2    -0.2        0
DAYS MIN <= 32      2               9.0    -7.0        2
DAYS MIN <= 0       0               0.0     0.0        0

PRECIPITATION (INCHES)
RECORD
 MAXIMUM         6.18   1993
 MINIMUM         0.19   1969
TOTALS           1.92              2.49   -0.57     1.65
DAILY AVG.       0.06              0.08   -0.02     0.05
DAYS >= .01        11              14.3    -3.3       16
DAYS >= .10         7               6.8     0.2        7
DAYS >= .50         0               1.2    -1.2        0
DAYS >= 1.00        0               0.3    -0.3        0
GREATEST
 24 HR. TOTAL    0.36   09/21 TO 09/21           09/02 TO 09/02

SNOWFALL (INCHES)
RECORDS
 TOTAL           13.7   1992
 24 HR TOTAL       MM
 SNOW DEPTH         7   09/20/1992
                        09/19/1992
TOTALS            0.0               1.5    -1.5      0.0
SINCE 7/1         0.0               1.5    -1.5      0.0
SNOWDEPTH AVG.      0                 0       0        0
DAYS >= TRACE       0               1.4    -1.4        0
DAYS >= 1.0         0               0.5    -0.5        0
GREATEST
 SNOW DEPTH         0   MM                             0  MM
 24 HR TOTAL      0.0   09/30 TO 09/30           09/30 TO 09/30

DEGREE_DAYS
HEATING TOTAL     467               612    -145      523
 SINCE 7/1        826              1103    -277      876
COOLING TOTAL       0                 0       0        0
 SINCE 1/1         32                20      12       37
.................................................................

WIND (MPH)
AVERAGE WIND SPEED              4.0
HIGHEST WIND SPEED/DIRECTION    22/080    DATE  09/27
HIGHEST GUST SPEED/DIRECTION    29/080    DATE  09/27

SKY COVER
AVERAGE SKY COVER           0.60


-  INDICATES NEGATIVE NUMBERS.
R  INDICATES RECORD WAS SET OR TIED.
MM INDICATES DATA IS MISSING.
T  INDICATES TRACE AMOUNT.

$$
