000
CXAK59 PAFG 031502
CLMMCG


CLIMATE REPORT
NATIONAL WEATHER SERVICE FAIRBANKS, AK
554 AM AKST SUN FEB 3 2019

...................................

...THE MCGRATH AK CLIMATE SUMMARY FOR THE MONTH OF JANUARY 2019...

CLIMATE NORMAL PERIOD 1981 TO 2010
CLIMATE RECORD PERIOD 1946 TO 2019

WEATHER         OBSERVED          NORMAL  DEPART  LAST YEAR`S
                 VALUE   DATE(S)  VALUE   FROM    VALUE  DATE(S)
                                          NORMAL
................................................................
TEMPERATURE (F)
RECORD
 HIGH              54   01/30/1945
 LOW              -75   01/27/1989
HIGHEST            42   01/27        MM      MM       31  01/14
LOWEST            -53   01/11        MM      MM      -42  01/25
AVG. MAXIMUM      6.2               2.3     3.9      5.3
AVG. MINIMUM    -12.5             -15.3     2.8    -13.4
MEAN             -3.2              -6.5     3.3     -4.1
DAYS MAX >= 90      0               0.0     0.0        0
DAYS MAX <= 32     26              28.9    -2.9       31
DAYS MIN <= 32     31              30.7     0.3       31
DAYS MIN <= 0      22              23.3    -1.3       25

PRECIPITATION (INCHES)
RECORD
 MAXIMUM         3.74   1993
 MINIMUM         0.09   2016
TOTALS           0.68              1.09   -0.41     0.10
DAILY AVG.       0.02              0.04   -0.02     0.00
DAYS >= .01        11              10.7     0.3        3
DAYS >= .10         2               3.1    -1.1        0
DAYS >= .50         0               0.3    -0.3        0
DAYS >= 1.00        0               0.1    -0.1        0
GREATEST
 24 HR. TOTAL    0.16   12/31 TO 01/01           01/02 TO 01/02

SNOWFALL (INCHES)
RECORDS
 TOTAL           42.1   1993
 24 HR TOTAL       MM
 SNOW DEPTH        53   01/09/1949
TOTALS           12.3              15.7    -3.4      1.5
SINCE 7/1        54.0              66.9   -12.9     37.2
SNOWDEPTH AVG.     23                22       1       14
DAYS >= TRACE      20              12.5     7.5        8
DAYS >= 1.0         5               4.9     0.1        1
GREATEST
 SNOW DEPTH        25   01/17                         15  01/08
                        01/16                             01/07
                        01/15                             01/06
 24 HR TOTAL      3.4   01/08 TO 01/08           01/02 TO 01/02

DEGREE_DAYS
HEATING TOTAL    2106              2216    -110     2133
 SINCE 7/1       7345              8453   -1108     6967
COOLING TOTAL       0                 0       0        0
 SINCE 1/1          0                 0       0        0
.................................................................

WIND (MPH)
AVERAGE WIND SPEED              5.1
HIGHEST WIND SPEED/DIRECTION    26/200    DATE  01/25
HIGHEST GUST SPEED/DIRECTION    43/200    DATE  01/25

SKY COVER
AVERAGE SKY COVER           0.60


-  INDICATES NEGATIVE NUMBERS.
R  INDICATES RECORD WAS SET OR TIED.
MM INDICATES DATA IS MISSING.
T  INDICATES TRACE AMOUNT.

$$
