922
CXUS53 KEAX 061247
CLMMCI

CLIMATE REPORT
NATIONAL WEATHER SERVICE KANSAS CITY/PLEASANT HILL MO
552 AM CST SAT DEC 1 2018
...................................

...THE KANSAS CITY INTERNATIONAL MO CLIMATE SUMMARY FOR THE MONTH OF
NOVEMBER 2018...

CLIMATE NORMAL PERIOD 1981 TO 2010
CLIMATE RECORD PERIOD 1888 TO 2018

WEATHER         OBSERVED          NORMAL  DEPART  LAST YEAR`S
                 VALUE   DATE(S)  VALUE   FROM    VALUE  DATE(S)
                                          NORMAL
................................................................
TEMPERATURE (F)
RECORD
 HIGH              83   11/01/1937
                        11/06/1915
 LOW                1   11/08/1991
                        11/28/1976
HIGHEST            63   11/22        73     -10       72  11/24
LOWEST              9   11/10        17      -8       16  11/22
AVG. MAXIMUM     45.4              53.2    -7.8     54.4
AVG. MINIMUM     25.7              34.1    -8.4     35.2
MEAN             35.6              43.6    -8.0     44.8
DAYS MAX >= 90      0               0.0     0.0        0
DAYS MAX <= 32      3               1.4     1.6        0
DAYS MIN <= 32     22              13.1     8.9       10
DAYS MIN <= 0       0               0.0     0.0        0

PRECIPITATION (INCHES)
RECORD
 MAXIMUM         9.52   1931
 MINIMUM            T   1989
TOTALS           1.59              2.15   -0.56     0.27
DAILY AVG.       0.05              0.07   -0.02     0.01
DAYS >= .01         9               7.3     1.7        7
DAYS >= .10         5               4.2     0.8        1
DAYS >= .50         1               1.3    -0.3        0
DAYS >= 1.00        0               0.5    -0.5        0
GREATEST
 24 HR. TOTAL    0.66   11/25 TO 11/25

SNOWFALL (INCHES)
RECORDS
 TOTAL            9.1   1923
                        0
                        0
TOTALS            7.6               1.2     6.4      0.0
SINCE 7/1         7.8               1.4     6.4        T
SNOWDEPTH AVG.      1                MM      MM        0
DAYS >= 1.0         2               0.4     1.6        0
GREATEST
 SNOW DEPTH         6R  11/26                          0  MM
 24 HR TOTAL      5.8   11/25 TO 11/25

DEGREE_DAYS
HEATING TOTAL     873               642     231      599
 SINCE 7/1       1244              1002     242      880
COOLING TOTAL       0                 2      -2        0
 SINCE 1/1       1757              1360     397     1325
.................................................................

WIND (MPH)
AVERAGE WIND SPEED              9.3
HIGHEST WIND SPEED/DIRECTION    38/360    DATE  11/25
HIGHEST GUST SPEED/DIRECTION    55/350    DATE  11/25

SKY COVER
POSSIBLE SUNSHINE (PERCENT)   MM
AVERAGE SKY COVER           0.50
NUMBER OF DAYS FAIR            8
NUMBER OF DAYS PC             14
NUMBER OF DAYS CLOUDY          8

AVERAGE RH (PERCENT)     71

WEATHER CONDITIONS. NUMBER OF DAYS WITH
  0
  2
  0
  0
  2
  0
  2
HAZE                      7

-  INDICATES NEGATIVE NUMBERS.
R  INDICATES RECORD WAS SET OR TIED.
MM INDICATES DATA IS MISSING.
T  INDICATES TRACE AMOUNT.

$$
