000
CXUS53 KEAX 010725
CLMMCI

CLIMATE REPORT
NATIONAL WEATHER SERVICE KANSAS CITY/PLEASANT HILL MO
220 AM CDT FRI JUN 1 2018

...................................

...THE KANSAS CITY INTERNATIONAL MO CLIMATE SUMMARY FOR THE MONTH OF MAY 2018...

CLIMATE NORMAL PERIOD 1981 TO 2010
CLIMATE RECORD PERIOD 1888 TO 2018

WEATHER         OBSERVED          NORMAL  DEPART  LAST YEAR`S
                 VALUE   DATE(S)  VALUE   FROM    VALUE  DATE(S)
                                          NORMAL
................................................................
TEMPERATURE (F)
RECORD
 HIGH             103   05/30/1934
 LOW               27   05/04/1907
HIGHEST            94   05/28        88       6       88  05/15
LOWEST             54   05/05        40      14       38  05/04
AVG. MAXIMUM     84.3              74.8     9.5     74.8
AVG. MINIMUM     62.4              54.2     8.2     52.7
MEAN             73.4              64.5     8.9     63.8
DAYS MAX >= 90      6               0.4     5.6        0
DAYS MAX <= 32      0               0.0     0.0        0
DAYS MIN <= 32      0               0.0     0.0        0
DAYS MIN <= 0       0               0.0     0.0        0

PRECIPITATION (INCHES)
RECORD
 MAXIMUM        12.75   1995
 MINIMUM         0.70   1914
TOTALS           5.47              5.23    0.24     5.37
DAILY AVG.       0.18              0.17    0.01     0.17
DAYS >= .01        13              11.5     1.5       12
DAYS >= .10         6               7.8    -1.8        5
DAYS >= .50         2               3.7    -1.7        3
DAYS >= 1.00        2               1.5     0.5        1
GREATEST
 24 HR. TOTAL    2.23   05/02 TO 05/02

SNOWFALL (INCHES)
RECORDS
 TOTAL            1.7   1907
                        0
                        0
TOTALS            0.0               0.0     0.0      0.0
SINCE 7/1         7.7              18.8   -11.1      4.9
SNOWDEPTH AVG.      0                MM      MM        0
DAYS >= 1.0         0               0.0     0.0        0
GREATEST
 SNOW DEPTH         0   MM                             0  MM
 24 HR TOTAL      0.0   05/31 TO 05/31

DEGREE_DAYS
HEATING TOTAL       0               104    -104      109
 SINCE 7/1       5114              5124     -10     4146
COOLING TOTAL     269                88     181       78
 SINCE 1/1        280               116     164      111
.................................................................

WIND (MPH)
AVERAGE WIND SPEED              8.9
HIGHEST WIND SPEED/DIRECTION    31/240    DATE  05/29
HIGHEST GUST SPEED/DIRECTION    45/220    DATE  05/29

SKY COVER
POSSIBLE SUNSHINE (PERCENT)   MM
AVERAGE SKY COVER           0.60
NUMBER OF DAYS FAIR            5
NUMBER OF DAYS PC             17
NUMBER OF DAYS CLOUDY          9

AVERAGE RH (PERCENT)     68



-  INDICATES NEGATIVE NUMBERS.
R  INDICATES RECORD WAS SET OR TIED.
MM INDICATES DATA IS MISSING.
T  INDICATES TRACE AMOUNT.

$$
