000
CXUS53 KEAX 010711 CCA
CLMMCI

CLIMATE REPORT
NATIONAL WEATHER SERVICE KANSAS CITY/PLEASANT HILL MO
147 AM CDT SAT SEP 1 2018

...................................

...THE KANSAS CITY INTERNATIONAL MO CLIMATE SUMMARY FOR THE MONTH OF AUGUST 2018...

CLIMATE NORMAL PERIOD 1981 TO 2010
CLIMATE RECORD PERIOD 1888 TO 2018

WEATHER         OBSERVED          NORMAL  DEPART  LAST YEAR`S
                 VALUE   DATE(S)  VALUE   FROM    VALUE  DATE(S)
                                          NORMAL
................................................................
TEMPERATURE (F)
RECORD
 HIGH             113   08/14/1936
 LOW               43   08/28/1986
HIGHEST            97   08/05        99      -2       91  08/19
LOWEST             59   08/23        55       4       52  08/04
AVG. MAXIMUM     87.4              87.4     0.0     81.6
AVG. MINIMUM     67.3              66.8     0.5     62.0
MEAN             77.3              77.1     0.2     71.8
DAYS MAX >= 90     17              10.8     6.2        1
DAYS MAX <= 32      0               0.0     0.0        0
DAYS MIN <= 32      0               0.0     0.0        0
DAYS MIN <= 0       0               0.0     0.0        0

PRECIPITATION (INCHES)
RECORD
 MAXIMUM        10.19   2017
 MINIMUM         0.13   1894
TOTALS           4.46              3.89    0.57    10.19
DAILY AVG.       0.14              0.13    0.01     0.33
DAYS >= .01        12               8.3     3.7        8
DAYS >= .10         8               5.5     2.5        6
DAYS >= .50         2               2.4    -0.4        6
DAYS >= 1.00        1               1.1    -0.1        3
GREATEST
 24 HR. TOTAL    1.65   08/19 TO 08/19

SNOWFALL (INCHES)
RECORDS
 TOTAL            0.0   0
                        0
                        0
TOTALS            0.0               0.0     0.0      0.0
SINCE 7/1         0.0               0.0     0.0      0.0
SNOWDEPTH AVG.      0                MM      MM        0
DAYS >= 1.0         0               0.0     0.0        0
GREATEST
 SNOW DEPTH         0   MM                             0  MM
 24 HR TOTAL      0.0   08/31 TO 08/31

DEGREE_DAYS
HEATING TOTAL       0                 2      -2        4
 SINCE 7/1          0                 2      -2        4
COOLING TOTAL     391               377      14      222
 SINCE 1/1       1500              1173     327     1078
.................................................................

WIND (MPH)
AVERAGE WIND SPEED              8.9
HIGHEST WIND SPEED/DIRECTION    32/200    DATE  08/27
HIGHEST GUST SPEED/DIRECTION    43/190    DATE  08/27

SKY COVER
POSSIBLE SUNSHINE (PERCENT)    0
AVERAGE SKY COVER           0.50
NUMBER OF DAYS FAIR            9
NUMBER OF DAYS PC             18
NUMBER OF DAYS CLOUDY          4

AVERAGE RH (PERCENT)     69

WEATHER CONDITIONS. NUMBER OF DAYS WITH
  0
  4
  0
  0
  0
  0
  2
HAZE                     13

-  INDICATES NEGATIVE NUMBERS.
R  INDICATES RECORD WAS SET OR TIED.
MM INDICATES DATA IS MISSING.
T  INDICATES TRACE AMOUNT.

$$
