000
CXUS53 KGLD 051532
CLMMCK

CLIMATE REPORT
NATIONAL WEATHER SERVICE GOODLAND
926 AM MDT FRI OCT 5 2018
...................................
...THE MCCOOK CLIMATE SUMMARY FOR THE MONTH OF SEPTEMBER 2018...

CLIMATE NORMAL PERIOD 1981 TO 2010
CLIMATE RECORD PERIOD 1896 TO 2018

WEATHER         OBSERVED          NORMAL  DEPART  LAST YEAR`S
                 VALUE   DATE(S)  VALUE   FROM    VALUE  DATE(S)
                                          NORMAL
................................................................
TEMPERATURE (F)
RECORD
 HIGH             107   09/01/1929
 LOW               22   09/30/1912
HIGHEST            99   09/19        97       2      101  09/03
LOWEST             35   09/26        35       0       36  09/06
AVG. MAXIMUM     81.2              79.4     1.8     83.4
AVG. MINIMUM     55.9              49.3     6.6     53.3
MEAN             68.6              64.4     4.2     68.4
DAYS MAX >= 90      9               5.2     3.8       13
DAYS MAX <= 32      0               0.0     0.0        0
DAYS MIN <= 32      0               0.6    -0.6        0
DAYS MIN <= 0       0               0.0     0.0        0

PRECIPITATION (INCHES)
RECORD
 MAXIMUM         7.11   1973
 MINIMUM         0.06   1978
TOTALS           0.34              1.44   -1.10     3.08
DAILY AVG.       0.01              0.05   -0.04     0.10
DAYS >= .01         9               5.3     3.7        7
DAYS >= .10         0               3.1    -3.1        3
DAYS >= .50         0               1.1    -1.1        3
DAYS >= 1.00        0               0.3    -0.3        1
GREATEST
 24 HR. TOTAL    0.08   09/05 TO 09/05              1.23

.................................................................

-  INDICATES NEGATIVE NUMBERS.
R  INDICATES RECORD WAS SET OR TIED.
MM INDICATES DATA IS MISSING.
T  INDICATES TRACE AMOUNT.

$$
