648
CXUS53 KGLD 032354 RRA
CLMMCK

CLIMATE REPORT
NATIONAL WEATHER SERVICE GOODLAND
549 PM MDT TUE JUL 3 2018

...................................

...THE MCCOOK CLIMATE SUMMARY FOR THE MONTH OF JUNE 2018...

CLIMATE NORMAL PERIOD 1981 TO 2010
CLIMATE RECORD PERIOD 1896 TO 2018

WEATHER         OBSERVED          NORMAL  DEPART  LAST YEAR`S
                 VALUE   DATE(S)  VALUE   FROM    VALUE  DATE(S)
                                          NORMAL
................................................................
TEMPERATURE (F)
RECORD
 HIGH             115   06/26/2012
 LOW               33   06/11/1998
                        06/06/1998
HIGHEST           106   06/28        99       7      106  06/21
LOWEST             45   06/03        45       0       47  06/24
AVG. MAXIMUM     88.9              84.0     4.9     90.2
AVG. MINIMUM     61.3              55.9     5.4     59.4
MEAN             75.1              69.9     5.2     74.8
DAYS MAX >= 90     13               7.9     5.1       17
DAYS MAX <= 32      0               0.0     0.0        0
DAYS MIN <= 32      0               0.0     0.0        0
DAYS MIN <= 0       0               0.0     0.0        0

PRECIPITATION (INCHES)
RECORD
 MAXIMUM         8.05   2014
 MINIMUM         0.27   2017
TOTALS           4.91              3.38    1.53     0.27
DAILY AVG.       0.16              0.11    0.05     0.01
DAYS >= .01         8               9.1    -1.1        6
DAYS >= .10         6               5.9     0.1        1
DAYS >= .50         2               2.2    -0.2        0
DAYS >= 1.00        2               0.9     1.1        0
GREATEST
 24 HR. TOTAL    2.58   06/19 TO 06/19              0.15


.................................................................



-  INDICATES NEGATIVE NUMBERS.
R  INDICATES RECORD WAS SET OR TIED.
MM INDICATES DATA IS MISSING.
T  INDICATES TRACE AMOUNT.

$$
