317
CXUS53 KGLD 021852 RRA
CLMMCK

CLIMATE REPORT
NATIONAL WEATHER SERVICE GOODLAND
1146 AM MST WED JAN 2 2019

...................................

...THE MCCOOK CLIMATE SUMMARY FOR THE MONTH OF DECEMBER 2018...

CLIMATE NORMAL PERIOD 1981 TO 2010
CLIMATE RECORD PERIOD 1896 TO 2018

WEATHER         OBSERVED          NORMAL  DEPART  LAST YEAR`S
                 VALUE   DATE(S)  VALUE   FROM    VALUE  DATE(S)
                                          NORMAL
................................................................
TEMPERATURE (F)
RECORD
 HIGH              81   12/23/1964
 LOW              -27   12/23/1989
                        12/22/1989
HIGHEST            55   12/17        64      -9       65  12/10
LOWEST             -2   12/29        -2       0       -2  12/26
AVG. MAXIMUM     39.1              41.0    -1.9     41.7
AVG. MINIMUM     17.5              15.0     2.5     15.3
MEAN             28.3              28.0     0.3     28.5
DAYS MAX >= 90      0               0.0     0.0        0
DAYS MAX <= 32      6               7.5    -1.5        9
DAYS MIN <= 32     31              30.7     0.3       31
DAYS MIN <= 0       2               2.5    -0.5        3

PRECIPITATION (INCHES)
RECORD
 MAXIMUM         4.08   2006
 MINIMUM         0.00   2002
TOTALS           1.92              0.64    1.28     0.10
DAILY AVG.       0.06              0.02    0.04     0.00
DAYS >= .01         4               3.5     0.5        2
DAYS >= .10         3               1.4     1.6        0
DAYS >= .50         3               0.3     2.7        0
DAYS >= 1.00        0               0.1    -0.1        0
GREATEST
 24 HR. TOTAL    0.71   12/01 TO 12/01              0.08


.................................................................



-  INDICATES NEGATIVE NUMBERS.
R  INDICATES RECORD WAS SET OR TIED.
MM INDICATES DATA IS MISSING.
T  INDICATES TRACE AMOUNT.

$$
