000
CXUS42 KFFC 020216
CLMMCN


CLIMATE REPORT
NATIONAL WEATHER SERVICE PEACHTREE CITY GA
1015 PM EDT MON OCT 1 2018

...................................

...THE MACON CLIMATE SUMMARY FOR THE MONTH OF SEPTEMBER 2018...

CLIMATE NORMAL PERIOD 1981 TO 2010
CLIMATE RECORD PERIOD 1899 TO 2018

WEATHER         OBSERVED          NORMAL  DEPART  LAST YEAR`S
                 VALUE   DATE(S)  VALUE   FROM    VALUE  DATE(S)
                                          NORMAL
................................................................
TEMPERATURE (F)
RECORD
 HIGH             105   09/08/1925
 LOW               35   09/30/1967
HIGHEST           100   09/18        MM      MM       94  09/28
                                                          09/20
LOWEST             64   09/23        MM      MM       51  09/07
AVG. MAXIMUM     94.0              86.1     7.9     87.1
AVG. MINIMUM     70.2              63.9     6.3     62.4
MEAN             82.1              75.0     7.1     74.8
DAYS MAX >= 90     28               8.5    19.5       12
DAYS MAX <= 32      0               0.0     0.0        0
DAYS MIN <= 32      0               0.0     0.0        0
DAYS MIN <= 0       0               0.0     0.0        0

PRECIPITATION (INCHES)
RECORD
 MAXIMUM        12.66   2004
 MINIMUM         0.02   2005
TOTALS           1.02              3.59   -2.57
DAILY AVG.       0.03              0.12   -0.09     0.13
DAYS >= .01         7               7.3    -0.3        4
DAYS >= .10         2               4.5    -2.5        1
DAYS >= .50         1               1.9    -0.9        1
DAYS >= 1.00        0               1.0    -1.0        1
GREATEST
 24 HR. TOTAL    0.77   09/26 TO 09/26           09/11 TO 09/11
                                                          09/30 TO 09/30EATHER         OBSERVED          NORMAL  DEPART  LAST YEAR`S
                                                          09/30 TO 09/30EATHER         OBSERVED          NORMAL  DEPART  LAST YEAR`S

DEGREE_DAYS
HEATING TOTAL       0                 6      -6        1
 SINCE 7/1          0                 6      -6        1
COOLING TOTAL     521               306     215      303
 SINCE 1/1       2421              2050     371     2165
.................................................................

WIND (MPH)
AVERAGE WIND SPEED              5.1
HIGHEST WIND SPEED/DIRECTION    29/280    DATE  09/27
HIGHEST GUST SPEED/DIRECTION    40/280    DATE  09/27

SKY COVER
POSSIBLE SUNSHINE (PERCENT)   MM
AVERAGE SKY COVER           0.30
NUMBER OF DAYS FAIR           20
NUMBER OF DAYS PC              9
NUMBER OF DAYS CLOUDY          1

AVERAGE RH (PERCENT)     71

WEATHER CONDITIONS. NUMBER OF DAYS WITH
  0
  2
  0
  0
  0
  0
  1
HAZE                     10

-  INDICATES NEGATIVE NUMBERS.
R  INDICATES RECORD WAS SET OR TIED.
MM INDICATES DATA IS MISSING.
T  INDICATES TRACE AMOUNT.

$$
