000
CXUS42 KFFC 022137
CLMMCN


CLIMATE REPORT
NATIONAL WEATHER SERVICE PEACHTREE CITY GA
536 PM EDT MON JUL 2 2018

...................................

...THE MACON CLIMATE SUMMARY FOR THE MONTH OF JUNE 2018...

CLIMATE NORMAL PERIOD 1981 TO 2010
CLIMATE RECORD PERIOD 1899 TO 2018

WEATHER         OBSERVED          NORMAL  DEPART  LAST YEAR`S
                 VALUE   DATE(S)  VALUE   FROM    VALUE  DATE(S)
                                          NORMAL
................................................................
TEMPERATURE (F)
RECORD
 HIGH             108   06/30/2012
 LOW               46   06/02/1972
                        06/12/1913
HIGHEST            97   06/25       105      -8       93  06/15
                        06/20                             06/03
LOWEST             61   06/06        46      15       60  06/09
                        06/05
AVG. MAXIMUM     91.8              90.3     1.5     87.1
AVG. MINIMUM     69.2              67.6     1.6     68.6
MEAN             80.5              78.9     1.6     77.9
DAYS MAX >= 90     24              17.2     6.8        9
DAYS MAX <= 32      0               0.0     0.0        0
DAYS MIN <= 32      0               0.0     0.0        0
DAYS MIN <= 0       0               0.0     0.0        0

PRECIPITATION (INCHES)
RECORD
 MAXIMUM        12.25   2013
 MINIMUM         0.40   1917
TOTALS           3.32              4.06   -0.74
DAILY AVG.       0.11              0.14   -0.03     0.18
DAYS >= .01        11              10.3     0.7       14
DAYS >= .10         8               6.7     1.3       13
DAYS >= .50         2               2.5    -0.5        2
DAYS >= 1.00        0               1.1    -1.1        1
GREATEST
 24 HR. TOTAL    0.75   06/02 TO 06/02           06/04 TO 06/04
                                                          06/30 TO 06/30EATHER         OBSERVED          NORMAL  DEPART  LAST YEAR`S
                                                          06/30 TO 06/30EATHER         OBSERVED          NORMAL  DEPART  LAST YEAR`S

DEGREE_DAYS
HEATING TOTAL       0                 0       0        0
 SINCE 7/1       2076              2322    -246     1480
COOLING TOTAL     472               419      53      394
 SINCE 1/1        880               732     148      839
.................................................................

WIND (MPH)
AVERAGE WIND SPEED              4.7
HIGHEST WIND SPEED/DIRECTION    25/320    DATE  06/25
HIGHEST GUST SPEED/DIRECTION    37/320    DATE  06/03

SKY COVER
POSSIBLE SUNSHINE (PERCENT)   MM
AVERAGE SKY COVER           0.20
NUMBER OF DAYS FAIR           26
NUMBER OF DAYS PC              3
NUMBER OF DAYS CLOUDY          0

AVERAGE RH (PERCENT)     74

WEATHER CONDITIONS. NUMBER OF DAYS WITH
  0
  3
  0
  0
  0
  0
  0
HAZE                      1

-  INDICATES NEGATIVE NUMBERS.
R  INDICATES RECORD WAS SET OR TIED.
MM INDICATES DATA IS MISSING.
T  INDICATES TRACE AMOUNT.

$$
