000
CXUS52 KFFC 021418
CLMMCN


CLIMATE REPORT
NATIONAL WEATHER SERVICE PEACHTREE CITY GA
917 AM EST WED JAN 2 2019

...................................

...THE MACON CLIMATE SUMMARY FOR THE MONTH OF DECEMBER 2018...

CLIMATE NORMAL PERIOD 1981 TO 2010
CLIMATE RECORD PERIOD 1899 TO 2019

WEATHER         OBSERVED          NORMAL  DEPART  LAST YEAR`S
                 VALUE   DATE(S)  VALUE   FROM    VALUE  DATE(S)
                                          NORMAL
................................................................
TEMPERATURE (F)
RECORD
 HIGH              82   12/13/1972
                        12/11/1972
                        12/10/1972
 LOW                5   12/13/1962
HIGHEST            76   12/02        67       9       76  12/05
LOWEST             25   12/12        29      -4       25  12/16
                        12/06
AVG. MAXIMUM     60.7              59.6     1.1     60.0
AVG. MINIMUM     41.0              36.4     4.6     40.2
MEAN             50.8              48.0     2.8     50.1
DAYS MAX >= 90      0               0.0     0.0        0
DAYS MAX <= 32      0               0.1    -0.1        0
DAYS MIN <= 32      8              11.9    -3.9        8
DAYS MIN <= 0       0               0.0     0.0        0

PRECIPITATION (INCHES)
RECORD
 MAXIMUM        12.62   2015
 MINIMUM         0.33   1946
TOTALS           6.26              4.04    2.22
DAILY AVG.       0.20              0.13    0.07     0.11
DAYS >= .01        14               8.8     5.2        9
DAYS >= .10         8               6.0     2.0        6
DAYS >= .50         7               2.6     4.4        3
DAYS >= 1.00        2               1.3     0.7        1
GREATEST
 24 HR. TOTAL    1.06   12/14 TO 12/14           12/08 TO 12/08
                                                          12/31 TO 12/31EATHER         OBSERVED          NORMAL  DEPART  LAST YEAR`S
                                                          12/31 TO 12/31EATHER         OBSERVED          NORMAL  DEPART  LAST YEAR`S

SNOWFALL (INCHES)
RECORDS
 TOTAL            0.1   2010
 24 HR TOTAL      0.1   12/25/2010 TO 12/25/2010
 SNOW DEPTH         0   MM
TOTALS            0.0               0.1    -0.1      0.0
SINCE 7/1         0.0               0.1    -0.1      0.0
SNOWDEPTH AVG.      0                MM      MM        0
DAYS >= TRACE       0               0.1    -0.1        0
DAYS >= 1.0         0               0.1    -0.1        0
GREATEST
 24 HR TOTAL      0.0   12/31 TO 12/31           12/31 TO 12/31
                                                          12/31 TO 12/31EATHER         OBSERVED          NORMAL  DEPART  LAST YEAR`S
                                                          12/31 TO 12/31EATHER         OBSERVED          NORMAL  DEPART  LAST YEAR`S

DEGREE_DAYS
HEATING TOTAL     434               530     -96      456
 SINCE 7/1        871               925     -54      814
COOLING TOTAL       3                 3       0        2
 SINCE 1/1       2642              2166     476     2372
.................................................................

WIND (MPH)
AVERAGE WIND SPEED              6.2
HIGHEST WIND SPEED/DIRECTION    25/290    DATE  12/21
HIGHEST GUST SPEED/DIRECTION    36/290    DATE  12/21

SKY COVER
POSSIBLE SUNSHINE (PERCENT)   MM
AVERAGE SKY COVER           0.50
NUMBER OF DAYS FAIR           13
NUMBER OF DAYS PC              7
NUMBER OF DAYS CLOUDY         11

AVERAGE RH (PERCENT)     77

WEATHER CONDITIONS. NUMBER OF DAYS WITH
  0
  8
  0
  0
  0
  0
  6
HAZE                      1

-  INDICATES NEGATIVE NUMBERS.
R  INDICATES RECORD WAS SET OR TIED.
MM INDICATES DATA IS MISSING.
T  INDICATES TRACE AMOUNT.

$$
