241
CXUS51 KCTP 011024
CLMMDT

PHLCLMMDT 000
TTAA00 KCTP 010954


CLIMATE REPORT
NATIONAL WEATHER SERVICE STATE COLLEGE PA
454 AM EST SAT DEC 1 2018

...................................

...THE HARRISBURG PA CLIMATE SUMMARY FOR THE MONTH OF NOVEMBER 2018...

CLIMATE NORMAL PERIOD 1981 TO 2010
CLIMATE RECORD PERIOD 1888 TO 2018

WEATHER         OBSERVED          NORMAL  DEPART  LAST YEAR`S
                 VALUE   DATE(S)  VALUE   FROM    VALUE  DATE(S)
                                          NORMAL
................................................................
TEMPERATURE (F)
RECORD
 HIGH              84   11/01/1950
 LOW               10   11/30/1929
HIGHEST            74   11/01                         71  11/03
LOWEST             17   11/23                         20  11/11
AVG. MAXIMUM     48.0              53.1    -5.1     52.9
AVG. MINIMUM     35.3              35.1     0.2     33.6
MEAN             41.7              44.1    -2.4     43.2
DAYS MAX >= 90      0               0.0     0.0        0
DAYS MAX <= 32      2               0.2     1.8        0
DAYS MIN <= 32      9              10.8    -1.8       13
DAYS MIN <= 0       0               0.0     0.0        0

PRECIPITATION (INCHES)
RECORD
 MAXIMUM         7.20   1972
 MINIMUM         0.41   1909
TOTALS           8.56R             3.23    5.33     2.26
DAILY AVG.       0.29              0.11    0.18     0.08
DAYS >= .01        11               9.0     2.0       10
DAYS >= .10        10               5.8     4.2        3
DAYS >= .50         7               2.2     4.8        2
DAYS >= 1.00        3               0.7     2.3        1
GREATEST
 24 HR. TOTAL    1.96   11/02 TO 11/02

SNOWFALL (INCHES)
RECORDS
 TOTAL           15.4   1953
TOTALS            8.8               0.6     8.2        T
SINCE 7/1         8.8               0.6     8.2        T
SNOWDEPTH AVG.      0                MM      MM        0
DAYS >= 1.0         1               0.2     0.8        0
GREATEST
 SNOW DEPTH         5   11/16                          0  MM
 24 HR TOTAL      8.3   11/15 TO 11/15

DEGREE_DAYS
HEATING TOTAL     693               627      66      645
 SINCE 7/1       1009              1039     -30      855
COOLING TOTAL       0                 0       0        0
 SINCE 1/1       1382              1002     380     1214
.................................................................

WIND (MPH)
AVERAGE WIND SPEED              8.4
HIGHEST WIND SPEED/DIRECTION    33/300    DATE  11/28
HIGHEST GUST SPEED/DIRECTION    44/310    DATE  11/28

SKY COVER
POSSIBLE SUNSHINE (PERCENT)   MM
AVERAGE SKY COVER           0.70
NUMBER OF DAYS FAIR            4
NUMBER OF DAYS PC              9
NUMBER OF DAYS CLOUDY         17

AVERAGE RH (PERCENT)     68

WEATHER CONDITIONS. NUMBER OF DAYS WITH
THUNDERSTORM              0     MIXED PRECIP                0
HEAVY RAIN                5     RAIN                        9
LIGHT RAIN               15     FREEZING RAIN               0
LT FREEZING RAIN          1     HAIL                        2
HEAVY SNOW                1     SNOW                        2
LIGHT SNOW                2     SLEET                       2
FOG                      15     FOG W/VIS <= 1/4 MILE       1
HAZE                      6


-  INDICATES NEGATIVE NUMBERS.
R  INDICATES RECORD WAS SET OR TIED.
MM INDICATES DATA IS MISSING.
T  INDICATES TRACE AMOUNT.

$$
A RECORD SNOWFALL OF 8.3 INCHES WAS SET AT HARRISBURG PA ON THE 15TH.
THIS BROKE THE OLD RECORD OF 3.0 INCHES SET IN 1911.

A RECORD SNOWFALL OF 0.5 INCHES WAS SET AT HARRISBURG PA ON THE 16TH
THIS BROKE THE OLD RECORD OF A TRACE OF SNOW SET IN 1985.

&&
