000
CXUS51 KCTP 011218
CLMMDT

CLIMATE REPORT
NATIONAL WEATHER SERVICE STATE COLLEGE PA
807 AM EDT SAT SEP 1 2018

...................................

...THE HARRISBURG PA CLIMATE SUMMARY FOR THE MONTH OF AUGUST 2018...



CLIMATE NORMAL PERIOD 1981 TO 2010
CLIMATE RECORD PERIOD 1888 TO 2018

WEATHER         OBSERVED          NORMAL  DEPART  LAST YEAR`S
                 VALUE   DATE(S)  VALUE   FROM    VALUE  DATE(S)
                                          NORMAL
................................................................
TEMPERATURE (F)
RECORD
 HIGH             104   08/07/1918
                        08/06/1918
 LOW               45   08/31/1976
HIGHEST            93   08/29                         91  08/22
                        08/28
LOWEST             59   08/24                         56  08/28

AVG. MAXIMUM     85.3              83.4     1.9     81.6
AVG. MINIMUM     69.0              64.5     4.5     64.3
MEAN             77.1              74.0     3.1     73.0
DAYS MAX >= 90      8               3.7     4.3        2
DAYS MAX <= 32      0               0.0     0.0        0
DAYS MIN <= 32      0               0.0     0.0        0
DAYS MIN <= 0       0               0.0     0.0        0

PRECIPITATION (INCHES)
RECORD
 MAXIMUM        10.67   1933
 MINIMUM         0.53   1995

TOTALS           5.28              3.20    2.08     4.67
DAILY AVG.       0.17              0.10    0.07     0.15
DAYS >= .01        15               9.1     5.9       12
DAYS >= .10         9               5.9     3.1        7
DAYS >= .50         5               2.1     2.9        3
DAYS >= 1.00        0               1.0    -1.0        1
GREATEST
 24 HR. TOTAL    0.96   08/01 TO 08/01

SNOWFALL (INCHES)
RECORDS
 TOTAL            0.0   MM
TOTALS            0.0               0.0     0.0      0.0
SINCE 7/1         0.0               0.0     0.0      0.0
SNOWDEPTH AVG.      0                MM      MM        0
DAYS >= 1.0         0               0.0     0.0        0
GREATEST
 SNOW DEPTH         0   MM                             0  MM
 24 HR TOTAL

DEGREE_DAYS
HEATING TOTAL       0                 2      -2        2
 SINCE 7/1          0                 2      -2        2
COOLING TOTAL     383               280     103      257
 SINCE 1/1       1110               896     214      998
.................................................................

WIND (MPH)
AVERAGE WIND SPEED              4.4
HIGHEST WIND SPEED/DIRECTION    30/280    DATE  08/01
HIGHEST GUST SPEED/DIRECTION    41/220    DATE  08/17

SKY COVER
POSSIBLE SUNSHINE (PERCENT)   MM
AVERAGE SKY COVER           0.60
NUMBER OF DAYS FAIR            6
NUMBER OF DAYS PC             12
NUMBER OF DAYS CLOUDY         13

AVERAGE RH (PERCENT)     76

WEATHER CONDITIONS. NUMBER OF DAYS WITH
THUNDERSTORM              8     MIXED PRECIP                0
HEAVY RAIN                8     RAIN                        9
LIGHT RAIN               15     FREEZING RAIN               0
LT FREEZING RAIN          0     HAIL                        0
HEAVY SNOW                0     SNOW                        0
LIGHT SNOW                0     SLEET                       0
FOG                      24     FOG W/VIS <= 1/4 MILE       1
HAZE                      9

-  INDICATES NEGATIVE NUMBERS.
R  INDICATES RECORD WAS SET OR TIED.
MM INDICATES DATA IS MISSING.
T  INDICATES TRACE AMOUNT.

$$

LA CORTE
