000
CXUS54 KMEG 021651
CLMMEG


CLIMATE REPORT
NATIONAL WEATHER SERVICE MEMPHIS TN
1048 AM CST SUN DEC 2 2018

...................................

...THE MEMPHIS/GERMANTOWN WFO CLIMATE SUMMARY FOR THE MONTH OF NOVEMBER 2018...

CLIMATE NORMAL PERIOD 1981 TO 2010
CLIMATE RECORD PERIOD 1988 TO 2018

WEATHER         OBSERVED          NORMAL  DEPART  LAST YEAR`S
                 VALUE   DATE(S)  VALUE   FROM    VALUE  DATE(S)
                                          NORMAL
................................................................
TEMPERATURE (F)
RECORD
 HIGH              86   11/01/2000
 LOW               18   11/18/2014
HIGHEST            72   11/06        MM      MM       82  11/02
LOWEST             24   11/28        MM      MM       25  11/23
                        11/27
AVG. MAXIMUM     55.7              62.4    -6.7     65.0
AVG. MINIMUM     37.0              40.5    -3.5     42.2
MEAN             46.3              51.5    -5.2     53.6
DAYS MAX >= 90      0               0.0     0.0        0
DAYS MAX <= 32      1               0.0     1.0        0
DAYS MIN <= 32     12               6.8     5.2        6
DAYS MIN <= 0       0               0.0     0.0        0

PRECIPITATION (INCHES)
RECORD
 MAXIMUM           MM   MM
 MINIMUM           MM   MM
TOTALS           4.20              5.36   -1.16     1.96
DAILY AVG.       0.14              0.18   -0.04     0.07
DAYS >= .01        13               9.5     3.5        8
DAYS >= .10         9               6.3     2.7        5
DAYS >= .50         3               3.2    -0.2        1
DAYS >= 1.00        1               1.8    -0.8        1
GREATEST
 24 HR. TOTAL    1.20   11/05 TO 11/05

SNOWFALL (INCHES)
RECORDS
 TOTAL             MM   5
TOTALS            0.3               0.0     0.3      0.0
SINCE 7/1         0.3               0.0     0.3      0.0
SNOWDEPTH AVG.      0                MM      MM        0
DAYS >= 1.0         0               0.0     0.0        0
GREATEST
 SNOW DEPTH         T   11/15                          0  MM
 24 HR TOTAL      0.3   11/14 TO 11/14

DEGREE_DAYS
HEATING TOTAL     554               415     139      351
 SINCE 7/1        734               599     135      505
COOLING TOTAL       0                 9      -9       18
 SINCE 1/1       2359              1926     433     2124
.................................................................



-  INDICATES NEGATIVE NUMBERS.
R  INDICATES RECORD WAS SET OR TIED.
MM INDICATES DATA IS MISSING.
T  INDICATES TRACE AMOUNT.

$$
