000
CXUS54 KMEG 022304
CLMMEG


CLIMATE REPORT
NATIONAL WEATHER SERVICE MEMPHIS TN
602 PM CDT SAT JUN 2 2018

...................................

...THE MEMPHIS/GERMANTOWN WFO CLIMATE SUMMARY FOR THE MONTH OF MAY 2018...

CLIMATE NORMAL PERIOD 1981 TO 2010
CLIMATE RECORD PERIOD 1988 TO 2018

WEATHER         OBSERVED          NORMAL  DEPART  LAST YEAR`S
                 VALUE   DATE(S)  VALUE   FROM    VALUE  DATE(S)
                                          NORMAL
................................................................
TEMPERATURE (F)
RECORD
 HIGH              96   05/28/2012
                        05/26/1989
                        05/31/2006
 LOW               35   05/04/2013
HIGHEST            94   05/15        MM      MM       91  05/31
LOWEST             54   05/06        MM      MM       46  05/06
                        05/01                             05/05
                                                          05/04
AVG. MAXIMUM     87.3              80.4     6.9     81.2
AVG. MINIMUM     65.5              59.0     6.5     58.4
MEAN             76.4              69.7     6.7     69.8
DAYS MAX >= 90      8               2.0     6.0        4
DAYS MAX <= 32      0               0.0     0.0        0
DAYS MIN <= 32      0               0.0     0.0        0
DAYS MIN <= 0       0               0.0     0.0        0

PRECIPITATION (INCHES)
RECORD
 MAXIMUM           MM   MM
 MINIMUM           MM   MM
TOTALS           3.99              5.59   -1.60     5.41
DAILY AVG.       0.13              0.18   -0.05     0.17
DAYS >= .01        11              10.6     0.4       13
DAYS >= .10         8               7.8     0.2        9
DAYS >= .50         2               3.5    -1.5        5
DAYS >= 1.00        1               1.5    -0.5        1
GREATEST
 24 HR. TOTAL    1.73   05/17 TO 05/17

SNOWFALL (INCHES)
RECORDS
 TOTAL             MM   5
TOTALS            0.0               0.0     0.0      0.0
SINCE 7/1         3.8               2.4     1.4      1.4
SNOWDEPTH AVG.      0                MM      MM        0
DAYS >= 1.0         0               0.0     0.0        0
GREATEST
 SNOW DEPTH         0   MM                             0  MM
 24 HR TOTAL      0.0   05/31 TO 05/31

DEGREE_DAYS
HEATING TOTAL       0                39     -39       30
 SINCE 7/1       3213              3412    -199     2240
COOLING TOTAL     364               185     179      185
 SINCE 1/1        393               251     142      345
.................................................................



-  INDICATES NEGATIVE NUMBERS.
R  INDICATES RECORD WAS SET OR TIED.
MM INDICATES DATA IS MISSING.
T  INDICATES TRACE AMOUNT.

$$
