000
CXUS54 KMEG 011833
CLMMEG


CLIMATE REPORT
NATIONAL WEATHER SERVICE MEMPHIS TN
132 PM CDT SAT SEP 1 2018

...................................

...THE MEMPHIS/GERMANTOWN WFO CLIMATE SUMMARY FOR THE MONTH OF AUGUST 2018...

CLIMATE NORMAL PERIOD 1981 TO 2010
CLIMATE RECORD PERIOD 1988 TO 2018

WEATHER         OBSERVED          NORMAL  DEPART  LAST YEAR`S
                 VALUE   DATE(S)  VALUE   FROM    VALUE  DATE(S)
                                          NORMAL
................................................................
TEMPERATURE (F)
RECORD
 HIGH             106   08/15/2007
 LOW               47   08/08/2009
HIGHEST            96   08/11        MM      MM       95  08/21
                                                          08/19
LOWEST             63   08/24        MM      MM       61  08/24
                        08/23
                        08/02
AVG. MAXIMUM     90.8              90.6     0.2     87.5
AVG. MINIMUM     70.3              69.5     0.8     69.4
MEAN             80.6              80.1     0.5     78.4
DAYS MAX >= 90     23              17.3     5.7       11
DAYS MAX <= 32      0               0.0     0.0        0
DAYS MIN <= 32      0               0.0     0.0        0
DAYS MIN <= 0       0               0.0     0.0        0

PRECIPITATION (INCHES)
RECORD
 MAXIMUM           MM   MM
 MINIMUM           MM   MM
TOTALS           4.69              3.30    1.39     8.57
DAILY AVG.       0.15              0.11    0.04     0.28
DAYS >= .01         6               6.6    -0.6       13
DAYS >= .10         4               4.4    -0.4        8
DAYS >= .50         3               1.7     1.3        3
DAYS >= 1.00        3               0.7     2.3        2
GREATEST
 24 HR. TOTAL    1.73   08/29 TO 08/29

SNOWFALL (INCHES)
RECORDS
 TOTAL             MM   5
TOTALS              T               0.0     0.0      0.0
SINCE 7/1           T               0.0     0.0      0.0
SNOWDEPTH AVG.      0                MM      MM        0
DAYS >= 1.0         0               0.0     0.0        0
GREATEST
 SNOW DEPTH         0   MM                             0  MM
 24 HR TOTAL        T   08/30 TO 08/30

DEGREE_DAYS
HEATING TOTAL       0                 0       0        0
 SINCE 7/1          0                 0       0        0
COOLING TOTAL     490               467      23      425
 SINCE 1/1       1860              1595     265     1692
.................................................................



-  INDICATES NEGATIVE NUMBERS.
R  INDICATES RECORD WAS SET OR TIED.
MM INDICATES DATA IS MISSING.
T  INDICATES TRACE AMOUNT.

$$
