000
CXUS54 KJAN 011451
CLMMEI


CLIMATE REPORT
NATIONAL WEATHER SERVICE JACKSON MS
945 AM CDT WED AUG 1 2018

...................................

...THE MERIDIAN CLIMATE SUMMARY FOR THE MONTH OF JULY 2018...

CLIMATE NORMAL PERIOD 1981 TO 2010
CLIMATE RECORD PERIOD 1889 TO 2018

WEATHER         OBSERVED          NORMAL  DEPART  LAST YEAR`S
                 VALUE   DATE(S)  VALUE   FROM    VALUE  DATE(S)
                                          NORMAL
................................................................
TEMPERATURE (F)
RECORD
 HIGH             107   07/14/1980
 LOW               54   07/23/1947
HIGHEST            98   07/12        99      -1       97  07/20
LOWEST             67   07/27        64       3       68  07/30
AVG. MAXIMUM     93.7              91.8     1.9     92.7
AVG. MINIMUM     73.2              69.4     3.8     73.0
MEAN             83.4              80.6     2.8     82.9
DAYS MAX >= 90     30              21.2     8.8       29
DAYS MAX <= 32      0               0.0     0.0        0
DAYS MIN <= 32      0               0.0     0.0        0
DAYS MIN <= 0       0               0.0     0.0        0

PRECIPITATION (INCHES)
RECORD
 MAXIMUM        15.29   1959
 MINIMUM         0.56   1918
TOTALS           8.52              5.14    3.38     5.19
DAILY AVG.       0.27              0.17    0.10     0.17
DAYS >= .01        14              11.6     2.4       11
DAYS >= .10        12               7.9     4.1        7
DAYS >= .50         4               3.5     0.5        5
DAYS >= 1.00        2               1.6     0.4        2
GREATEST
 24 HR. TOTAL    3.51   07/31 TO 07/31              1.02

SNOWFALL (INCHES)
RECORDS
 TOTAL            0.0   MM
TOTALS            0.0               0.0     0.0      0.0
SINCE 7/1         0.0               0.0     0.0      0.0
DAYS >= TRACE       0
DAYS >= 1.0         0               0.0     0.0        0
GREATEST
 24 HR TOTAL      0.0   07/31 TO 07/31

DEGREE_DAYS
HEATING TOTAL       0                 0       0        0
 SINCE 7/1          0                 0       0        0
COOLING TOTAL     577               484      93      560
 SINCE 1/1       1613              1147     466     1452
.................................................................

WIND (MPH)
AVERAGE WIND SPEED              4.0
HIGHEST WIND SPEED/DIRECTION    26/280    DATE  07/31
HIGHEST GUST SPEED/DIRECTION    34/290    DATE  07/31

SKY COVER
POSSIBLE SUNSHINE (PERCENT)   MM
AVERAGE SKY COVER           0.30
NUMBER OF DAYS FAIR           23
NUMBER OF DAYS PC              8
NUMBER OF DAYS CLOUDY          0

AVERAGE RH (PERCENT)     72

WEATHER CONDITIONS. NUMBER OF DAYS WITH
THUNDERSTORM             18     MIXED PRECIP               0
HEAVY RAIN                1     RAIN                       5
LIGHT RAIN                9     FREEZING RAIN              0
LT FREEZING RAIN          0     HAIL                       0
HEAVY SNOW                0     SNOW                       0
LIGHT SNOW                0     SLEET                      0
FOG                      12     FOG W/VIS <= 1/4 MILE      1
HAZE                      3

-  INDICATES NEGATIVE NUMBERS.
R  INDICATES RECORD WAS SET OR TIED.
MM INDICATES DATA IS MISSING.
T  INDICATES TRACE AMOUNT.

$$
