000
CXUS54 KJAN 021626
CLMMEI


CLIMATE REPORT
NATIONAL WEATHER SERVICE JACKSON MS
1116 AM CDT FRI NOV 2 2018

...................................

...THE MERIDIAN CLIMATE SUMMARY FOR THE MONTH OF OCTOBER 2018...

CLIMATE NORMAL PERIOD 1981 TO 2010
CLIMATE RECORD PERIOD 1889 TO 2018

WEATHER         OBSERVED          NORMAL  DEPART  LAST YEAR`S
                 VALUE   DATE(S)  VALUE   FROM    VALUE  DATE(S)
                                          NORMAL
................................................................
TEMPERATURE (F)
RECORD
 HIGH              97   10/05/1954
                        10/04/1954
 LOW               24   10/30/1952
HIGHEST            92   10/07        89       3       91  10/13
                        10/06
                        10/05
LOWEST             39   10/22        35       4       32  10/29
AVG. MAXIMUM     80.9              77.3     3.6     80.3
AVG. MINIMUM     58.7              51.0     7.7     55.5
MEAN             69.8              64.1     5.7     67.9
DAYS MAX >= 90      7               0.9     6.1        2
DAYS MAX <= 32      0               0.0     0.0        0
DAYS MIN <= 32      0               0.7    -0.7        1
DAYS MIN <= 0       0               0.0     0.0        0

PRECIPITATION (INCHES)
RECORD
 MAXIMUM        10.65   1970
 MINIMUM         0.00   1963
TOTALS           1.82              3.76   -1.94     2.43
DAILY AVG.       0.06              0.12   -0.06     0.08
DAYS >= .01         5               7.4    -2.4       10
DAYS >= .10         2               4.9    -2.9        7
DAYS >= .50         2               2.2    -0.2        0
DAYS >= 1.00        1               1.1    -0.1        0
GREATEST
 24 HR. TOTAL    1.17   10/25 TO 10/25              0.47

SNOWFALL (INCHES)
RECORDS
 TOTAL            0.0   MM
TOTALS            0.0               0.0     0.0      0.0
SINCE 7/1         0.0               0.0     0.0      0.0
DAYS >= TRACE       0
DAYS >= 1.0         0               0.0     0.0        0
GREATEST
 24 HR TOTAL      0.0   10/31 TO 10/31

DEGREE_DAYS
HEATING TOTAL      50               117     -67       91
 SINCE 7/1         50               124     -74       94
COOLING TOTAL     205                90     115      189
 SINCE 1/1       2854              2013     841     2493
.................................................................

WIND (MPH)
AVERAGE WIND SPEED              4.8
HIGHEST WIND SPEED/DIRECTION    22/090    DATE  10/09
HIGHEST GUST SPEED/DIRECTION    29/080    DATE  10/09

SKY COVER
POSSIBLE SUNSHINE (PERCENT)   MM
AVERAGE SKY COVER           0.30
NUMBER OF DAYS FAIR           21
NUMBER OF DAYS PC              6
NUMBER OF DAYS CLOUDY          4

AVERAGE RH (PERCENT)     71

WEATHER CONDITIONS. NUMBER OF DAYS WITH
THUNDERSTORM              1     MIXED PRECIP               0
HEAVY RAIN                2     RAIN                       2
LIGHT RAIN                9     FREEZING RAIN              0
LT FREEZING RAIN          0     HAIL                       0
HEAVY SNOW                0     SNOW                       0
LIGHT SNOW                0     SLEET                      0
FOG                       8     FOG W/VIS <= 1/4 MILE      1
HAZE                      1

-  INDICATES NEGATIVE NUMBERS.
R  INDICATES RECORD WAS SET OR TIED.
MM INDICATES DATA IS MISSING.
T  INDICATES TRACE AMOUNT.

$$
