000
CXUS51 KCLE 020248
CLMMFD


CLIMATE REPORT
NATIONAL WEATHER SERVICE CLEVELAND OH
1037 PM EDT SUN JUL 1 2018

...................................

...THE MANSFIELD OH CLIMATE SUMMARY FOR THE MONTH OF JUNE 2018...

CLIMATE NORMAL PERIOD 1981 TO 2010
CLIMATE RECORD PERIOD 1916 TO 2018

WEATHER         OBSERVED          NORMAL  DEPART  LAST YEAR`S
                 VALUE   DATE(S)  VALUE   FROM    VALUE
                                          NORMAL
.............................................................
TEMPERATURE (F)
RECORD
 HIGH             101   06/25/1988
 LOW               32   06/06/1945
HIGHEST            93   06/17
LOWEST             44   06/06
AVG. MAXIMUM     80.1              78.1     2.0     79.8
AVG. MINIMUM     61.3              57.3     4.0     58.9
MEAN             70.7              67.7     3.0     69.3
DAYS MAX >= 90      3               0.9     2.1        1
DAYS MAX <= 32      0               0.0     0.0        0
DAYS MIN <= 32      0               0.0     0.0        0
DAYS MIN <= 0       0               0.0     0.0        0

PRECIPITATION (INCHES)
RECORD
 MAXIMUM        10.00   1981
 MINIMUM         0.56   1988
TOTALS           4.30              4.75   -0.45     7.59
DAYS >= .01        13              11.9     1.1       11
DAYS >= .10        10               8.4     1.6        6
DAYS >= .50         4               3.6     0.4        5
DAYS >= 1.00        0               1.1    -1.1        3
GREATEST
 24 HR. TOTAL    0.76   06/08 TO 06/08              3.33

SNOWFALL (INCHES)
RECORDS
TOTALS            0.0               0.0     0.0      0.0
SINCE 7/1        46.3              48.3    -2.0     36.6
DAYS >= 1.0         0               0.0     0.0        0
GREATEST
 24 HR TOTAL      0.0

DEGREE_DAYS
HEATING TOTAL      14                53     -39       33
 SINCE 7/1       5973              6270    -297     5029
COOLING TOTAL     193               134      59      172
 SINCE 1/1        316               180     136      229
..............................................................

WIND (MPH)
AVERAGE WIND SPEED              7.4
HIGHEST WIND SPEED/DIRECTION    21/220    DATE  06/27
HIGHEST GUST SPEED/DIRECTION    30/240    DATE  06/18

SKY COVER
AVERAGE SKY COVER           0.40

AVERAGE RH (PERCENT)     77


-  INDICATES NEGATIVE NUMBERS.
R  INDICATES RECORD WAS SET OR TIED.
MM INDICATES DATA IS MISSING.
T  INDICATES TRACE AMOUNT.

$$
