000
CXUS51 KCLE 011733
CLMMFD


CLIMATE REPORT
NATIONAL WEATHER SERVICE CLEVELAND OH
1257 PM EDT MON OCT 1 2018

...................................

...THE MANSFIELD OH CLIMATE SUMMARY FOR THE MONTH OF SEPTEMBER 2018...

CLIMATE NORMAL PERIOD 1981 TO 2010
CLIMATE RECORD PERIOD 1916 TO 2018

WEATHER         OBSERVED          NORMAL  DEPART  LAST YEAR`S
                 VALUE   DATE(S)  VALUE   FROM    VALUE
                                          NORMAL
.............................................................
TEMPERATURE (F)
RECORD
 HIGH              95   09/10/2013
 LOW               33   09/28/1991
                        09/24/1989
HIGHEST            94   09/05
LOWEST             46   09/28
AVG. MAXIMUM     78.0              73.3     4.7     76.3
AVG. MINIMUM     60.3              52.6     7.7     54.6
MEAN             69.1              63.0     6.1     65.4
DAYS MAX >= 90      6               0.3     5.7        1
DAYS MAX <= 32      0               0.0     0.0        0
DAYS MIN <= 32      0               0.0     0.0        0
DAYS MIN <= 0       0               0.0     0.0        0

PRECIPITATION (INCHES)
RECORD
 MAXIMUM         7.76   1986
 MINIMUM         0.70   1998
TOTALS           4.54              3.32    1.22     1.60
DAYS >= .01        13               9.5     3.5        7
DAYS >= .10         8               5.9     2.1        4
DAYS >= .50         4               2.1     1.9        1
DAYS >= 1.00        1               1.1    -0.1        0
GREATEST
 24 HR. TOTAL    1.36   09/09 TO 09/09              0.85

SNOWFALL (INCHES)
RECORDS
 TOTAL              T   1970
TOTALS            0.0               0.0     0.0      0.0
SINCE 7/1         0.0               0.0     0.0      0.0
DAYS >= 1.0         0               0.0     0.0        0
GREATEST
 24 HR TOTAL      0.0

DEGREE_DAYS
HEATING TOTAL      57               125     -68       90
 SINCE 7/1         58               150     -92      104
COOLING TOTAL     186                63     123      112
 SINCE 1/1       1054               625     429      729
..............................................................

WIND (MPH)
AVERAGE WIND SPEED              7.3
HIGHEST WIND SPEED/DIRECTION    26/210    DATE  09/21
HIGHEST GUST SPEED/DIRECTION    36/210    DATE  09/21

SKY COVER
AVERAGE SKY COVER           0.40

AVERAGE RH (PERCENT)     79

WEATHER CONDITIONS. NUMBER OF DAYS WITH
FOG 21
DENSE FOG 5
THUNDER  4
HAZE 2
-  INDICATES NEGATIVE NUMBERS.
R  INDICATES RECORD WAS SET OR TIED.
MM INDICATES DATA IS MISSING.
T  INDICATES TRACE AMOUNT.

$$
