000
CXUS44 KBRO 010830
CLMMFE


CLIMATE REPORT
NATIONAL WEATHER SERVICE BROWNSVILLE TX
325 AM CDT MON OCT 1 2018

...................................

...THE MCALLEN CLIMATE SUMMARY FOR THE MONTH OF SEPTEMBER 2018...

CLIMATE NORMAL PERIOD 1981 TO 2010
CLIMATE RECORD PERIOD 1961 TO 2018

WEATHER         OBSERVED          NORMAL  DEPART  LAST YEAR`S
                 VALUE   DATE(S)  VALUE   FROM    VALUE  DATE(S)
                                          NORMAL
................................................................
TEMPERATURE (F)
HIGHEST           106   09/02        99       7      102  09/20
                        09/01                             09/13
                                                          09/01
LOWEST             74   09/27        63      11       67  09/08
AVG. MAXIMUM     95.5              93.1     2.4
AVG. MINIMUM     78.6              73.4     5.2
MEAN             87.0              83.3     3.7     86.4
DAYS MAX >= 90     27              23.1     3.9
DAYS MAX <= 32      0               0.0     0.0
DAYS MIN <= 32      0               0.0     0.0
DAYS MIN <= 0       0               0.0     0.0

PRECIPITATION (INCHES)
TOTALS           5.91              4.47    1.44     2.44
DAILY AVG.       0.20              0.15    0.05     0.08
DAYS >= .01        12               7.5     4.5        6
DAYS >= .10         8               5.1     2.9        5
DAYS >= .50         5               2.4     2.6        2
DAYS >= 1.00        3               1.2     1.8        0
GREATEST
 24 HR. TOTAL    1.26   09/09 TO 09/09

DEGREE_DAYS
HEATING TOTAL       0                 0       0        0
 SINCE 7/1          0                 0       0        0
COOLING TOTAL     669               548     121      650
 SINCE 1/1       4538              3799     739     4916
.................................................................

WIND (MPH)
AVERAGE WIND SPEED              8.7
HIGHEST WIND SPEED/DIRECTION    30/350    DATE  09/09
HIGHEST GUST SPEED/DIRECTION    37/350    DATE  09/09

SKY COVER
POSSIBLE SUNSHINE (PERCENT)   MM
AVERAGE SKY COVER           0.30
NUMBER OF DAYS FAIR           21
NUMBER OF DAYS PC              7
NUMBER OF DAYS CLOUDY          2

AVERAGE RH (PERCENT)     72

-  INDICATES NEGATIVE NUMBERS.
R  INDICATES RECORD WAS SET OR TIED.
MM INDICATES DATA IS MISSING.
T  INDICATES TRACE AMOUNT.

$$
