000
CXUS44 KBRO 011621
CLMMFE


CLIMATE REPORT
NATIONAL WEATHER SERVICE BROWNSVILLE TX
1021 AM CST TUE JAN 1 2019

...................................

...THE MCALLEN CLIMATE SUMMARY FOR THE MONTH OF DECEMBER 2018...

CLIMATE NORMAL PERIOD 1981 TO 2010
CLIMATE RECORD PERIOD 1961 TO 2018

WEATHER         OBSERVED          NORMAL  DEPART  LAST YEAR`S
                 VALUE   DATE(S)  VALUE   FROM    VALUE  DATE(S)
                                          NORMAL
................................................................
TEMPERATURE (F)
HIGHEST            88   12/01        87       1       89  12/22
                                                          12/04
LOWEST             36   12/16        34       2       34  12/08
AVG. MAXIMUM     76.4              72.0     4.4
AVG. MINIMUM     53.1              51.9     1.2
MEAN             64.7              62.0     2.7     60.8
DAYS MAX >= 90      0               0.4    -0.4
DAYS MAX <= 32      0               0.0     0.0
DAYS MIN <= 32      0               0.5    -0.5
DAYS MIN <= 0       0               0.0     0.0

PRECIPITATION (INCHES)
TOTALS           0.51              1.19   -0.68     1.23
DAILY AVG.       0.02              0.04   -0.02     0.04
DAYS >= .01         6               5.9     0.1        9
DAYS >= .10         2               2.6    -0.6        4
DAYS >= .50         0               0.7    -0.7        1
DAYS >= 1.00        0               0.1    -0.1        0
GREATEST
 24 HR. TOTAL    0.20   12/13 TO 12/13
 STORM TOTAL       MM
 (MM/DD(HH))            MM

SNOWFALL (INCHES)
TOTALS            0.0               0.0     0.0      0.3
SINCE 7/1         0.0               0.0     0.0      0.3

DEGREE_DAYS
HEATING TOTAL      94               177     -83      212
 SINCE 7/1        228               237      -9      241
COOLING TOTAL      93                83      10       88
 SINCE 1/1       5195              4452     743     5698
.................................................................

WIND (MPH)
AVERAGE WIND SPEED              8.4
HIGHEST WIND SPEED/DIRECTION    39/160    DATE  12/26
HIGHEST GUST SPEED/DIRECTION    52/170    DATE  12/26

SKY COVER
POSSIBLE SUNSHINE (PERCENT)   MM
AVERAGE SKY COVER           0.30
NUMBER OF DAYS FAIR           18
NUMBER OF DAYS PC              8
NUMBER OF DAYS CLOUDY          5

AVERAGE RH (PERCENT)     66

WEATHER CONDITIONS. NUMBER OF DAYS WITH
  0
  2
  0
  0
  0
  0
  4
HAZE                      7

-  INDICATES NEGATIVE NUMBERS.
R  INDICATES RECORD WAS SET OR TIED.
MM INDICATES DATA IS MISSING.
T  INDICATES TRACE AMOUNT.

$$
