060
CXUS44 KBRO 170128
CLMMFE


CLIMATE REPORT
NATIONAL WEATHER SERVICE BROWNSVILLE TX
822 PM CDT MON JUL 16 2018

...................................

...THE MCALLEN CLIMATE SUMMARY FOR THE MONTH OF JUNE 2018...

CLIMATE NORMAL PERIOD 1981 TO 2010
CLIMATE RECORD PERIOD 1961 TO 2018

WEATHER         OBSERVED          NORMAL  DEPART  LAST YEAR`S
                 VALUE   DATE(S)  VALUE   FROM    VALUE  DATE(S)
                                          NORMAL
................................................................
TEMPERATURE (F)
HIGHEST           104   06/07        99       5      111  06/22
                        06/05
LOWEST             76   06/22        68       8       73  06/08
                        06/21
                        06/20
AVG. MAXIMUM     98.0              96.2     1.8
AVG. MINIMUM     79.5              75.7     3.8
MEAN             88.7              85.9     2.8     89.7
DAYS MAX >= 90     25              27.8    -2.8
DAYS MAX <= 32      0               0.0     0.0
DAYS MIN <= 32      0               0.0     0.0
DAYS MIN <= 0       0               0.0     0.0

PRECIPITATION (INCHES)
TOTALS          11.74*             2.58    9.16     0.18
DAILY AVG.         MM              0.09      MM     0.01
DAYS >= .01        MM               5.4      MM        3
DAYS >= .10        MM               3.5      MM        0
DAYS >= .50        MM               1.5      MM        0
DAYS >= 1.00       MM               0.7      MM        0

DEGREE_DAYS
HEATING TOTAL       0                 0       0        0
 SINCE 7/1        550               579     -29      189
COOLING TOTAL     649               628      21      747
 SINCE 1/1       2297              1883     414     2686
.................................................................

WIND (MPH)
AVERAGE WIND SPEED              12.5
HIGHEST WIND SPEED/DIRECTION    31/130    DATE  06/10
HIGHEST GUST SPEED/DIRECTION    37/140    DATE  06/16

SKY COVER
POSSIBLE SUNSHINE (PERCENT)   MM
AVERAGE SKY COVER           0.30
NUMBER OF DAYS FAIR           16
NUMBER OF DAYS PC             13
NUMBER OF DAYS CLOUDY          1

AVERAGE RH (PERCENT)     70

-  INDICATES NEGATIVE NUMBERS.
R  INDICATES RECORD WAS SET OR TIED.
MM INDICATES DATA IS MISSING.
T  INDICATES TRACE AMOUNT.

*  NOTE THAT DURING MULTIPLE DAYS, INCLUDING THE HEAVY RAINFALL EVENT
FROM JUNE 18-22, THE MCALLEN ASOS SUFFERED AN EQUIPMENT FAILURE TO THE
TIPPING BUCKET, INCURRING THE LOSS OF ALL RAINFALL MEASUREMENTS AT THE
SITE. THE NEARBY COOPERATIVE OBSERVER IN MCALLEN REPORTED AN OFFICIAL
TOTAL RAINFALL FOR THE MONTH OF JUNE OF 11.74 INCHES.

$$
