000
CXUS54 KBMX 011845
CLMMGM


CLIMATE REPORT
NATIONAL WEATHER SERVICE BIRMINGHAM, AL
145 PM CDT SUN JUL 1 2018

...................................

...THE MONTGOMERY CLIMATE SUMMARY FOR THE MONTH OF JUNE 2018...

CLIMATE NORMAL PERIOD 1981 TO 2010
CLIMATE RECORD PERIOD 1872 TO 2018

WEATHER         OBSERVED          NORMAL  DEPART  LAST YEAR`S
                 VALUE   DATE(S)  VALUE   FROM    VALUE  DATE(S)
                                          NORMAL
................................................................
TEMPERATURE (F)
RECORD
 HIGH             106   06/27/1881
 LOW               48   06/01/1889
HIGHEST            98   06/28        MM      MM       94  06/15
LOWEST             64   06/06        MM      MM       62  06/09
                        06/05
AVG. MAXIMUM     92.3              89.8     2.5     87.9
AVG. MINIMUM     70.6              68.1     2.5     70.8
MEAN             81.5                               79.4
DAYS MAX >= 90     25              15.9     9.1       11
DAYS MAX <= 32      0               0.0     0.0        0
DAYS MIN <= 32      0               0.0     0.0        0
DAYS MIN <= 0       0               0.0     0.0        0

PRECIPITATION (INCHES)
RECORD
 MAXIMUM        15.59   1928
 MINIMUM         0.33   1979
TOTALS           1.52              4.07   -2.55    12.04
DAILY AVG.       0.05              0.14   -0.09     0.40
DAYS >= .01         7               9.7    -2.7       19
DAYS >= .10         4               6.2    -2.2       12
DAYS >= .50         0               2.8    -2.8        7
DAYS >= 1.00        0               1.1    -1.1        3

DEGREE_DAYS
HEATING TOTAL       0                 0       0        0
 SINCE 7/1       2036              2236    -200     1206
COOLING TOTAL     503               419      84      436
 SINCE 1/1        988               758     230     1018
.................................................................

WIND (MPH)
AVERAGE WIND SPEED              4.7
HIGHEST WIND SPEED/DIRECTION    33/010    DATE  06/28
HIGHEST GUST SPEED/DIRECTION    45/020    DATE  06/28

AVERAGE RH (PERCENT)     74

WEATHER CONDITIONS. NUMBER OF DAYS WITH
THUNDERSTORM             11     MIXED PRECIP               0
HEAVY RAIN                5     RAIN                       5
LIGHT RAIN                8     FREEZING RAIN              0
LT FREEZING RAIN          0     HAIL                       0
HEAVY SNOW                0     SNOW                       0
LIGHT SNOW                0     SLEET                      0
FOG                      18     FOG W/VIS <= 1/4 MILE      1
HAZE                      3

-  INDICATES NEGATIVE NUMBERS.
R  INDICATES RECORD WAS SET OR TIED.
MM INDICATES DATA IS MISSING.
T  INDICATES TRACE AMOUNT.

$$
