000
CXUS54 KBMX 030054
CLMMGM


CLIMATE REPORT
NATIONAL WEATHER SERVICE BIRMINGHAM, AL
754 PM CDT MON APR 2 2018

...................................

...THE MONTGOMERY CLIMATE SUMMARY FOR THE MONTH OF MARCH 2018...

CLIMATE NORMAL PERIOD 1981 TO 2010
CLIMATE RECORD PERIOD 1872 TO 2018

WEATHER         OBSERVED          NORMAL  DEPART  LAST YEAR`S
                 VALUE   DATE(S)  VALUE   FROM    VALUE  DATE(S)
                                          NORMAL
................................................................
TEMPERATURE (F)
RECORD
 HIGH              90   03/24/1929
                        03/21/1907
 LOW               17   03/14/1993
HIGHEST            84   03/01        MM      MM       88  03/21
LOWEST             30   03/15        MM      MM       28  03/16
                        03/09
AVG. MAXIMUM     70.3              69.7     0.6     74.0
AVG. MINIMUM     45.5              45.3     0.2     49.8
MEAN             57.9                               61.9
DAYS MAX >= 90      0               0.0     0.0        0
DAYS MAX <= 32      0               0.0     0.0        0
DAYS MIN <= 32      3               2.1     0.9        2
DAYS MIN <= 0       0               0.0     0.0        0

PRECIPITATION (INCHES)
RECORD
 MAXIMUM        16.51   1909
 MINIMUM         0.72   1887
TOTALS           3.18              5.95   -2.77     3.72
DAILY AVG.       0.10              0.19   -0.09     0.12
DAYS >= .01         9               8.7     0.3       10
DAYS >= .10         3               6.4    -3.4        7
DAYS >= .50         3               3.9    -0.9        3
DAYS >= 1.00        1               2.0    -1.0        0

DEGREE_DAYS
HEATING TOTAL     248               255      -7      169
 SINCE 7/1       1927              2127    -200     1166
COOLING TOTAL      37                23      14       81
 SINCE 1/1        102                29      73      127
.................................................................

WIND (MPH)
AVERAGE WIND SPEED              8.0
HIGHEST WIND SPEED/DIRECTION    31/280    DATE  03/01
HIGHEST GUST SPEED/DIRECTION    40/290    DATE  03/01

AVERAGE RH (PERCENT)     65

WEATHER CONDITIONS. NUMBER OF DAYS WITH
THUNDERSTORM              2     MIXED PRECIP               0
HEAVY RAIN                3     RAIN                       3
LIGHT RAIN                8     FREEZING RAIN              0
LT FREEZING RAIN          0     HAIL                       0
HEAVY SNOW                0     SNOW                       0
LIGHT SNOW                0     SLEET                      0
FOG                       7     FOG W/VIS <= 1/4 MILE      1
HAZE                      0

-  INDICATES NEGATIVE NUMBERS.
R  INDICATES RECORD WAS SET OR TIED.
MM INDICATES DATA IS MISSING.
T  INDICATES TRACE AMOUNT.

$$
