000
CXUS51 KPBZ 011319
CLMMGW


CLIMATE REPORT
NATIONAL WEATHER SERVICE PITTSBURGH PA
919 AM EDT WED AUG 1 2018

...................................

...THE MORGANTOWN WV CLIMATE SUMMARY FOR THE MONTH OF JULY 2018...

CLIMATE NORMAL PERIOD 1981 TO 2010
CLIMATE RECORD PERIOD 1872 TO 2018

WEATHER         OBSERVED          NORMAL  DEPART  LAST YEAR`S
                 VALUE   DATE(S)  VALUE   FROM    VALUE  DATE(S)
                                          NORMAL
................................................................
TEMPERATURE (F)
RECORD
 HIGH             103   MM
 LOW               49   07/01/2010
HIGHEST            93   07/04        MM      MM       90  07/19
                        07/03
LOWEST             56   07/29        MM      MM       52  07/30
                        07/19
                        07/07
AVG. MAXIMUM     85.2              83.4     1.8     83.4
AVG. MINIMUM     64.3              62.9     1.4     64.4
MEAN             74.8              73.2     1.6     73.9
DAYS MAX >= 90      5               3.4     1.6        1
DAYS MAX <= 32      0               0.0     0.0        0
DAYS MIN <= 32      0               0.0     0.0        0
DAYS MIN <= 0       0               0.0     0.0        0

PRECIPITATION (INCHES)
RECORD
 MAXIMUM           MM   MM
 MINIMUM           MM   MM
TOTALS           3.98              4.62   -0.64
DAILY AVG.       0.13              0.15   -0.02
DAYS >= .01        12              11.7     0.3
DAYS >= .10         9               8.0     1.0
DAYS >= .50         3               3.3    -0.3
DAYS >= 1.00        1               1.1    -0.1
GREATEST
 24 HR. TOTAL    1.28   07/25 TO 07/25

DEGREE_DAYS
HEATING TOTAL       0                 3      -3
 SINCE 7/1          0                 3      -3
COOLING TOTAL     311               255      56
 SINCE 1/1        725               484     241
.................................................................

WIND (MPH)
AVERAGE WIND SPEED              3.5
HIGHEST WIND SPEED/DIRECTION    18/130    DATE  07/23
HIGHEST GUST SPEED/DIRECTION    28/320    DATE  07/05

AVERAGE RH (PERCENT)     71

WEATHER CONDITIONS. NUMBER OF DAYS WITH
THUNDERSTORM             13     MIXED PRECIP               0
HEAVY RAIN                6     RAIN                       7
LIGHT RAIN               12     FREEZING RAIN              0
LT FREEZING RAIN          0     HAIL                       0
HEAVY SNOW                0     SNOW                       0
LIGHT SNOW                0     SLEET                      0
FOG                      15     FOG W/VIS <= 1/4 MILE      1
HAZE                      2

-  INDICATES NEGATIVE NUMBERS.
R  INDICATES RECORD WAS SET OR TIED.
MM INDICATES DATA IS MISSING.
T  INDICATES TRACE AMOUNT.

$$
