000
CXUS51 KPBZ 011638 CCA
CLMMGW

CLIMATE REPORT
NATIONAL WEATHER SERVICE PITTSBURGH PA
1240 PM EDT MON OCT 1 2018

...................................

...THE MORGANTOWN WV CLIMATE SUMMARY FOR THE MONTH OF SEPTEMBER 2018...

CLIMATE NORMAL PERIOD 1981 TO 2010
CLIMATE RECORD PERIOD 1872 TO 2018

WEATHER         OBSERVED          NORMAL  DEPART  LAST YEAR`S
                 VALUE   DATE(S)  VALUE   FROM    VALUE  DATE(S)
                                          NORMAL
................................................................
TEMPERATURE (F)
RECORD
 HIGH             102   09/03/1953
 LOW               30   09/24/1983
HIGHEST            92   09/05        80      12       88  09/27
                        09/04        80      12           09/26
                                                          09/24
LOWEST             50   09/30        49      01       45  09/30
                                                          09/10
AVG. MAXIMUM     78.7              75.7     3.0     76.1
AVG. MINIMUM     62.5              54.7     7.8     56.3
MEAN             70.6              65.2     5.4     66.2
DAYS MAX >= 90      4               0.6     3.4        0
DAYS MAX <= 32      0               0.0     0.0        0
DAYS MIN <= 32      0               0.0     0.0        0
DAYS MIN <= 0       0               0.0     0.0        0

PRECIPITATION (INCHES)
RECORD
 MAXIMUM         9.08   09/30/1945
 MINIMUM         0.38   09/30/1893
TOTALS           9.03              3.21    5.82
DAILY AVG.       0.30              0.11    0.19
DAYS >= .01        16               9.9     6.1
DAYS >= .10        11               6.6     4.4
DAYS >= .50         5               1.9     3.1
DAYS >= 1.00        2               0.6     1.4
GREATEST
 24 HR. TOTAL    2.77   09/09 TO 09/09

DEGREE_DAYS
HEATING TOTAL      27                86     -59
 SINCE 7/1         27                97     -70
COOLING TOTAL     201                92     109
 SINCE 1/1       1212               801     411
.................................................................

WIND (MPH)
AVERAGE WIND SPEED              4.2
HIGHEST WIND SPEED/DIRECTION    28/110    DATE  09/09
HIGHEST GUST SPEED/DIRECTION    37/120    DATE  09/09

AVERAGE RH (PERCENT)     79

WEATHER CONDITIONS. NUMBER OF DAYS WITH
THUNDERSTORM              3     MIXED PRECIP               0
HEAVY RAIN                5     RAIN                      13
LIGHT RAIN               16     FREEZING RAIN              0
LT FREEZING RAIN          0     HAIL                       0
HEAVY SNOW                0     SNOW                       0
LIGHT SNOW                0     SLEET                      0
FOG                      22     FOG W/VIS <= 1/4 MILE      5
HAZE                      1

-  INDICATES NEGATIVE NUMBERS.
R  INDICATES RECORD WAS SET OR TIED.
MM INDICATES DATA IS MISSING.
T  INDICATES TRACE AMOUNT.

$$
