120
CXUS51 KPBZ 011551
CLMMGW


CLIMATE REPORT
NATIONAL WEATHER SERVICE PITTSBURGH PA
913 AM EST THU FEB 1 2018

...................................

...THE MORGANTOWN WV CLIMATE SUMMARY FOR THE MONTH OF JANUARY 2018...

CLIMATE NORMAL PERIOD 1981 TO 2010
CLIMATE RECORD PERIOD 1872 TO 2018

WEATHER         OBSERVED          NORMAL  DEPART  LAST YEAR`S
                 VALUE   DATE(S)  VALUE   FROM    VALUE  DATE(S)
                                          NORMAL
................................................................
TEMPERATURE (F)
RECORD
 HIGH              79   01/29/1914
 LOW              -20   01/16/1972
HIGHEST            68   01/22        39      29     67  01/12
                        01/11
LOWEST             -6   01/07        24     -30      2  01/09
AVG. MAXIMUM     38.7              39.0    -0.3     44.7
AVG. MINIMUM     19.8              23.7    -3.9     30.3
MEAN             29.2              31.3    -2.1     37.5
DAYS MAX >= 90      0               0.0     0.0        0
DAYS MAX <= 32     12               9.5     2.5        6
DAYS MIN <= 32     24              23.0     1.0       17
DAYS MIN <= 0       4               0.9     3.1        0

PRECIPITATION (INCHES)
RECORD
 MAXIMUM         1.97   01/10/1937

TOTALS           2.78              2.81   -0.03
DAILY AVG.       0.09              0.09    0.00
DAYS >= .01        11              15.2    -4.2
DAYS >= .10         7               7.1    -0.1
DAYS >= .50         1               1.6    -0.6
DAYS >= 1.00        1               0.3     0.7
GREATEST
 24 HR. TOTAL    1.23   01/12 TO 01/12

DEGREE_DAYS
HEATING TOTAL    1099              1043      56
 SINCE 7/1       2998              3027     -29
COOLING TOTAL       0                 0       0
 SINCE 1/1          0                 0       0
.................................................................

WIND (MPH)
AVERAGE WIND SPEED              5.5
HIGHEST WIND SPEED/DIRECTION    23/170    DATE  01/11
HIGHEST GUST SPEED/DIRECTION    35/300    DATE  01/23

AVERAGE RH (PERCENT)     65

WEATHER CONDITIONS. NUMBER OF DAYS WITH
THUNDERSTORM              0     MIXED PRECIP               0
HEAVY RAIN                1     RAIN                       4
LIGHT RAIN                7     FREEZING RAIN              0
LT FREEZING RAIN          0     HAIL                       0
HEAVY SNOW                0     SNOW                       2
LIGHT SNOW               12     SLEET                      0
FOG                      14     FOG W/VIS <= 1/4 MILE      0
HAZE                     11

-  INDICATES NEGATIVE NUMBERS.
R  INDICATES RECORD WAS SET OR TIED.
MM INDICATES DATA IS MISSING.
T  INDICATES TRACE AMOUNT.

$$
