000
CXUS53 KTOP 011430
CLMMHK


CLIMATE REPORT
NATIONAL WEATHER SERVICE TOPEKA KS
830 AM CST SAT DEC 1 2018

...................................

...THE MANHATTAN KS CLIMATE SUMMARY FOR THE MONTH OF NOVEMBER 2018...

CLIMATE NORMAL PERIOD 1981 TO 2010
CLIMATE RECORD PERIOD 9999 TO 9999

WEATHER         OBSERVED          NORMAL  DEPART  LAST YEAR`S
                 VALUE   DATE(S)  VALUE   FROM    VALUE
                                          NORMAL
.............................................................
TEMPERATURE (F)
HIGHEST            67   11/22                         81
LOWEST             11   11/13                         14
AVG. MAXIMUM     49.3              54.9    -5.6     58.4
AVG. MINIMUM     26.1              30.1    -4.0     32.0
MEAN             37.7              42.5    -4.8     45.2
DAYS MAX >= 90      0               0.0     0.0        0
DAYS MAX <= 32      3               0.5     2.5        0
DAYS MIN <= 32     24              18.3     5.7       18
DAYS MIN <= 0       0               0.0     0.0        0

PRECIPITATION (INCHES)
TOTALS           0.77              1.60   -0.83     0.10
DAILY AVG.       0.03                               0.00
DAYS >= .01         4                                  4
DAYS >= .10         4                                  0
DAYS >= .50         0                                  0
DAYS >= 1.00        0                                  0
GREATEST
 24 HR. TOTAL    0.25   11/08 TO 11/08              0.07

DEGREE_DAYS
HEATING TOTAL     814               676     138      585
 SINCE 7/1       1217              1075     142      882
COOLING TOTAL       0                 1      -1        1
 SINCE 1/1       1891              1362     529     1566
..............................................................

WIND (MPH)
AVERAGE WIND SPEED              6.0
HIGHEST WIND SPEED/DIRECTION    32/030    DATE  11/25
HIGHEST GUST SPEED/DIRECTION    50/330    DATE  11/25

SKY COVER
POSSIBLE SUNSHINE (PERCENT)   MM
AVERAGE SKY COVER           0.30
NUMBER OF DAYS FAIR           16
NUMBER OF DAYS PC             11
NUMBER OF DAYS CLOUDY          3

AVERAGE RH (PERCENT)     70


-  INDICATES NEGATIVE NUMBERS.
R  INDICATES RECORD WAS SET OR TIED.
MM INDICATES DATA IS MISSING.
T  INDICATES TRACE AMOUNT.

$$
