000
CXUS53 KTOP 011430
CLMMHK


CLIMATE REPORT
NATIONAL WEATHER SERVICE TOPEKA KS
827 AM CST THU FEB 1 2018

...................................

...THE MANHATTAN KS CLIMATE SUMMARY FOR THE MONTH OF JANUARY 2018...

CLIMATE NORMAL PERIOD 1981 TO 2010
CLIMATE RECORD PERIOD 9999 TO 9999

WEATHER         OBSERVED          NORMAL  DEPART  LAST YEAR`S
                 VALUE   DATE(S)  VALUE   FROM    VALUE
                                          NORMAL
.............................................................
TEMPERATURE (F)
HIGHEST            68   01/25                         66
LOWEST             -9   01/01                         -3
AVG. MAXIMUM     43.1              40.6     2.5     44.2
AVG. MINIMUM     17.4              16.8     0.6     21.9
MEAN             30.2              28.7     1.5     33.0
DAYS MAX >= 90      0               0.0     0.0        0
DAYS MAX <= 32      8               8.7    -0.7        6
DAYS MIN <= 32     26              29.7    -3.7       25
DAYS MIN <= 0       4               2.0     2.0        2

PRECIPITATION (INCHES)
TOTALS           0.50              0.65   -0.15     1.38
DAILY AVG.       0.02                               0.04
DAYS >= .01         3                                  8
DAYS >= .10         2                                  3
DAYS >= .50         0                                  1
DAYS >= 1.00        0                                  0
GREATEST
 24 HR. TOTAL    0.30   01/11 TO 01/11              1.04

DEGREE_DAYS
HEATING TOTAL    1038              1125     -87      982
 SINCE 7/1       2903              3266    -363     2669
COOLING TOTAL       0                 0       0        0
 SINCE 1/1          0                 0       0        0
..............................................................

WIND (MPH)
AVERAGE WIND SPEED              7.3
HIGHEST WIND SPEED/DIRECTION    36/210    DATE  01/26
HIGHEST GUST SPEED/DIRECTION    44/210    DATE  01/26

SKY COVER
POSSIBLE SUNSHINE (PERCENT)   MM
AVERAGE SKY COVER           0.20
NUMBER OF DAYS FAIR           21
NUMBER OF DAYS PC              7
NUMBER OF DAYS CLOUDY          3

AVERAGE RH (PERCENT)     62

WEATHER CONDITIONS. NUMBER OF DAYS WITH
THUNDERSTORM              0     MIXED PRECIP               0
HEAVY RAIN                0     RAIN                       1
LIGHT RAIN                4     FREEZING RAIN              1
LT FREEZING RAIN          1     HEAVY SNOW                 1
SNOW                      2     LIGHT SNOW                 6
FOG                       9     FOG W/VIS <= 1/4 MILE      3
HAZE                      7

-  INDICATES NEGATIVE NUMBERS.
R  INDICATES RECORD WAS SET OR TIED.
MM INDICATES DATA IS MISSING.
T  INDICATES TRACE AMOUNT.

$$
