000
CXUS53 KTOP 011432
CLMMHK


CLIMATE REPORT
NATIONAL WEATHER SERVICE TOPEKA KS
929 AM CDT FRI JUN 1 2018

...................................

...THE MANHATTAN KS CLIMATE SUMMARY FOR THE MONTH OF MAY 2018...

CLIMATE NORMAL PERIOD 1981 TO 2010
CLIMATE RECORD PERIOD 9999 TO 9999

WEATHER         OBSERVED          NORMAL  DEPART  LAST YEAR`S
                 VALUE   DATE(S)  VALUE   FROM    VALUE
                                          NORMAL
.............................................................
TEMPERATURE (F)
HIGHEST           101   05/26                         92
LOWEST             48   05/06                         38
                        05/05
AVG. MAXIMUM     87.5              76.1    11.4     77.7
AVG. MINIMUM     59.9              51.3     8.6     51.5
MEAN             73.7              63.7    10.0     64.6
DAYS MAX >= 90     11               1.9     9.1        1
DAYS MAX <= 32      0               0.0     0.0        0
DAYS MIN <= 32      0               0.4    -0.4        0
DAYS MIN <= 0       0               0.0     0.0        0

PRECIPITATION (INCHES)
TOTALS           3.04              4.48   -1.44     3.33
DAILY AVG.       0.10                               0.11
DAYS >= .01         6                                 13
DAYS >= .10         4                                  6
DAYS >= .50         4                                  3
DAYS >= 1.00        1                                  1
GREATEST
 24 HR. TOTAL    1.34   05/29 TO 05/29              1.04

DEGREE_DAYS
HEATING TOTAL       3               123    -120       94
 SINCE 7/1       4889              5304    -415     4169
COOLING TOTAL     278                83     195       90
 SINCE 1/1        289               100     189      134
..............................................................

WIND (MPH)
AVERAGE WIND SPEED              6.4
HIGHEST WIND SPEED/DIRECTION    29/250    DATE  05/29
HIGHEST GUST SPEED/DIRECTION    48/240    DATE  05/29

SKY COVER
POSSIBLE SUNSHINE (PERCENT)    0
AVERAGE SKY COVER           0.20
NUMBER OF DAYS FAIR           25
NUMBER OF DAYS PC              4
NUMBER OF DAYS CLOUDY          2

AVERAGE RH (PERCENT)     64


-  INDICATES NEGATIVE NUMBERS.
R  INDICATES RECORD WAS SET OR TIED.
MM INDICATES DATA IS MISSING.
T  INDICATES TRACE AMOUNT.

$$
