000
CXUS51 KGYX 042135
CLMMHT

PWMCLMMHT 000
TTAA00 KGYX 041414


CLIMATE REPORT
NATIONAL WEATHER SERVICE GRAY ME
435 PM EST SUN NOV 4 2018

...................................

...THE MANCHESTER CLIMATE SUMMARY FOR THE MONTH OF OCTOBER 2018...

CLIMATE NORMAL PERIOD 1981 TO 2010
CLIMATE RECORD PERIOD 1948 TO 2018

WEATHER         OBSERVED          NORMAL  DEPART  LAST YEAR`S
                 VALUE   DATE(S)  VALUE   FROM    VALUE
                                          NORMAL
.............................................................
TEMPERATURE (F)
HIGHEST            84   10/10        80       4
LOWEST             28   10/31        27       1
AVG. MAXIMUM     58.2              61.0    -2.8
AVG. MINIMUM     42.5              40.6     1.9
MEAN             50.4              50.8    -0.4
DAYS MAX >= 90      0               0.0     0.0
DAYS MAX <= 32      0               0.0     0.0
DAYS MIN <= 32      6               3.5     2.5
DAYS MIN <= 0       0               0.0     0.0

PRECIPITATION (INCHES)
TOTALS           2.98              4.16   -1.18
DAILY AVG.       0.10              0.13   -0.03
DAYS >= .01        14              10.2     3.8
DAYS >= .10         7               6.3     0.7
DAYS >= .50         2               2.6    -0.6
DAYS >= 1.00        0               0.9    -0.9
GREATEST
 24 HR. TOTAL    0.60   10/27 TO 10/27

SNOWFALL (INCHES)
TOTALS              T
SINCE 7/1           T
DAYS >= TRACE       1
DAYS >= 1.0         0
GREATEST
 SNOW DEPTH         0

DEGREE_DAYS
HEATING TOTAL     460               444      16
 SINCE 7/1        539               587     -48      258
COOLING TOTAL      13                 4       9
 SINCE 1/1       1063               642     421      812
..............................................................

WIND (MPH)
AVERAGE WIND SPEED              6.6
HIGHEST WIND SPEED/DIRECTION    28/330    DATE  10/21
HIGHEST GUST SPEED/DIRECTION    44/300    DATE  10/16

SKY COVER
AVERAGE SKY COVER           0.70

AVERAGE RH (PERCENT)     74


-  INDICATES NEGATIVE NUMBERS.
R  INDICATES RECORD WAS SET OR TIED.
MM INDICATES DATA IS MISSING.
T  INDICATES TRACE AMOUNT.

&&

WHILE THE LAST FEW MONTHS SAW PERSISTENT WARMTH UNDERNEATH A RIDGE
OF HIGH PRESSURE, THE WEATHER PATTERN SHIFTED IN OCTOBER. THE WARM
WEATHER PERSISTED FOR THE FIRST PART OF THE MONTH, CLIMAXING WITH
TWO DAYS IN THE 80S ON OCTOBER 9 AND 10. BUT A COLD FRONT BLEW
THROUGH LATE ON THE 10TH WHICH BROUGHT COOLER TEMPERATURES FOR THE
REST OF THE MONTH. A TROUGH OF LOW PRESSURE OVER THE CENTRAL AND
EASTERN PART OF THE COUNTRY BROUGHT SEVERAL ROUNDS OF COLDER WEATHER
ALONG WITH FREQUENT CLOUDS AND PRECIPITATION. THE FIRST FREEZE OF
THE SEASON CAME ON OCTOBER 18 ALONG WITH THE FIRST FLAKES OF SNOW.
THE CLOUDY WEATHER LED TO COOLER THAN NORMAL HIGH TEMPERATURES WITH
WARMER THAN NORMAL LOW TEMPERATURES.

THE AVERAGE TEMPERATURE FOR THE MONTH WAS 50.4 DEGREES WHICH WAS THE
COLDEST OCTOBER SINCE 2009. THE TEMPERATURE RANGED FROM 84 DEGREES
ON THE 10TH TO 28 DEGREES ON THE 31ST. A TOTAL OF 2.98 INCHES OF
PRECIPITATION FELL WHICH WAS 1.18 INCHES BELOW NORMAL. ALTHOUGH
TOTAL PRECIPITATION WAS BELOW NORMAL, THERE WERE 14 DAYS WITH
MEASURABLE RAINFALL, ABOUT 40 PERCENT MORE THAN NORMAL. A TRACE OF
SNOW WAS REPORTED ON THE 18TH, THE FIRST SNOWFALL REPORTED IN
OCTOBER SINCE 2011.

HISTORICAL RECORDS AT MANCHESTER ARE NOT PROVIDED DUE TO NUMEROUS
MISSING YEARS WITHIN THE HISTORICAL RECORD. ALTHOUGH THE EARLIEST
DATA AVAILABLE IS IN 1885, THERE ARE SIGNIFICANT GAPS IN THE DATA. A
LOCAL STUDY HAS YET TO BE COMPLETED TO DETERMINE IF MEANINGFUL
INFORMATION ON EXTREME TEMPERATURE, PRECIPITATION, OR SNOWFALL CAN
BE REPORTED.

$$
