000
CXUS52 KMFL 011426 CCA
CLMMIA

CLIMATE REPORT
NATIONAL WEATHER SERVICE MIAMI, FL
947 AM EDT SAT SEP 1 2018

...................................

...THE MIAMI CLIMATE SUMMARY FOR THE MONTH OF AUGUST 2018...

CLIMATE NORMAL PERIOD 1981 TO 2010
CLIMATE RECORD PERIOD 1895 TO 2018

WEATHER         OBSERVED          NORMAL  DEPART  LAST YEAR`S
                 VALUE   DATE(S)  VALUE   FROM    VALUE
                                          NORMAL
.............................................................
TEMPERATURE (F)
RECORD
 HIGH              98   08/01/1990
                        08/09/1987
                        08/06/1954
 LOW               67   08/18/1938
                        08/04/1937
                        08/14/1911
HIGHEST            94   08/10                         95
LOWEST             73   08/25                         73
                        08/10
                        08/09
AVG. MAXIMUM     90.0              91.0    -1.0     92.1
AVG. MINIMUM     77.0              77.4    -0.4     79.4
MEAN             83.5              84.2    -0.7     85.7
DAYS MAX >= 90     24                                 27
DAYS MAX <= 32      0                                  0
DAYS MIN <= 32      0                                  0
DAYS MIN <= 0       0                                  0

PRECIPITATION (INCHES)
RECORD
 MAXIMUM        16.88   1943
 MINIMUM         1.15   1938
TOTALS           9.58              8.88    0.70     8.57
DAILY AVG.       0.31              0.29    0.02
DAYS >= .01        21                                 18
DAYS >= .10        16                                 12
DAYS >= .50         8                                  8
DAYS >= 1.00        2                                  3
GREATEST
 24 HR. TOTAL    2.17   08/11 TO 08/11              1.33

DEGREE_DAYS
HEATING TOTAL       0                 0       0        0
 SINCE 7/1          0                 0       0        0
COOLING TOTAL     581               595     -14      652
 SINCE 1/1       3172              3075      97     3574
..............................................................

WIND (MPH)
AVERAGE WIND SPEED              7.4
HIGHEST WIND SPEED/DIRECTION    26/020    DATE  08/09
HIGHEST GUST SPEED/DIRECTION    35/080    DATE  08/26

SKY COVER
POSSIBLE SUNSHINE (PERCENT)   MM
AVERAGE SKY COVER           0.60
NUMBER OF DAYS FAIR            0
NUMBER OF DAYS PC             25
NUMBER OF DAYS CLOUDY          6

AVERAGE RH (PERCENT)     78

WEATHER CONDITIONS. NUMBER OF DAYS WITH
THUNDERSTORM             24     MIXED PRECIP               0
HEAVY RAIN                9     RAIN                       10
LIGHT RAIN               23     FREEZING RAIN              0
LT FREEZING RAIN          0     HAIL                       0
HEAVY SNOW                0     SNOW                       0
LIGHT SNOW                0     SLEET                      0
FOG                       16    FOG W/VIS <= 1/4 MILE      1
HAZE                      4

-  INDICATES NEGATIVE NUMBERS.
R  INDICATES RECORD WAS SET OR TIED.
MM INDICATES DATA IS MISSING.
T  INDICATES TRACE AMOUNT.

$$
