000
CXUS52 KMFL 011236
CLMMIA


CLIMATE REPORT
NATIONAL WEATHER SERVICE MIAMI, FL
734 AM EST SAT DEC 1 2018

...................................

...THE MIAMI CLIMATE SUMMARY FOR THE MONTH OF NOVEMBER 2018...

CLIMATE NORMAL PERIOD 1981 TO 2010
CLIMATE RECORD PERIOD 1895 TO 2018

WEATHER         OBSERVED          NORMAL  DEPART  LAST YEAR`S
                 VALUE   DATE(S)  VALUE   FROM    VALUE
                                          NORMAL
.............................................................
TEMPERATURE (F)
RECORD
 HIGH              91   11/06/2002
 LOW               36   11/21/1914
HIGHEST            88   11/10                         87
                        11/02
LOWEST             50   11/29                         65
AVG. MAXIMUM     82.1              81.7     0.4     83.9
AVG. MINIMUM     69.4              68.1     1.3     70.6
MEAN             75.8              74.9     0.9     77.3
DAYS MAX >= 90      0                                  0
DAYS MAX <= 32      0                                  0
DAYS MIN <= 32      0                                  0
DAYS MIN <= 0       0                                  0

PRECIPITATION (INCHES)
RECORD
 MAXIMUM        17.72   1925
 MINIMUM         0.09   1970
TOTALS           2.77              3.27   -0.50     4.41
DAILY AVG.       0.09              0.11   -0.02
DAYS >= .01         8                                 11
DAYS >= .10         4                                  8
DAYS >= .50         2                                  4
DAYS >= 1.00        1                                  1
GREATEST
 24 HR. TOTAL    1.37   11/03 TO 11/03              1.30

DEGREE_DAYS
HEATING TOTAL      11                 3       8        0
 SINCE 7/1         11                 3       8        0
COOLING TOTAL     343               300      43      376
 SINCE 1/1       4586              4372     214     5051
..............................................................

WIND (MPH)
AVERAGE WIND SPEED              7.0
HIGHEST WIND SPEED/DIRECTION    20/120    DATE  11/04
HIGHEST GUST SPEED/DIRECTION    31/240    DATE  11/02

SKY COVER
POSSIBLE SUNSHINE (PERCENT)   MM
AVERAGE SKY COVER           0.60
NUMBER OF DAYS FAIR            3
NUMBER OF DAYS PC             21
NUMBER OF DAYS CLOUDY          6

AVERAGE RH (PERCENT)     77

WEATHER CONDITIONS. NUMBER OF DAYS WITH
THUNDERSTORM              3     MIXED PRECIP                0
HEAVY RAIN                3     RAIN                        2
LIGHT RAIN               11     FREEZING RAIN               0
LT FREEZING RAIN          0     HAIL                        0
HEAVY SNOW                0     SNOW                        0
LIGHT SNOW                0     SLEET                       0
FOG                       8     FOG W/VIS <= 1/4 MILE       0
HAZE                      0

-  INDICATES NEGATIVE NUMBERS.
R  INDICATES RECORD WAS SET OR TIED.
MM INDICATES DATA IS MISSING.
T  INDICATES TRACE AMOUNT.

$$
