000
CXUS52 KMFL 011153 CCA
CLMMIA

CLIMATE REPORT
NATIONAL WEATHER SERVICE MIAMI, FL
745 AM EDT FRI JUN 1 2018

...................................

...THE MIAMI CLIMATE SUMMARY FOR THE MONTH OF MAY 2018...

CLIMATE NORMAL PERIOD 1981 TO 2010
CLIMATE RECORD PERIOD 1895 TO 2018

WEATHER         OBSERVED          NORMAL  DEPART  LAST YEAR`S
                 VALUE   DATE(S)  VALUE   FROM    VALUE
                                          NORMAL
.............................................................
TEMPERATURE (F)
RECORD
 HIGH              98   05/28/2017
 LOW               50   05/05/1921
HIGHEST            88   05/30                         98
                        05/07
LOWEST             69   05/15                         66
AVG. MAXIMUM     83.6              87.0    -3.4     89.5
AVG. MINIMUM     73.2              72.9     0.3     74.9
MEAN             78.4              79.9    -1.5     82.2
DAYS MAX >= 90      0                                 11
DAYS MAX <= 32      0                                  0
DAYS MIN <= 32      0                                  0
DAYS MIN <= 0       0                                  0

PRECIPITATION (INCHES)
RECORD
 MAXIMUM        18.66   1925
 MINIMUM         0.44   1965
TOTALS          16.59              5.34   11.25     2.69
DAILY AVG.       0.54              0.17    0.37
DAYS >= .01        19                                  9
DAYS >= .10        16                                  7
DAYS >= .50        13                                  1
DAYS >= 1.00        5                                  0
GREATEST
 24 HR. TOTAL    3.60   05/31 TO 05/31              0.89

DEGREE_DAYS
HEATING TOTAL       0                 0       0        0
 SINCE 7/1         85               128     -43       17
COOLING TOTAL     424               463     -39      543
 SINCE 1/1       1468              1356     112     1704
..............................................................

WIND (MPH)
AVERAGE WIND SPEED              10.0
HIGHEST WIND SPEED/DIRECTION   173/170    DATE  05/27
HIGHEST GUST SPEED/DIRECTION    37/180    DATE  05/27

SKY COVER
POSSIBLE SUNSHINE (PERCENT)   MM
AVERAGE SKY COVER           0.80
NUMBER OF DAYS FAIR            0
NUMBER OF DAYS PC             11
NUMBER OF DAYS CLOUDY         20

AVERAGE RH (PERCENT)     80

WEATHER CONDITIONS. NUMBER OF DAYS WITH
THUNDERSTORM              9     MIXED PRECIP               0
HEAVY RAIN               12     RAIN                      12
LIGHT RAIN               23     FREEZING RAIN              0
LT FREEZING RAIN          0     HAIL                       0
HEAVY SNOW                0     SNOW                       0
LIGHT SNOW                0     SLEET                      0
FOG                      19     FOG W/VIS <= 1/4 MILE      0
HAZE                      0

-  INDICATES NEGATIVE NUMBERS.
R  INDICATES RECORD WAS SET OR TIED.
MM INDICATES DATA IS MISSING.
T  INDICATES TRACE AMOUNT.

$$
