000
CXUS53 KMKX 012002
CLMMKE


CLIMATE REPORT
NATIONAL WEATHER SERVICE IN MILWAUKEE
158 PM CST FRI FEB 1 2019

...................................

...THE MILWAUKEE WI CLIMATE SUMMARY FOR THE MONTH OF JANUARY 2019...

CLIMATE NORMAL PERIOD 1981 TO 2010
CLIMATE RECORD PERIOD 1871 TO 2019

WEATHER         OBSERVED          NORMAL  DEPART  LAST YEAR`S
                 VALUE   DATE(S)  VALUE   FROM    VALUE  DATE(S)
                                          NORMAL
................................................................
TEMPERATURE (F)
RECORD
 HIGH              63   01/07/2008
 LOW              -26   01/17/1982
HIGHEST            56   01/05        46      10       59  01/11
LOWEST            -23   01/31        -9     -14       -7  01/01
AVG. MAXIMUM     27.7              28.9    -1.2     31.8
AVG. MINIMUM     14.6              15.6    -1.0     17.4
MEAN             21.2              22.3    -1.1     24.6
DAYS MAX >= 90      0               0.0     0.0        0
DAYS MAX <= 32     19              18.1     0.9       15
DAYS MIN <= 32     30              29.1     0.9       28
DAYS MIN <= 0       6               3.7     2.3        5

PRECIPITATION (INCHES)
RECORD
 MAXIMUM         5.38   1918
 MINIMUM         0.15   1919
TOTALS           2.23              1.76    0.47     1.62
DAILY AVG.       0.07              0.06    0.01     0.05
DAYS >= .01        10              11.4    -1.4        8
DAYS >= .10         6               5.1     0.9        3
DAYS >= .50         1               0.8     0.2        1
DAYS >= 1.00        0               0.1    -0.1        0
GREATEST
 24 HR. TOTAL    0.68   01/07 TO 01/07              0.94

SNOWFALL (INCHES)
RECORDS
 TOTAL           52.6
TOTALS           20.2              14.7     5.5     11.4
SINCE 7/1        28.3              28.0     0.3     16.2
SNOWDEPTH AVG.      3                 5      -2        1
DAYS >= 1.0         5               4.5     0.5        3
GREATEST
 SNOW DEPTH        12   01/31                          6  01/16
                        01/30
                        01/29
                        01/28
 24 HR TOTAL      6.9   01/28 TO 01/28               5.3

DEGREE_DAYS
HEATING TOTAL    1353              1325      28     1244
 SINCE 7/1       3790              3885     -95     3555
COOLING TOTAL       0                 0       0        0
 SINCE 1/1          0                 0       0        0
.................................................................

WIND (MPH)
AVERAGE WIND SPEED              10.8
HIGHEST WIND SPEED/DIRECTION    33/150    DATE  01/07
HIGHEST GUST SPEED/DIRECTION    49/150    DATE  01/07

SKY COVER
POSSIBLE SUNSHINE (PERCENT)   MM
AVERAGE SKY COVER           0.70
NUMBER OF DAYS FAIR            5
NUMBER OF DAYS PC             10
NUMBER OF DAYS CLOUDY         16

AVERAGE RH (PERCENT)     67

-  INDICATES NEGATIVE NUMBERS.
R  INDICATES RECORD WAS SET OR TIED.
MM INDICATES DATA IS MISSING.
T  INDICATES TRACE AMOUNT.

$$
