000
CXUS53 KMKX 011535
CLMMKE


CLIMATE REPORT
NATIONAL WEATHER SERVICE IN MILWAUKEE
1022 AM CDT THU NOV 1 2018

...................................

...THE MILWAUKEE WI CLIMATE SUMMARY FOR THE MONTH OF OCTOBER 2018...

CLIMATE NORMAL PERIOD 1981 TO 2010
CLIMATE RECORD PERIOD 1871 TO 2018

WEATHER         OBSERVED          NORMAL  DEPART  LAST YEAR`S
                 VALUE   DATE(S)  VALUE   FROM    VALUE  DATE(S)
                                          NORMAL
................................................................
TEMPERATURE (F)
RECORD
 HIGH              89   10/06/1963
 LOW               15   10/25/1887
HIGHEST            86   10/03        78       8       82  10/03
LOWEST             28   10/21        29      -1       35  10/31
                                                          10/29
                                                          10/26
AVG. MAXIMUM     59.1              59.3    -0.2     64.6
AVG. MINIMUM     44.0              43.2     0.8     49.6
MEAN             51.5              51.3     0.2     57.1
DAYS MAX >= 90      0               0.0     0.0        0
DAYS MAX <= 32      0               0.0     0.0        0
DAYS MIN <= 32      3               2.3     0.7        0
DAYS MIN <= 0       0               0.0     0.0        0

PRECIPITATION (INCHES)
RECORD
 MAXIMUM         7.15   1877
 MINIMUM         0.09   1924
TOTALS           4.50              2.65    1.85     4.09
DAILY AVG.       0.15              0.09    0.06     0.13
DAYS >= .01        14              10.0     4.0       14
DAYS >= .10         7               5.6     1.4        8
DAYS >= .50         2               1.8     0.2        3
DAYS >= 1.00        1               0.4     0.6        0
GREATEST
 24 HR. TOTAL    2.06   10/01 TO 10/01              0.86

SNOWFALL (INCHES)
RECORDS
 TOTAL            6.3   1989
TOTALS              T               0.3    -0.3        T
SINCE 7/1           T               0.3    -0.3        T
SNOWDEPTH AVG.      0                MM      MM        0
DAYS >= 1.0         0               0.1    -0.1        0
GREATEST
 SNOW DEPTH         0   MM                             0  MM
 24 HR TOTAL        T   10/20 TO 10/20                 T

DEGREE_DAYS
HEATING TOTAL     437               433       4      263
 SINCE 7/1        512               585     -73      335
COOLING TOTAL      26                 7      19       27
 SINCE 1/1        929               641     288      772
.................................................................

WIND (MPH)
AVERAGE WIND SPEED              9.6
HIGHEST WIND SPEED/DIRECTION    32/330    DATE  10/20
HIGHEST GUST SPEED/DIRECTION    46/310    DATE  10/20

SKY COVER
POSSIBLE SUNSHINE (PERCENT)   MM
AVERAGE SKY COVER           0.60
NUMBER OF DAYS FAIR            6
NUMBER OF DAYS PC             10
NUMBER OF DAYS CLOUDY         15

AVERAGE RH (PERCENT)     70

-  INDICATES NEGATIVE NUMBERS.
R  INDICATES RECORD WAS SET OR TIED.
MM INDICATES DATA IS MISSING.
T  INDICATES TRACE AMOUNT.

$$
