000
CXUS53 KGRR 031447 CCB
CLMMKG

CLIMATE REPORT
NATIONAL WEATHER SERVICE GRAND RAPIDS, MI
935 AM EST MON DEC 3 2018

...................................

...THE MUSKEGON MI CLIMATE SUMMARY FOR THE MONTH OF NOVEMBER 2018...

CLIMATE NORMAL PERIOD 1981 TO 2010
CLIMATE RECORD PERIOD 1896 TO 2018

WEATHER         OBSERVED          NORMAL  DEPART  LAST YEAR`S
                 VALUE   DATE(S)  VALUE   FROM    VALUE  DATE(S)
                                          NORMAL
................................................................
TEMPERATURE (F)
RECORD
 HIGH              76   11/02/1961
                        11/20/1930
 LOW              -14   11/25/1950
HIGHEST            51   11/23        63     -12       59  11/24
                        11/06
                        11/05
LOWEST             22   11/22        18       4       20  11/11
                                                          11/10
AVG. MAXIMUM     40.0              46.4    -6.4     46.7
AVG. MINIMUM     31.0              34.0    -3.0     32.1
MEAN             35.5              40.2    -4.7     39.4
DAYS MAX >= 90      0               0.0     0.0        0
DAYS MAX <= 32      5               1.7     3.3        1
DAYS MIN <= 32     19              13.1     5.9       17
DAYS MIN <= 0       0               0.0     0.0        0

PRECIPITATION (INCHES)
RECORD
 MAXIMUM         6.77   2005
 MINIMUM         0.04   1904
TOTALS           2.74              3.36   -0.62     2.54
DAILY AVG.       0.09              0.11   -0.02     0.08
DAYS >= .01        18              14.1     3.9       11
DAYS >= .10         7               7.3    -0.3        6
DAYS >= .50         1               2.1    -1.1        1
DAYS >= 1.00        0               0.7    -0.7        1
GREATEST
 24 HR. TOTAL    0.71   11/06 TO 11/06

SNOWFALL (INCHES)
RECORDS
 TOTAL           25.7   1995
 24 HR TOTAL     16.0   11/14/1908 TO 11/14/1908
 SNOW DEPTH        16   11/14/1908
TOTALS           12.5               6.0     6.5        T
SINCE 7/1        12.5               6.2     6.3        T
SNOWDEPTH AVG.      1                MM      MM        0
DAYS >= TRACE      16               4.0    12.0        5
DAYS >= 1.0         4               1.7     2.3        0
GREATEST
 SNOW DEPTH         5   11/28                          0  MM
 24 HR TOTAL      3.5   11/26 TO 11/26

DEGREE_DAYS
HEATING TOTAL     877               744     133      760
 SINCE 7/1       1416              1367      49     1159
COOLING TOTAL       0                 0       0        0
 SINCE 1/1        912               566     346      615

FREEZE DATES
RECORD
 EARLIEST     09/22/1976
 LATEST       06/22/1992
EARLIEST                        10/14
LATEST                          05/04
.................................................................

WIND (MPH)
AVERAGE WIND SPEED              10.0
RESULTANT WIND SPEED/DIRECTION   2/309
HIGHEST WIND SPEED/DIRECTION    29/290    DATE  11/10
HIGHEST GUST SPEED/DIRECTION    40/280    DATE  11/10

SKY COVER
POSSIBLE SUNSHINE (PERCENT)   MM
AVERAGE SKY COVER           0.90
NUMBER OF DAYS FAIR            0
NUMBER OF DAYS PC              5
NUMBER OF DAYS CLOUDY         25

AVERAGE RH (PERCENT)     68

WEATHER CONDITIONS. NUMBER OF DAYS WITH
THUNDERSTORM              0     MIXED PRECIP                0
HEAVY RAIN                0     RAIN                        3
LIGHT RAIN                8     FREEZING RAIN               0
LT FREEZING RAIN          1     HAIL                        0
HEAVY SNOW                1     SNOW                        3
LIGHT SNOW               14     SLEET                       0
FOG                      12     FOG W/VIS <= 1/4 MILE       1
HAZE                      6


-  INDICATES NEGATIVE NUMBERS.
R  INDICATES RECORD WAS SET OR TIED.
MM INDICATES DATA IS MISSING.
T  INDICATES TRACE AMOUNT.

$$
