000
CXUS54 KMEG 022033
CLMMKL


CLIMATE REPORT
NATIONAL WEATHER SERVICE MEMPHIS TN
332 PM CDT TUE OCT 2 2018

...................................

...THE JACKSON CLIMATE SUMMARY FOR THE MONTH OF SEPTEMBER 2018...

CLIMATE NORMAL PERIOD 1981 TO 2010
CLIMATE RECORD PERIOD 1948 TO 2018

WEATHER         OBSERVED          NORMAL  DEPART  LAST YEAR`S
                 VALUE   DATE(S)  VALUE   FROM    VALUE  DATE(S)
                                          NORMAL
................................................................
TEMPERATURE (F)
RECORD
 HIGH             105   09/05/1954
 LOW               35   09/30/1949
HIGHEST            95   09/20        84      11       92  09/27
                                                          09/26
                                                          09/23
LOWEST             54   09/28        61      -7       47  09/07
                        09/11
AVG. MAXIMUM     85.7              83.9     1.8     83.9
AVG. MINIMUM     64.9              59.0     5.9     59.7
MEAN             75.3              71.4     3.9     71.8
DAYS MAX >= 90     16               5.4    10.6        9
DAYS MAX <= 32      0               0.0     0.0        0
DAYS MIN <= 32      0               0.0     0.0        0
DAYS MIN <= 0       0               0.0     0.0        0

PRECIPITATION (INCHES)
RECORD
 MAXIMUM        13.07   2002
 MINIMUM         0.06   1956
TOTALS          13.06              3.38    9.68     1.86
DAILY AVG.       0.44              0.11    0.33     0.06
DAYS >= .01         9               7.3     1.7        4
DAYS >= .10         9               4.6     4.4        2
DAYS >= .50         8               2.1     5.9        2
DAYS >= 1.00        6               1.2     4.8        0
GREATEST
 24 HR. TOTAL    2.89   09/24 TO 09/24

SNOWFALL (INCHES)
RECORDS
 TOTAL            0.0   2002
                        2001
TOTALS            0.0               0.0     0.0      0.0
SINCE 7/1         0.0               0.0     0.0      0.0
SNOWDEPTH AVG.      0                MM      MM        0
DAYS >= 1.0         0               0.0     0.0        0
GREATEST
 SNOW DEPTH         0   MM                             0  MM
 24 HR TOTAL      0.0   09/30 TO 09/30

DEGREE_DAYS
HEATING TOTAL       3                26     -23        7
 SINCE 7/1          3                26     -23        7
COOLING TOTAL     320               220     100      220
 SINCE 1/1       2048              1643     405     1700
.................................................................

WIND (MPH)
AVERAGE WIND SPEED              4.2
HIGHEST WIND SPEED/DIRECTION    18/230    DATE  09/08
HIGHEST GUST SPEED/DIRECTION    26/210    DATE  09/21

SKY COVER
POSSIBLE SUNSHINE (PERCENT)   MM
AVERAGE SKY COVER           0.40
NUMBER OF DAYS FAIR           19
NUMBER OF DAYS PC              4
NUMBER OF DAYS CLOUDY          7

AVERAGE RH (PERCENT)     78

WEATHER CONDITIONS. NUMBER OF DAYS WITH
  0
  9
  0
  0
  0
  0
  4
HAZE                      0

-  INDICATES NEGATIVE NUMBERS.
R  INDICATES RECORD WAS SET OR TIED.
MM INDICATES DATA IS MISSING.
T  INDICATES TRACE AMOUNT.

$$
