000
CXUS54 KMEG 011554
CLMMKL


CLIMATE REPORT
NATIONAL WEATHER SERVICE MEMPHIS TN
1052 AM CDT SUN JUL 1 2018

...................................

...THE JACKSON CLIMATE SUMMARY FOR THE MONTH OF JUNE 2018...

CLIMATE NORMAL PERIOD 1981 TO 2010
CLIMATE RECORD PERIOD 1948 TO 2018

WEATHER         OBSERVED          NORMAL  DEPART  LAST YEAR`S
                 VALUE   DATE(S)  VALUE   FROM    VALUE  DATE(S)
                                          NORMAL
................................................................
TEMPERATURE (F)
RECORD
 HIGH             105   06/27/1954
                        06/28/1952
 LOW               44   06/07/2000
                        06/01/1966
HIGHEST            94   06/30        88       6       93  06/14
                        06/28
                        06/17
LOWEST             57   06/04        66      -9       53  06/09
AVG. MAXIMUM     90.4              87.3     3.1     86.9
AVG. MINIMUM     68.4              65.2     3.2     65.6
MEAN             79.4              76.2     3.2     76.2
DAYS MAX >= 90     21              10.7    10.3        9
DAYS MAX <= 32      0               0.0     0.0        0
DAYS MIN <= 32      0               0.0     0.0        0
DAYS MIN <= 0       0               0.0     0.0        0

PRECIPITATION (INCHES)
RECORD
 MAXIMUM        12.59   2014
 MINIMUM         0.56   1988
TOTALS           5.49              4.84    0.65     2.04
DAILY AVG.       0.18              0.16    0.02     0.07
DAYS >= .01        10               9.4     0.6       11
DAYS >= .10         6               6.8    -0.8        8
DAYS >= .50         3               3.4    -0.4        1
DAYS >= 1.00        2               1.5     0.5        0
GREATEST
 24 HR. TOTAL    2.28   06/01 TO 06/01

SNOWFALL (INCHES)
RECORDS
 TOTAL             MM   MM
TOTALS            0.0               0.0     0.0      0.0
SINCE 7/1         4.0               4.6    -0.6        T
SNOWDEPTH AVG.      0                MM      MM        0
DAYS >= 1.0         0               0.0     0.0        0
GREATEST
 SNOW DEPTH         0   MM                             0  MM
 24 HR TOTAL      0.0   06/30 TO 06/30

DEGREE_DAYS
HEATING TOTAL       0                 2      -2        0
 SINCE 7/1       3497              3574     -77     2520
COOLING TOTAL     437               339      98      345
 SINCE 1/1        796               554     242      613
.................................................................

WIND (MPH)
AVERAGE WIND SPEED              5.3
HIGHEST WIND SPEED/DIRECTION    36/270    DATE  06/21
HIGHEST GUST SPEED/DIRECTION    52/330    DATE  06/01

SKY COVER
POSSIBLE SUNSHINE (PERCENT)   MM
AVERAGE SKY COVER           0.20
NUMBER OF DAYS FAIR           24
NUMBER OF DAYS PC              6
NUMBER OF DAYS CLOUDY          0

AVERAGE RH (PERCENT)     76

WEATHER CONDITIONS. NUMBER OF DAYS WITH
  0
  6
  0
  0
  0
  0
  3
HAZE                      0

-  INDICATES NEGATIVE NUMBERS.
R  INDICATES RECORD WAS SET OR TIED.
MM INDICATES DATA IS MISSING.
T  INDICATES TRACE AMOUNT.

$$
