000
CXUS54 KMEG 012246
CLMMKL


CLIMATE REPORT
NATIONAL WEATHER SERVICE MEMPHIS TN
543 PM CDT SUN APR 1 2018

...................................

...THE JACKSON CLIMATE SUMMARY FOR THE MONTH OF MARCH 2018...

CLIMATE NORMAL PERIOD 1981 TO 2010
CLIMATE RECORD PERIOD 1948 TO 2018

WEATHER         OBSERVED          NORMAL  DEPART  LAST YEAR`S
                 VALUE   DATE(S)  VALUE   FROM    VALUE  DATE(S)
                                          NORMAL
................................................................
TEMPERATURE (F)
RECORD
 HIGH              87   03/15/2016
                        03/30/1986
                        03/28/1895
 LOW                3   03/06/2015
HIGHEST            78   03/17        62      16       85  03/20
LOWEST             26   03/09        40     -14       24  03/16
                        03/08                             03/15
AVG. MAXIMUM     62.0              62.6    -0.6     64.7
AVG. MINIMUM     39.5              39.4     0.1     42.5
MEAN             50.8              51.0    -0.2     53.6
DAYS MAX >= 90      0               0.0     0.0        0
DAYS MAX <= 32      0               0.1    -0.1        0
DAYS MIN <= 32      9               8.2     0.8       10
DAYS MIN <= 0       0               0.0     0.0        0

PRECIPITATION (INCHES)
RECORD
 MAXIMUM        12.65   2016
 MINIMUM         1.69   2007
TOTALS           4.46              4.75   -0.29     7.67
DAILY AVG.       0.14              0.15   -0.01     0.25
DAYS >= .01        10              10.5    -0.5       13
DAYS >= .10         6               7.0    -1.0       11
DAYS >= .50         3               3.3    -0.3        5
DAYS >= 1.00        1               1.3    -0.3        3
GREATEST
 24 HR. TOTAL    2.42   03/28 TO 03/28

SNOWFALL (INCHES)
RECORDS
 TOTAL           13.0   1968
TOTALS              T               0.4    -0.4      0.0
SINCE 7/1         4.0               4.6    -0.6        T
SNOWDEPTH AVG.      0                MM      MM        0
DAYS >= 1.0         0               0.1    -0.1        0
GREATEST
 SNOW DEPTH         0   MM                             0  MM
 24 HR TOTAL        T   03/12 TO 03/12

DEGREE_DAYS
HEATING TOTAL     435               444      -9      359
 SINCE 7/1       3178              3328    -150     2399
COOLING TOTAL       1                10      -9       13
 SINCE 1/1         19                11       8       15
.................................................................

WIND (MPH)
AVERAGE WIND SPEED              8.5
HIGHEST WIND SPEED/DIRECTION    28/310    DATE  03/06
HIGHEST GUST SPEED/DIRECTION    39/240    DATE  03/06

SKY COVER
POSSIBLE SUNSHINE (PERCENT)   MM
AVERAGE SKY COVER           0.50
NUMBER OF DAYS FAIR           11
NUMBER OF DAYS PC             10
NUMBER OF DAYS CLOUDY         10

AVERAGE RH (PERCENT)     70

WEATHER CONDITIONS. NUMBER OF DAYS WITH
  0
  6
  0
  0
  0
  0
  0
HAZE                      1

-  INDICATES NEGATIVE NUMBERS.
R  INDICATES RECORD WAS SET OR TIED.
MM INDICATES DATA IS MISSING.
T  INDICATES TRACE AMOUNT.

$$
