000
CXUS52 KMLB 012009
CLMMLB

CLIMATE REPORT...UPDATED TO INCLUDE 2018 SUMMARY
NATIONAL WEATHER SERVICE MELBOURNE FL
309 PM EST TUE JAN 1 2019

...................................

...THE MELBOURNE CLIMATE SUMMARY FOR THE MONTH OF DECEMBER 2018...

CLIMATE NORMAL PERIOD 1981 TO 2010
CLIMATE RECORD PERIOD 1939 TO 2018

WEATHER         OBSERVED          NORMAL  DEPART  LAST YEAR`S
                 VALUE   DATE(S)  VALUE   FROM    VALUE
                                          NORMAL
.............................................................
TEMPERATURE (F)
MONTHLY RECORD
 WARMEST         73.7   2015
 COLDEST         54.0   2010
DAILY RECORD
 HIGH              90   12/03/2018
                        12/06/1942
 LOW               21   12/25/1983
DECEMBER 2018
HIGHEST            90R  12/03                         86
LOWEST             39   12/23                         39
                        12/12
                        12/11
AVG. MAXIMUM     75.8              73.3     2.5     77.2
AVG. MINIMUM     56.4              52.8     3.6     56.9
MEAN             66.1              63.0     3.1     67.0
DAYS MAX >= 90      1               0.0     1.0        0
DAYS MAX <= 32      0               0.0     0.0        0
DAYS MIN <= 32      0               0.7    -0.7        0
DAYS MIN <= 0       0               0.0     0.0        0

PRECIPITATION (INCHES)
MONTHLY RECORD
 MAXIMUM        10.28   2002
 MINIMUM         0.00   1968
                        1956
DAILY RECORD
 MAXIMUM         5.06   12/09/2002
DECEMBER 2018
TOTALS           1.63              2.57   -0.94     1.07
DAYS >= .01         5               7.9    -2.9        4
DAYS >= .10         4               3.6     0.4        4
DAYS >= .50         2               1.5     0.5        0
DAYS >= 1.00        0               0.7    -0.7        0
GREATEST
 24 HR. TOTAL    0.65   12/04 TO 12/04

SNOWFALL (INCHES)
TOTALS            0.0               0.0     0.0      0.0
SINCE 7/1         0.0               0.0     0.0      0.0
DAYS >= TRACE       0                                  0

DEGREE_DAYS
HEATING TOTAL     105               137     -32       72
 SINCE 7/1        148               179     -31       85
COOLING TOTAL     147                76      71      143
 SINCE 1/1       4322              3271    1051     4229
..............................................................

WIND (MPH)
AVERAGE WIND SPEED              8.7
HIGHEST WIND SPEED/DIRECTION    35/240    DATE  12/21
HIGHEST GUST SPEED/DIRECTION    46/230    DATE  12/21

SKY COVER
POSSIBLE SUNSHINE (PERCENT)   MM
AVERAGE SKY COVER           0.30
NUMBER OF DAYS FAIR           18
NUMBER OF DAYS PC             10
NUMBER OF DAYS CLOUDY          3

AVERAGE RH (PERCENT)     73

WEATHER CONDITIONS. NUMBER OF DAYS WITH
THUNDERSTORM              2     MIXED PRECIP                0
HEAVY RAIN                3     RAIN                        5
LIGHT RAIN                6     FREEZING RAIN               0
LT FREEZING RAIN          0     HAIL                        0
HEAVY SNOW                0     SNOW                        0
LIGHT SNOW                0     SLEET                       0
FOG                      15     FOG W/VIS <= 1/4 MILE       3
HAZE                      5



-  INDICATES NEGATIVE NUMBERS.
R  INDICATES RECORD WAS SET OR TIED.
MM INDICATES DATA IS MISSING.
T  INDICATES TRACE AMOUNT.

$$

...................................

...THE MELBOURNE CLIMATE SUMMARY FOR THE YEAR OF 2018...

CLIMATE NORMAL PERIOD 1981 TO 2010
CLIMATE RECORD PERIOD 1939 TO 2018

WEATHER         OBSERVED          NORMAL  DEPART  LAST YEAR`S
                 VALUE   DATE(S)  VALUE   FROM    VALUE
                                          NORMAL
.............................................................
TEMPERATURE (F)
ANNUAL RECORD
 WARMEST  75.6   2017
 COOLEST 70.61970
DAILY RECORD
 HIGH             102   07/14/1980
 LOW               19   01/20/1977
2018 DATA
HIGHEST            98   07/22                         97
LOWEST             30   01/18                         37
AVG. MAXIMUM     83.8              81.9     1.9     84.1
AVG. MINIMUM     67.2              62.8     4.4     67.1
MEAN             75.5              72.4     3.1     75.6
DAYS MAX >= 90    104              65.7    38.3       93
DAYS MAX <= 32      0               0.0     0.0        0
DAYS MIN <= 32      1               2.9    -1.9        0
DAYS MIN <= 0       0               0.0     0.0        0

PRECIPITATION (INCHES)
ANNUAL RECORD
 MAXIMUM        74.28   1947
 MINIMUM        31.97   1981
DAILY RECORD
 MAXIMUM10.2309/10/2017
2018 DATA
TOTALS          36.42             52.00  -15.58    65.73
DAILY AVG.       0.10              0.14   -0.04     0.18
DAYS >= .01       112             116.1    -4.1      120
DAYS >= .10        75              73.5     1.5       73
DAYS >= .50        24              33.4    -9.4       33
DAYS >= 1.00        6              15.0    -9.0       19

SNOWFALL (INCHES)
TOTALS            0.0               0.0     0.0      0.0
SINCE 7/1         0.0               0.0     0.0      0.0
DAYS >= TRACE       0               0.0     0.0        0

DEGREE_DAYS
HEATING TOTAL     405               577    -172      258
 SINCE 7/1        148               179     -31       85
COOLING TOTAL    4322              3273    1049     4229
 SINCE 1/1       4322              3271    1051     4229
..............................................................

WIND (MPH)
AVERAGE WIND SPEED              8.7
HIGHEST WIND SPEED/DIRECTION    40/340    DATE  07/22
HIGHEST GUST SPEED/DIRECTION    53/250    DATE  07/23

SKY COVER
POSSIBLE SUNSHINE (PERCENT)   MM
AVERAGE SKY COVER           0.30
NUMBER OF DAYS FAIR          246
NUMBER OF DAYS PC            104
NUMBER OF DAYS CLOUDY         15

AVERAGE RH (PERCENT)     72

WEATHER CONDITIONS. NUMBER OF DAYS WITH
THUNDERSTORM             90     MIXED PRECIP                0
HEAVY RAIN               73     RAIN                       76
LIGHT RAIN              151     FREEZING RAIN               0
LT FREEZING RAIN          0     HAIL                        0
HEAVY SNOW                0     SNOW                        0
LIGHT SNOW                0     SLEET                       0
FOG                     112     FOG W/VIS <= 1/4 MILE       9
HAZE                     43


-  INDICATES NEGATIVE NUMBERS.
R  INDICATES RECORD WAS SET OR TIED.
MM INDICATES DATA IS MISSING.
T  INDICATES TRACE AMOUNT.

$$
