677
CXUS52 KMLB 011455
CLMMLB


CLIMATE REPORT
NATIONAL WEATHER SERVICE MELBOURNE FL
1008 AM EDT MON OCT 1 2018

...................................

...THE MELBOURNE CLIMATE SUMMARY FOR THE MONTH OF SEPTEMBER 2018...

CLIMATE NORMAL PERIOD 1981 TO 2010
CLIMATE RECORD PERIOD 1939 TO 2018

WEATHER         OBSERVED          NORMAL  DEPART  LAST YEAR`S
                 VALUE   DATE(S)  VALUE   FROM    VALUE
                                          NORMAL
.............................................................
TEMPERATURE (F)
MONTHLY RECORD
 WARMEST         83.6   2018
 COOLEST         77.8   1967
DAILY RECORD
 HIGH              98   09/01/1972
 LOW               57   09/21/1938
SEPTEMBER 2018
HIGHEST            96   09/15                         93
LOWEST             73   09/24                         71
                        09/09
AVG. MAXIMUM     90.1              88.4     1.7     89.2
AVG. MINIMUM     77.0              72.7     4.3     75.6
MEAN             83.6R             80.6     3.0     82.4
DAYS MAX >= 90     20               8.2    11.8       14
DAYS MAX <= 32      0               0.0     0.0        0
DAYS MIN <= 32      0               0.0     0.0        0
DAYS MIN <= 0       0               0.0     0.0        0

PRECIPITATION (INCHES)
MONTHLY RECORD
 MAXIMUM        20.94   2017
 MINIMUM         1.62   2002
DAILY RECORD
 MAXIMUM        10.23   09/10/2017
SEPTEMBER 2018
TOTALS           1.63              7.64   -6.01    20.94
DAYS >= .01         9              13.7    -4.7       18
DAYS >= .10         5               9.3    -4.3       11
DAYS >= .50         1               4.6    -3.6        5
DAYS >= 1.00        0               2.5    -2.5        5
GREATEST
 24 HR. TOTAL    0.50   09/03 TO 09/03

SNOWFALL (INCHES)
TOTALS            0.0               0.0     0.0      0.0
SINCE 7/1         0.0               0.0     0.0      0.0
DAYS >= TRACE       0                                  0

DEGREE_DAYS
HEATING TOTAL       0                 0       0        0
 SINCE 7/1          0                 0       0        0
COOLING TOTAL     566               466     100      529
 SINCE 1/1       3451              2692     759     3417
..............................................................

WIND (MPH)
AVERAGE WIND SPEED              8.0
HIGHEST WIND SPEED/DIRECTION    28/060    DATE  09/03
HIGHEST GUST SPEED/DIRECTION    34/060    DATE  09/03

SKY COVER
POSSIBLE SUNSHINE (PERCENT)   MM
AVERAGE SKY COVER           0.20
NUMBER OF DAYS FAIR           28
NUMBER OF DAYS PC              2
NUMBER OF DAYS CLOUDY          0

AVERAGE RH (PERCENT)     75

WEATHER CONDITIONS. NUMBER OF DAYS WITH
THUNDERSTORM             12     MIXED PRECIP                0
HEAVY RAIN                5     RAIN                        6
LIGHT RAIN               17     FREEZING RAIN               0
LT FREEZING RAIN          0     HAIL                        0
HEAVY SNOW                0     SNOW                        0
LIGHT SNOW                0     SLEET                       0
FOG                       3     FOG W/VIS <= 1/4 MILE       0
HAZE                      3


-  INDICATES NEGATIVE NUMBERS.
R  INDICATES RECORD WAS SET OR TIED.
MM INDICATES DATA IS MISSING.
T  INDICATES TRACE AMOUNT.

$$
