000
CXUS52 KMLB 101708 RRA
CLMMLB

CLIMATE REPORT
NATIONAL WEATHER SERVICE MELBOURNE FL
107 PM EDT THU MAY 10 2018

...................................

...THE MELBOURNE CLIMATE SUMMARY FOR THE MONTH OF APRIL 2018...

CLIMATE NORMAL PERIOD 1981 TO 2010
CLIMATE RECORD PERIOD 1939 TO 2018

WEATHER         OBSERVED          NORMAL  DEPART
                 VALUE   DATE(S)  VALUE   FROM
                                          NORMAL
................................................
TEMPERATURE (F)
MONTHLY RECORD
 HOTTEST         77.1   2015
 COLDEST         65.7   1987
DAILY RECORD
 HIGH              97   04/15/1999
                        04/25/1967
 LOW               35   04/08/1971

APRIL 2018
HIGHEST            91   04/09
                        04/07
                        04/04
LOWEST             50   04/17
AVG. MAXIMUM     83.5              80.8     2.7
AVG. MINIMUM     64.5              60.0     4.5
MEAN             74.0              70.4     3.6
DAYS MAX >= 90      3               0.6     2.4
DAYS MAX <= 32      0               0.0     0.0
DAYS MIN <= 32      0               0.0     0.0
DAYS MIN <= 0       0               0.0     0.0

PRECIPITATION (INCHES)
MONTHLY RECORD
 MAXIMUM         8.15   1951
 MINIMUM         0.01   1987
DAILY RECORD
 MAXIMUM         4.29   04/04/1973

APRIL 2018
TOTALS           3.03              2.13    0.90
DAYS >= .01        10               5.8     4.2
DAYS >= .10         7               3.5     3.5
DAYS >= .50         3               1.8     1.2
DAYS >= 1.00        0               0.5    -0.5
GREATEST
 24 HR. TOTAL    0.90   04/10 TO 04/10

SNOWFALL (INCHES)
TOTALS            0.0               0.0     0.0
SINCE 7/1         0.0               0.0     0.0
DAYS >= TRACE       0

DEGREE_DAYS
HEATING TOTAL       2                16     -14
 SINCE 7/1        342               576    -234
COOLING TOTAL     278               178     100
 SINCE 1/1        739               375     364
.................................................

WIND (MPH)
AVERAGE WIND SPEED              10.1
HIGHEST WIND SPEED/DIRECTION    33/290    DATE  04/10
HIGHEST GUST SPEED/DIRECTION    39/290    DATE  04/10


WEATHER CONDITIONS. NUMBER OF DAYS WITH
THUNDERSTORM              6     MIXED PRECIP               0
HEAVY RAIN                7     RAIN                       6
LIGHT RAIN               12     LT FREEZING RAIN           0
HAIL                      0     LIGHT SNOW                 0
SLEET                     0     FOG                       14
FOG W/VIS <= 1/4 MILE     1     HAZE                      10

-  INDICATES NEGATIVE NUMBERS.
R  INDICATES RECORD WAS SET OR TIED.
MM INDICATES DATA IS MISSING.
T  INDICATES TRACE AMOUNT.

$$
