000
CXUS52 KMLB 011657
CLMMLB


CLIMATE REPORT
NATIONAL WEATHER SERVICE MELBOURNE FL
1201 PM EDT WED AUG 1 2018

...................................

...THE MELBOURNE CLIMATE SUMMARY FOR THE MONTH OF JULY 2018...

CLIMATE NORMAL PERIOD 1981 TO 2010
CLIMATE RECORD PERIOD 1939 TO 2018

WEATHER         OBSERVED          NORMAL  DEPART  LAST YEAR`S
                 VALUE   DATE(S)  VALUE   FROM    VALUE
                                          NORMAL
.............................................................
TEMPERATURE (F)
MONTHLY RECORD
 HOTTEST         84.5   2016
 COOLEST         79.0   1974
DAILY RECORD
 HIGH             102   07/14/1980
 LOW               60   07/02/1977
JULY 2018
HIGHEST            98   07/22                         96
LOWEST             72   07/23                         72
                        07/22
AVG. MAXIMUM     92.1              90.7     1.4     92.0
AVG. MINIMUM     76.4              72.6     3.8     76.6
MEAN             84.2              81.7     2.5     84.3
DAYS MAX >= 90     25              18.3     6.7       28
DAYS MAX <= 32      0               0.0     0.0        0
DAYS MIN <= 32      0               0.0     0.0        0
DAYS MIN <= 0       0               0.0     0.0        0

PRECIPITATION (INCHES)
MONTHLY RECORD
 MAXIMUM        13.40   1944
 MINIMUM         0.81   1955
DAILY RECORD
 MAXIMUM         3.85   07/05/1956
JULY 2018
TOTALS           6.38              5.96    0.42     7.59
DAYS >= .01        15              12.1     2.9       12
DAYS >= .10        13               8.7     4.3        6
DAYS >= .50         6               4.4     1.6        4
DAYS >= 1.00        0               1.8    -1.8        4
GREATEST
 24 HR. TOTAL    0.87   07/25 TO 07/25

SNOWFALL (INCHES)
TOTALS            0.0               0.0     0.0      0.0
SINCE 7/1         0.0               0.0     0.0      0.0
DAYS >= TRACE       0                                  0

DEGREE_DAYS
HEATING TOTAL       0                 0       0        0
 SINCE 7/1          0                 0       0        0
COOLING TOTAL     604               516      88      607
 SINCE 1/1       2275              1704     571     2273
..............................................................

WIND (MPH)
AVERAGE WIND SPEED              6.6
HIGHEST WIND SPEED/DIRECTION    40/340    DATE  07/22
HIGHEST GUST SPEED/DIRECTION    53/250    DATE  07/23

SKY COVER
POSSIBLE SUNSHINE (PERCENT)   MM
AVERAGE SKY COVER           0.20
NUMBER OF DAYS FAIR           30
NUMBER OF DAYS PC              1
NUMBER OF DAYS CLOUDY          0

AVERAGE RH (PERCENT)     72

WEATHER CONDITIONS. NUMBER OF DAYS WITH
THUNDERSTORM             20     MIXED PRECIP                0
HEAVY RAIN               12     RAIN                       10
LIGHT RAIN               17     FREEZING RAIN               0
LT FREEZING RAIN          0     HAIL                        0
HEAVY SNOW                0     SNOW                        0
LIGHT SNOW                0     SLEET                       0
FOG                       7     FOG W/VIS <= 1/4 MILE       0
HAZE                      6


-  INDICATES NEGATIVE NUMBERS.
R  INDICATES RECORD WAS SET OR TIED.
MM INDICATES DATA IS MISSING.
T  INDICATES TRACE AMOUNT.

$$
