000
CXUS53 KDVN 011200
CLMMLI

CLIMATE REPORT
NATIONAL WEATHER SERVICE QUAD CITIES IA IL
435 AM CST SAT DEC 1 2018

...................................

...THE MOLINE CLIMATE SUMMARY FOR THE MONTH OF NOVEMBER 2018...

CLIMATE NORMAL PERIOD 1981 TO 2010
CLIMATE RECORD PERIOD 1872 TO 2018

WEATHER         OBSERVED          NORMAL  DEPART
                 VALUE   DATE(S)  VALUE   FROM
                                          NORMAL
................................................
TEMPERATURE (F)
RECORD
 HIGH              80   11/01/2000
 LOW              -10   11/29/1891
HIGHEST            57   11/04        57       0
LOWEST              5   11/28        24     -19
AVG. MAXIMUM     40.4              49.2    -8.8
AVG. MINIMUM     26.5              30.9    -4.4
MEAN             33.4              40.0    -6.6
DAYS MAX >= 90      0               0.0     0.0
DAYS MAX <= 32      5               2.3     2.7
DAYS MIN <= 32     20              16.6     3.4
DAYS MIN <= 0       0               0.0     0.0

PRECIPITATION (INCHES)
RECORD
 MAXIMUM         6.77   1992
 MINIMUM         0.18   1904
TOTALS           3.03              2.56    0.47
DAILY AVG.       0.10              0.09    0.01
DAYS >= .01        11               9.8     1.2
DAYS >= .10         5
DAYS >= .50         2
DAYS >= 1.00        2               0.4     1.6
GREATEST
 24 HR. TOTAL    1.17   11/04 TO 11/04

SNOWFALL (INCHES)
RECORDS
 TOTAL           15.6   1974
TOTALS           18.4R              1.2    17.2
SINCE 7/1        18.6               1.2    17.4
SNOWDEPTH AVG.      1
DAYS >= TRACE       7               1.7     5.3
DAYS >= 1.0         3               0.4     2.6
GREATEST
 SNOW DEPTH        13   11/26
 24 HR TOTAL     13.8   11/25 TO 11/26

DEGREE_DAYS
HEATING TOTAL     941               749     192
 SINCE 7/1       1425              1231     194
COOLING TOTAL       0                 1      -1
 SINCE 1/1       1334              1004     330
.................................................

WIND (MPH)
AVERAGE WIND SPEED              8.9
HIGHEST WIND SPEED/DIRECTION    30/280    DATE  11/06
HIGHEST GUST SPEED/DIRECTION    43/270    DATE  11/06

SKY COVER
POSSIBLE SUNSHINE (PERCENT)   MM
AVERAGE SKY COVER           0.50
NUMBER OF DAYS FAIR            9
NUMBER OF DAYS PC             11
NUMBER OF DAYS CLOUDY         10

AVERAGE RH (PERCENT)     75

WEATHER CONDITIONS. NUMBER OF DAYS WITH
THUNDERSTORM              1     HAIL                     0
SLEET                     1     FOG                     19
FOG W/VIS <= 1/4 MILE     2     HAZE                     8

-  INDICATES NEGATIVE NUMBERS.
R  INDICATES RECORD WAS SET OR TIED.
MM INDICATES DATA IS MISSING.
T  INDICATES TRACE AMOUNT.

NOTE: SUPPLEMENTAL CLIMATE DATA WAS USED FROM A NEARBY
CLIMATOLOGICALLY REPRESENTATIVE STATION.

$$
