663
CXUS51 KCAR 021754
CLMMLT


CLIMATE REPORT
NATIONAL WEATHER SERVICE CARIBOU, ME
143 PM EDT MON JUL 2 2018

...................................

...THE MILLINOCKET ME CLIMATE SUMMARY FOR THE MONTH OF JUNE 2018...

CLIMATE NORMAL PERIOD 1981 TO 2010
CLIMATE RECORD PERIOD 1903 TO 2018

WEATHER         OBSERVED          NORMAL  DEPART  LAST YEAR`S
                 VALUE   DATE(S)  VALUE   FROM    VALUE  DATE(S)
                                          NORMAL
................................................................
TEMPERATURE (F)
RECORD
 HIGH             101   06/18/1907
 LOW                0   06/23/2016
HIGHEST            86   06/13        MM      MM       93  06/11
LOWEST             37   06/04        MM      MM       37  06/07
AVG. MAXIMUM     72.8              73.4    -0.6     73.1
AVG. MINIMUM     49.7              52.1    -2.4     51.7
MEAN             61.3              62.8    -1.5     62.4
DAYS MAX >= 90      0               0.4    -0.4        2
DAYS MAX <= 32      0               0.0     0.0        0
DAYS MIN <= 32      0               0.0     0.0        0
DAYS MIN <= 0       0               0.0     0.0        0

PRECIPITATION (INCHES)
RECORD
 MAXIMUM           MM   MM
 MINIMUM           MM   MM
TOTALS           2.57                     -1.50
DAILY AVG.       0.09              0.14   -0.05     0.21
DAYS >= .01        12                MM      MM       19
DAYS >= .10         7                MM      MM       10
DAYS >= .50         3                MM      MM        5
DAYS >= 1.00        0                MM      MM        2

SNOWFALL (INCHES)
RECORDS
 TOTAL             MM   MM
TOTALS             MM                MM      MM       MM
SINCE 7/1          MM                MM      MM       MM
SNOWDEPTH AVG.     MM                MM      MM       MM
DAYS >= 1.0         0                MM      MM        0
GREATEST
 SNOW DEPTH        MM                                 MM  MM
 24 HR TOTAL       MM                                 MM

DEGREE_DAYS
HEATING TOTAL     149               116      33      120
 SINCE 7/1       8061              8406    -345     7984
COOLING TOTAL      44                49      -5       52
 SINCE 1/1         53                55      -2       61
.................................................................

WIND (MPH)
AVERAGE WIND SPEED              5.1
HIGHEST WIND SPEED/DIRECTION    22/330    DATE  06/20
HIGHEST GUST SPEED/DIRECTION    33/020    DATE  06/02

SKY COVER
POSSIBLE SUNSHINE (PERCENT)   MM
AVERAGE SKY COVER           0.40
NUMBER OF DAYS FAIR           16
NUMBER OF DAYS PC              8
NUMBER OF DAYS CLOUDY          6

AVERAGE RH (PERCENT)     65

WEATHER CONDITIONS. NUMBER OF DAYS WITH
  0
  7
  0
  0
  0
  0
  1
HAZE                      2

-  INDICATES NEGATIVE NUMBERS.
R  INDICATES RECORD WAS SET OR TIED.
MM INDICATES DATA IS MISSING.
T  INDICATES TRACE AMOUNT.

$$
