000
CXUS56 KPQR 020100
CLMMMV

CLIMATE REPORT
NATIONAL WEATHER SERVICE PORTLAND OREGON
750 AM PDT FRI JUN 1 2018

...................................

...THE MCMINNVILLE OR CLIMATE SUMMARY FOR THE MONTH OF MAY 2018...

CLIMATE NORMAL PERIOD 1981 TO 2010
CLIMATE RECORD PERIOD 1894 TO 2018

WEATHER         OBSERVED          NORMAL  DEPART  LAST YEAR`S
                 VALUE   DATE(S)  VALUE   FROM    VALUE  DATE(S)
                                          NORMAL
................................................................
TEMPERATURE (F)
HIGHEST            87                                 91  05/22
LOWEST             35                                 37  05/07
AVG. MAXIMUM     70.9              67.6     3.3     70.4
AVG. MINIMUM     45.9              43.2     2.7     46.3
MEAN             58.4              55.4     3.0     58.3
DAYS MAX >= 90      0               0.4    -0.4        1
DAYS MAX <= 32      0               0.0     0.0        0
DAYS MIN <= 32      0               0.5    -0.5        0
DAYS MIN <= 0       0               0.0     0.0        0

PRECIPITATION (INCHES)
RECORD
 MAXIMUM         5.46   1896
 MINIMUM         0.02   1992
TOTALS           0.21              2.24   -2.03     1.96
DAYS >= .01         4                MM      MM       12
DAYS >= .10         0                MM      MM        8
DAYS >= .50         0                MM      MM        1
DAYS >= 1.00        0                MM      MM        0
GREATEST
 24 HR. TOTAL    0.08   05/10 TO 05/10

DEGREE_DAYS
HEATING TOTAL     200               304    -104      222
 SINCE 7/1       4205              4702    -497     4505
COOLING TOTAL       2                 6      -4       24
 SINCE 1/1          2                 6      -4       24
.................................................................

WIND (MPH)
AVERAGE WIND SPEED              4.9
RESULTANT WIND SPEED/DIRECTION   3/240
HIGHEST WIND SPEED/DIRECTION    24/250    DATE  05/08
HIGHEST GUST SPEED/DIRECTION    31/250    DATE  05/08

SKY COVER
POSSIBLE SUNSHINE (PERCENT)   MM
AVERAGE SKY COVER           0.40

AVERAGE RH (PERCENT)     74


WEATHER CONDITIONS. NUMBER OF DAYS WITH
THUNDERSTORM              1     MIXED PRECIP               0
HEAVY RAIN                0     RAIN                       0
LIGHT RAIN                6     FREEZING RAIN              0
LT FREEZING RAIN          0     HAIL                       0
HEAVY SNOW                0     SNOW                       0
LIGHT SNOW                0     SLEET                      0
FOG                       8     FOG W/VIS <= 1/4 MILE      1
HAZE                      0

-  INDICATES NEGATIVE NUMBERS.
R  INDICATES RECORD WAS SET OR TIED.
MM INDICATES DATA IS MISSING.
T  INDICATES TRACE AMOUNT.

$$
