000
CXUS56 KPQR 011810 CCB
CLMMMV

CLIMATE REPORT
NATIONAL WEATHER SERVICE PORTLAND OREGON
1027 AM PDT SAT SEP 1 2018

...................................

...THE MCMINNVILLE OR CLIMATE SUMMARY FOR THE MONTH OF AUGUST 2018...

CLIMATE NORMAL PERIOD 1981 TO 2010
CLIMATE RECORD PERIOD 1894 TO 2018

WEATHER         OBSERVED          NORMAL  DEPART  LAST YEAR`S
                 VALUE   DATE(S)  VALUE   FROM    VALUE  DATE(S)
                                          NORMAL
................................................................
TEMPERATURE (F)
HIGHEST            95                                106  08/02
LOWEST             41                                 45  08/25
AVG. MAXIMUM     83.6              82.3     1.3     88.7
AVG. MINIMUM     52.4              50.5     1.9     53.4
MEAN             68.0              66.4     1.6     71.1
DAYS MAX >= 90      7               5.8     1.2       13
DAYS MAX <= 32      0               0.0     0.0        0
DAYS MIN <= 32      0               0.0     0.0        0
DAYS MIN <= 0       0               0.0     0.0        0

PRECIPITATION (INCHES)
RECORD
 MAXIMUM         4.51   1968
 MINIMUM         0.00   2000
                        1996
                        1994
TOTALS           0.08              0.58   -0.50     0.19
DAYS >= .01         1                MM      MM        1
DAYS >= .10         0                MM      MM        1
DAYS >= .50         0                MM      MM        0
DAYS >= 1.00        0                MM      MM        0
GREATEST
 24 HR. TOTAL    0.08   08/11 TO 08/11

DEGREE_DAYS
HEATING TOTAL      24                41     -17        4
 SINCE 7/1         49                85     -36        9
COOLING TOTAL     124                84      40      198
 SINCE 1/1        310               184     126      396
.................................................................

WIND (MPH)
AVERAGE WIND SPEED              5.6
RESULTANT WIND SPEED/DIRECTION   3/255
HIGHEST WIND SPEED/DIRECTION    21/240    DATE  08/10
HIGHEST GUST SPEED/DIRECTION    27/250    DATE  08/10

SKY COVER
POSSIBLE SUNSHINE (PERCENT)   MM
AVERAGE SKY COVER           0.20

AVERAGE RH (PERCENT)     66

WEATHER CONDITIONS. NUMBER OF DAYS WITH
THUNDERSTORMS        0        MIXED PRECIP            0
HEAVY RAIN           0        RAIN                    1
LIGHT RAIN           1        FREEZING RAIN           0
LT FREEZING RAIN     0        HAIL                    0
HEAVY SNOW           0        SNOW                    0
LIGHT SNOW           0        SLEET                   0
FOG                 13        FOG W/VIS <=1/4 MILE    0
HAZE                10

-  INDICATES NEGATIVE NUMBERS.
R  INDICATES RECORD WAS SET OR TIED.
MM INDICATES DATA IS MISSING.
T  INDICATES TRACE AMOUNT.

$$
