000
CXUS56 KPQR 050537
CLMMMV


CLIMATE REPORT
NATIONAL WEATHER SERVICE PORTLAND OREGON
937 PM PST TUE DEC 4 2018

...................................

...THE MCMINNVILLE OR CLIMATE SUMMARY FOR THE MONTH OF NOVEMBER 2018...

CLIMATE NORMAL PERIOD 1981 TO 2010
CLIMATE RECORD PERIOD 1894 TO 2018

WEATHER         OBSERVED          NORMAL  DEPART  LAST YEAR`S
                 VALUE   DATE(S)  VALUE   FROM    VALUE  DATE(S)
                                          NORMAL
................................................................
TEMPERATURE (F)
HIGHEST            65                                 63  11/22
LOWEST             25                                 34  11/29
                                                          11/04
AVG. MAXIMUM     54.7              52.0     2.7     53.3
AVG. MINIMUM     37.7              38.1    -0.4     40.7
MEAN             46.2              45.0     1.2     47.0
DAYS MAX >= 90      0               0.0     0.0        0
DAYS MAX <= 32      0               0.1    -0.1        0
DAYS MIN <= 32      8               5.7     2.3        0
DAYS MIN <= 0       0               0.0     0.0        0

PRECIPITATION (INCHES)
RECORD
 MAXIMUM        20.47   1896
 MINIMUM         0.42   1936
TOTALS           3.48              6.79   -3.31     8.03
DAYS >= .01        13                MM      MM       25
DAYS >= .10         8                MM      MM       21
DAYS >= .50         4                MM      MM        6
DAYS >= 1.00        0                MM      MM        1
GREATEST
 24 HR. TOTAL    0.71   11/30 TO 11/30

DEGREE_DAYS
HEATING TOTAL     556               599     -43      531
 SINCE 7/1       1078              1222    -144      973
COOLING TOTAL       0                 0       0        0
 SINCE 1/1        319               215     104      507
.................................................................

WIND (MPH)
AVERAGE WIND SPEED              5.5
RESULTANT WIND SPEED/DIRECTION   1/308
HIGHEST WIND SPEED/DIRECTION    24/190    DATE  11/27
HIGHEST GUST SPEED/DIRECTION    33/190    DATE  11/27

SKY COVER
POSSIBLE SUNSHINE (PERCENT)   MM
AVERAGE SKY COVER           0.50

AVERAGE RH (PERCENT)     82

WEATHER CONDITIONS. NUMBER OF DAYS WITH
  0
  5
  0
  0
  0
  0
 10
HAZE                      3

-  INDICATES NEGATIVE NUMBERS.
R  INDICATES RECORD WAS SET OR TIED.
MM INDICATES DATA IS MISSING.
T  INDICATES TRACE AMOUNT.

$$
