000
CXUS54 KMOB 011611
CLMMOB


CLIMATE REPORT
NATIONAL WEATHER SERVICE MOBILE AL
1058 AM CDT FRI JUN 1 2018

...................................

...THE MOBILE CLIMATE SUMMARY FOR THE MONTH OF MAY 2018...

CLIMATE NORMAL PERIOD 1981 TO 2010
CLIMATE RECORD PERIOD 1842 TO 2018

WEATHER         OBSERVED          NORMAL  DEPART  LAST YEAR`S
                 VALUE   DATE(S)  VALUE   FROM    VALUE  DATE(S)
                                          NORMAL
................................................................
TEMPERATURE (F)
RECORD
 HIGH             100   05/27/1953
                        05/31/1951
 LOW               43   05/04/2013
                        05/13/1960
                        01/01/2000
HIGHEST            97   05/14                         89  05/19
                                                          05/16
                                                          05/15
LOWEST             56   05/07                         44  05/06
AVG. MAXIMUM     88.8              84.5     4.3     83.6
AVG. MINIMUM     65.7              63.7     2.0     62.5
MEAN             77.3              74.1     3.2     73.0
DAYS MAX >= 90     17               3.0    14.0        0
DAYS MAX <= 32      0               0.0     0.0        0
DAYS MIN <= 32      0               0.0     0.0        0
DAYS MIN <= 0       0               0.0     0.0        0

PRECIPITATION (INCHES)
RECORD
 MAXIMUM        15.08   1980
 MINIMUM         0.22   1914
TOTALS           5.87              5.14    0.73    10.88
DAILY AVG.       0.19              0.17    0.02     0.35
DAYS >= .01        11               8.1     2.9       11
DAYS >= .10         8               5.9     2.1        9
DAYS >= .50         5               3.2     1.8        5
DAYS >= 1.00        2               1.6     0.4        4
GREATEST
 24 HR. TOTAL    1.73   05/17 TO 05/17

DEGREE_DAYS
COOLING TOTAL     386               286     100      266
 SINCE 1/1        607               445     162      601
.................................................................

WIND (MPH)
AVERAGE WIND SPEED              5.6
HIGHEST WIND SPEED/DIRECTION    40/360    DATE  05/17
HIGHEST GUST SPEED/DIRECTION    56/360    DATE  05/17

SKY COVER
POSSIBLE SUNSHINE (PERCENT)
AVERAGE SKY COVER           0.40
NUMBER OF DAYS FAIR           13
NUMBER OF DAYS PC             17
NUMBER OF DAYS CLOUDY          1

AVERAGE RH (PERCENT)     70

WEATHER CONDITIONS. NUMBER OF DAYS WITH
THUNDERSTORM             14     MIXED PRECIP               0
HEAVY RAIN                5     RAIN                      16
LIGHT RAIN               11     FREEZING RAIN              0
LT FREEZING RAIN          0     HAIL                       0
HEAVY SNOW                0     SNOW                       0
LIGHT SNOW                0     SLEET                      0
FOG                      24     FOG W/VIS <= 1/4 MILE      0
HAZE                      3





0
  8
  0
  0
  0
  0
  0
HAZE                     12

-  INDICATES NEGATIVE NUMBERS.
R  INDICATES RECORD WAS SET OR TIED.
MM INDICATES DATA IS MISSING.
T  INDICATES TRACE AMOUNT.

$$
