000
CXUS54 KMOB 011144
CLMMOB


CLIMATE REPORT
NATIONAL WEATHER SERVICE MOBILE AL
538 AM CST SAT DEC 1 2018

...................................

...THE MOBILE CLIMATE SUMMARY FOR THE MONTH OF NOVEMBER 2018...

CLIMATE NORMAL PERIOD 1981 TO 2010
CLIMATE RECORD PERIOD 1842 TO 2018

WEATHER         OBSERVED          NORMAL  DEPART  LAST YEAR`S
                 VALUE   DATE(S)  VALUE   FROM    VALUE  DATE(S)
                                          NORMAL
................................................................
TEMPERATURE (F)
RECORD
 HIGH              88   11/04/2016
 LOW               22   11/25/1950
HIGHEST            84   11/06        MM      MM       83  11/04
                                                          11/02
LOWEST             31   11/15        MM      MM       33  11/20
AVG. MAXIMUM     67.5              70.6    -3.1     72.7
AVG. MINIMUM     46.5              48.6    -2.1     50.5
MEAN             57.0              59.6    -2.6     61.6
DAYS MAX >= 90      0               0.0     0.0        0
DAYS MAX <= 32      0               0.0     0.0        0
DAYS MIN <= 32      3               1.5     1.5        0
DAYS MIN <= 0       0               0.0     0.0        0

PRECIPITATION (INCHES)
RECORD
 MAXIMUM           MM   MM
 MINIMUM           MM   MM
TOTALS           6.29              5.13    1.16     0.48
DAILY AVG.       0.21              0.17    0.04     0.02
DAYS >= .01        16               7.9     8.1        4
DAYS >= .10        10               5.5     4.5        2
DAYS >= .50         4               2.9     1.1        0
DAYS >= 1.00        2               1.6     0.4        0
GREATEST
 24 HR. TOTAL    1.98   11/12 TO 11/12

SNOWFALL (INCHES)
RECORDS
 TOTAL             MM   MM
TOTALS            0.0               0.0     0.0      0.0
SINCE 7/1         0.0               0.0     0.0      0.0
SNOWDEPTH AVG.      0                MM      MM        0
DAYS >= 1.0         0               0.0     0.0        0
GREATEST
 SNOW DEPTH         0   MM                             0  MM
 24 HR TOTAL      0.0   11/30 TO 11/30

DEGREE_DAYS
HEATING TOTAL     273               203      70      158
 SINCE 7/1        286               258      28      216
COOLING TOTAL      40                41      -1       60
 SINCE 1/1       3070              2503     567     2779
.................................................................

WIND (MPH)
AVERAGE WIND SPEED              6.7
HIGHEST WIND SPEED/DIRECTION    28/010    DATE  11/10
HIGHEST GUST SPEED/DIRECTION    42/150    DATE  11/01

SKY COVER
POSSIBLE SUNSHINE (PERCENT)   MM
AVERAGE SKY COVER           0.60
NUMBER OF DAYS FAIR            7
NUMBER OF DAYS PC             13
NUMBER OF DAYS CLOUDY         10

AVERAGE RH (PERCENT)     78

WEATHER CONDITIONS. NUMBER OF DAYS WITH
THUNDERSTORM              3     MIXED PRECIP               0
HEAVY RAIN                8     RAIN                       7
LIGHT RAIN               13     FREEZING RAIN              0
LT FREEZING RAIN          0     HAIL                       0
HEAVY SNOW                0     SNOW                       0
LIGHT SNOW                0     SLEET                      0
FOG                      15     FOG W/VIS <= 1/4 MILE      4
HAZE                      8

-  INDICATES NEGATIVE NUMBERS.
R  INDICATES RECORD WAS SET OR TIED.
MM INDICATES DATA IS MISSING.
T  INDICATES TRACE AMOUNT.

$$
