000
CXUS54 KMOB 011647
CLMMOB


CLIMATE REPORT
NATIONAL WEATHER SERVICE MOBILE AL
1126 AM CDT SAT SEP 1 2018

...................................

...THE MOBILE CLIMATE SUMMARY FOR THE MONTH OF AUGUST 2018...

CLIMATE NORMAL PERIOD 1981 TO 2010
CLIMATE RECORD PERIOD 1842 TO 2018

WEATHER         OBSERVED          NORMAL  DEPART  LAST YEAR`S
                 VALUE   DATE(S)  VALUE   FROM    VALUE  DATE(S)
                                          NORMAL
................................................................
TEMPERATURE (F)
RECORD
 HIGH             105   08/29/2000
 LOW               57   08/25/1891
HIGHEST            94   08/26                         96  08/18
                        08/14
                        08/12
LOWEST             69   08/23                         67  08/01
AVG. MAXIMUM     90.2              90.7    -0.5     89.6
AVG. MINIMUM     73.5              72.6     0.9     73.7
MEAN             81.8              81.6     0.2     81.7
DAYS MAX >= 90     20              19.5     0.5       18
DAYS MAX <= 32      0               0.0     0.0        0
DAYS MIN <= 32      0               0.0     0.0        0
DAYS MIN <= 0       0               0.0     0.0        0

PRECIPITATION (INCHES)
RECORD
 MAXIMUM        14.56   2008
 MINIMUM         2.83   2014
TOTALS           4.20              6.96   -2.76    12.79
DAILY AVG.       0.14              0.22   -0.08     0.41
DAYS >= .01        16              13.4     2.6       16
DAYS >= .10        10               9.1     0.9       12
DAYS >= .50         2               4.3    -2.3        4
DAYS >= 1.00        1               2.3    -1.3        4
GREATEST
 24 HR. TOTAL    1.81   07/31 TO 08/01

DEGREE_DAYS
COOLING TOTAL     529               516      13      523
 SINCE 1/1       2219              1927     292     2086
.................................................................

WIND (MPH)
AVERAGE WIND SPEED              4.9
HIGHEST WIND SPEED/DIRECTION    22/110    DATE  08/31
HIGHEST GUST SPEED/DIRECTION    31/120    DATE  08/31

SKY COVER
POSSIBLE SUNSHINE (PERCENT)
AVERAGE SKY COVER           0.40
NUMBER OF DAYS FAIR            9
NUMBER OF DAYS PC             22
NUMBER OF DAYS CLOUDY          0

AVERAGE RH (PERCENT)     78

WEATHER CONDITIONS. NUMBER OF DAYS WITH
THUNDERSTORM             20     MIXED PRECIP               0
HEAVY RAIN                2     RAIN                      10
LIGHT RAIN               16     FREEZING RAIN              0
LT FREEZING RAIN          0     HAIL                       0
HEAVY SNOW                0     SNOW                       0
LIGHT SNOW                0     SLEET                      0
FOG                      17     FOG W/VIS <= 1/4 MILE      1
HAZE                     11

-  INDICATES NEGATIVE NUMBERS.
R  INDICATES RECORD WAS SET OR TIED.
MM INDICATES DATA IS MISSING.
T  INDICATES TRACE AMOUNT.

$$
