000
CXUS51 KPHI 071852
CLMMPO


CLIMATE REPORT
NATIONAL WEATHER SERVICE MOUNT HOLLY NJ
245 PM EDT TUE AUG 7 2018

...................................

...THE MOUNT POCONO PA CLIMATE SUMMARY FOR THE MONTH OF JULY 2018...

CLIMATE NORMAL PERIOD 1981 TO 2010
CLIMATE RECORD PERIOD 1901 TO 2018

WEATHER         OBSERVED          NORMAL  DEPART  LAST YEAR`S
                 VALUE   DATE(S)  VALUE   FROM    VALUE
                                          NORMAL
.............................................................
TEMPERATURE (F)
RECORD
 HIGH             103   07/03/1911
 LOW               34   07/09/1909
                        07/04/1907
HIGHEST            88                MM      MM       84
LOWEST             45                MM      MM       49
AVG. MAXIMUM     78.9              78.1     0.8     76.7
AVG. MINIMUM     58.0              58.3    -0.3     58.5
MEAN             68.5              68.2     0.3     67.6
DAYS MAX >= 90      0               0.6    -0.6        0
DAYS MAX <= 32      0               0.0     0.0        0
DAYS MIN <= 32      0               0.0     0.0        0
DAYS MIN <= 0       0               0.0     0.0        0

PRECIPITATION (INCHES)
RECORD
 MAXIMUM        15.86   1945
 MINIMUM         0.60   1960
TOTALS          10.85              4.64    6.21     5.64
DAILY AVG.       0.35              0.15    0.20     0.18
DAYS >= .01        14                MM      MM       14
DAYS >= .10         9                MM      MM        6
DAYS >= .50         8                MM      MM        4
DAYS >= 1.00        2                MM      MM        3
GREATEST
 24 HR. TOTAL    3.48   07/22 TO 07/22              1.68

DEGREE_DAYS
HEATING TOTAL      22                22       0       12
 SINCE 7/1         22                22       0       12
COOLING TOTAL     140               121      19      104
 SINCE 1/1        234               202      32      183
..............................................................

WIND (MPH)
AVERAGE WIND SPEED              6.6
HIGHEST WIND SPEED/DIRECTION    25/190    DATE  07/22
HIGHEST GUST SPEED/DIRECTION    38/180    DATE  07/22

SKY COVER
POSSIBLE SUNSHINE (PERCENT)   MM
AVERAGE SKY COVER           0.30
NUMBER OF DAYS FAIR           20
NUMBER OF DAYS PC              7
NUMBER OF DAYS CLOUDY          4

AVERAGE RH (PERCENT)     77

WEATHER CONDITIONS. NUMBER OF DAYS WITH
THUNDERSTORM             10     MIXED PRECIP               0
HEAVY RAIN                7     RAIN                      11
LIGHT RAIN               17     FREEZING RAIN              0
LT FREEZING RAIN          0     HEAVY SNOW                 0
SNOW                      0     LIGHT SNOW                 0
SLEET                     0     FOG                        3
FOG W/VIS <= 1/4 MILE    20     HAZE                       0

-  INDICATES NEGATIVE NUMBERS.
R  INDICATES RECORD WAS SET OR TIED.
MM INDICATES DATA IS MISSING.
T  INDICATES TRACE AMOUNT.

$$
