895
CXUS51 KPHI 011932
CLMMPO


CLIMATE REPORT
NATIONAL WEATHER SERVICE MOUNT HOLLY NJ
319 PM EDT TUE MAY 1 2018

...................................

...THE MOUNT POCONO PA CLIMATE SUMMARY FOR THE MONTH OF APRIL 2018...

CLIMATE NORMAL PERIOD 1981 TO 2010
CLIMATE RECORD PERIOD 1901 TO 2018

WEATHER         OBSERVED          NORMAL  DEPART  LAST YEAR`S
                 VALUE   DATE(S)  VALUE   FROM    VALUE
                                          NORMAL
.............................................................
TEMPERATURE (F)
RECORD
 HIGH              88   04/18/1976
                        04/26/1915
                        04/25/1915
 LOW                0   04/16/1908
HIGHEST            80                MM      MM       80
LOWEST             17                MM      MM       29
AVG. MAXIMUM     48.5              55.2    -6.7     59.8
AVG. MINIMUM     29.9              35.4    -5.5     40.2
MEAN             39.2              45.3    -6.1     50.0
DAYS MAX >= 90      0               0.0     0.0        0
DAYS MAX <= 32      1               0.5     0.5        0
DAYS MIN <= 32     22              10.8    11.2        7
DAYS MIN <= 0       0               0.0     0.0        0

PRECIPITATION (INCHES)
RECORD
 MAXIMUM        11.65   1983
 MINIMUM         0.00   1914
TOTALS           4.43              4.02    0.41     4.06
DAILY AVG.       0.15              0.13    0.02     0.14
DAYS >= .01        14                MM      MM       12
DAYS >= .10         9                MM      MM        6
DAYS >= .50         2                MM      MM        3
DAYS >= 1.00        1                MM      MM        1
GREATEST
 24 HR. TOTAL    1.73   04/16 TO 04/16              1.84

DEGREE_DAYS
HEATING TOTAL     766               596     170      445
 SINCE 7/1       6842              6694     148     6148
COOLING TOTAL       0                 4      -4        3
 SINCE 1/1          0                 4      -4        3
..............................................................

WIND (MPH)
AVERAGE WIND SPEED              10.7
HIGHEST WIND SPEED/DIRECTION    46/260    DATE  04/04
HIGHEST GUST SPEED/DIRECTION    60/270    DATE  04/04

SKY COVER
POSSIBLE SUNSHINE (PERCENT)   MM
AVERAGE SKY COVER           0.60
NUMBER OF DAYS FAIR            5
NUMBER OF DAYS PC             14
NUMBER OF DAYS CLOUDY         10

AVERAGE RH (PERCENT)     70

WEATHER CONDITIONS. NUMBER OF DAYS WITH
THUNDERSTORM              1     MIXED PRECIP               1
HEAVY RAIN                1     RAIN                       4
LIGHT RAIN               14     FREEZING RAIN              3
LT FREEZING RAIN          3     HEAVY SNOW                 0
SNOW                      2     LIGHT SNOW                12
SLEET                     0     FOG                       15
FOG W/VIS <= 1/4 MILE     5     HAZE                       0

-  INDICATES NEGATIVE NUMBERS.
R  INDICATES RECORD WAS SET OR TIED.
MM INDICATES DATA IS MISSING.
T  INDICATES TRACE AMOUNT.

$$
