000
CXUS51 KPHI 011247
CLMMPO


CLIMATE REPORT
NATIONAL WEATHER SERVICE MOUNT HOLLY NJ
838 AM EDT MON OCT 1 2018

...................................

...THE MOUNT POCONO PA CLIMATE SUMMARY FOR THE MONTH OF SEPTEMBER 2018...

CLIMATE NORMAL PERIOD 1981 TO 2010
CLIMATE RECORD PERIOD 1901 TO 2018

WEATHER         OBSERVED          NORMAL  DEPART  LAST YEAR`S
                 VALUE   DATE(S)  VALUE   FROM    VALUE
                                          NORMAL
.............................................................
TEMPERATURE (F)
RECORD
 HIGH              95   09/02/1953
 LOW               22   09/24/1963
HIGHEST            88                MM      MM       85
LOWEST             40                MM      MM       36
AVG. MAXIMUM     69.4              67.7     1.7     71.2
AVG. MINIMUM     54.8              49.8     5.0     51.1
MEAN             62.1              58.7     3.4     61.2
DAYS MAX >= 90      0               0.1    -0.1        0
DAYS MAX <= 32      0               0.0     0.0        0
DAYS MIN <= 32      0               0.1    -0.1        0
DAYS MIN <= 0       0               0.0     0.0        0

PRECIPITATION (INCHES)
RECORD
 MAXIMUM        15.27   1946
 MINIMUM         0.20   1941
TOTALS          10.27              5.36    4.91     2.82
DAILY AVG.       0.34              0.18    0.16     0.09
DAYS >= .01        17                MM      MM       11
DAYS >= .10        12                MM      MM        5
DAYS >= .50         7                MM      MM        2
DAYS >= 1.00        4                MM      MM        1
GREATEST
 24 HR. TOTAL    2.10   09/18 TO 09/18              1.12

DEGREE_DAYS
HEATING TOTAL     137               205     -68      152
 SINCE 7/1        171               268     -97      250
COOLING TOTAL      59                17      42       46
 SINCE 1/1        457               313     144      275
..............................................................

WIND (MPH)
AVERAGE WIND SPEED              6.4
HIGHEST WIND SPEED/DIRECTION    29/320    DATE  09/22
HIGHEST GUST SPEED/DIRECTION    35/330    DATE  09/22

SKY COVER
POSSIBLE SUNSHINE (PERCENT)   MM
AVERAGE SKY COVER           0.60
NUMBER OF DAYS FAIR           10
NUMBER OF DAYS PC              6
NUMBER OF DAYS CLOUDY         14

AVERAGE RH (PERCENT)     88

WEATHER CONDITIONS. NUMBER OF DAYS WITH
THUNDERSTORM              3     MIXED PRECIP               0
HEAVY RAIN                6     RAIN                       8
LIGHT RAIN               20     FREEZING RAIN              0
LT FREEZING RAIN          0     HEAVY SNOW                 0
SNOW                      0     LIGHT SNOW                 0
SLEET                     0     FOG                       25
FOG W/VIS <= 1/4 MILE    13     HAZE                       0

-  INDICATES NEGATIVE NUMBERS.
R  INDICATES RECORD WAS SET OR TIED.
MM INDICATES DATA IS MISSING.
T  INDICATES TRACE AMOUNT.

$$
