000
CXUS53 KMQT 011401
CLMMQT

ARBCLMMQT 000
TTAA00 KMQT 011401


CLIMATE REPORT
NATIONAL WEATHER SERVICE MARQUETTE MI
900 AM EST TUE JAN 1 2019

...................................

...THE MARQUETTE MI CLIMATE SUMMARY FOR THE MONTH OF DECEMBER 2018...

CLIMATE NORMAL PERIOD 1981 TO 2010
CLIMATE RECORD PERIOD 1961 TO 2018

WEATHER         OBSERVED          NORMAL  DEPART  LAST YEAR`S
                 VALUE   DATE(S)  VALUE   FROM    VALUE  DATE(S)
                                          NORMAL
................................................................
TEMPERATURE (F)
RECORD
 HIGH              59   12/03/1998
                        12/03/1982
 LOW              -28   12/20/1983
HIGHEST            46   12/16        24      22       50  12/05
                                                          12/04
LOWEST             -6   12/06        10     -16      -18  12/28
AVG. MAXIMUM     28.9              25.9     3.0     20.8
AVG. MINIMUM     15.9              11.2     4.7      6.8
MEAN             22.4              18.5     3.9     13.8
DAYS MAX >= 90      0               0.0     0.0        0
DAYS MAX <= 32     23              22.7     0.3       25
DAYS MIN <= 32     31              30.5     0.5       30
DAYS MIN <= 0       1               6.2    -5.2        8

PRECIPITATION (INCHES)
RECORD
 MAXIMUM         6.91   1968
 MINIMUM         0.37   1994
TOTALS           3.15              2.57    0.58     2.14
DAILY AVG.       0.10              0.08    0.02     0.07
DAYS >= .01        13              17.1    -4.1       22
DAYS >= .10         6               7.1    -1.1        6
DAYS >= .50         1               1.1    -0.1        1
DAYS >= 1.00        1               0.2     0.8        0
GREATEST
 24 HR. TOTAL    1.62   12/02 TO 12/02

SNOWFALL (INCHES)
RECORDS
 TOTAL           89.5   2000
TOTALS           39.0              42.8    -3.8     38.0
SINCE 7/1        80.9              73.3     7.6     63.0
SNOWDEPTH AVG.     12                11       1        4
DAYS >= 1.0         7              10.0    -3.0       11
GREATEST
 SNOW DEPTH        15   12/29                         10  12/31
                        12/07
 24 HR TOTAL     14.2   12/02 TO 12/02

DEGREE_DAYS
HEATING TOTAL    1312              1440    -128     1579
 SINCE 7/1       3742              3642     100     3706
COOLING TOTAL       0                 0       0        0
 SINCE 1/1        280               242      38      145
.................................................................

WIND (MPH)
AVERAGE WIND SPEED              MM
HIGHEST WIND SPEED/DIRECTION    MM        DATE   MM
HIGHEST GUST SPEED/DIRECTION    37/180    DATE  12/18

SKY COVER
POSSIBLE SUNSHINE (PERCENT)   MM
AVERAGE SKY COVER             MM
NUMBER OF DAYS FAIR            0
NUMBER OF DAYS PC              0
NUMBER OF DAYS CLOUDY          0

AVERAGE RH (PERCENT)     MM

WEATHER CONDITIONS. NUMBER OF DAYS WITH
THUNDERSTORM              0     MIXED PRECIP               0
HEAVY RAIN                0     RAIN                       0
LIGHT RAIN                4     FREEZING RAIN              0
LT FREEZING RAIN          6     HAIL                       0
HEAVY SNOW                2     SNOW                       5
LIGHT SNOW               21     SLEET                      1
FOG                       5     FOG W/VIS <= 1/4 MILE      1
HAZE                      0

-  INDICATES NEGATIVE NUMBERS.
R  INDICATES RECORD WAS SET OR TIED.
MM INDICATES DATA IS MISSING.
T  INDICATES TRACE AMOUNT.

$$
