000
CXUS53 KMQT 012347
CLMMQT

ARBCLMMQT 000
TTAA00 KMQT 012347


CLIMATE REPORT
NATIONAL WEATHER SERVICE MARQUETTE MI
746 PM EDT WED AUG 1 2018

...................................

...THE MARQUETTE MI CLIMATE SUMMARY FOR THE MONTH OF JULY 2018...

CLIMATE NORMAL PERIOD 1981 TO 2010
CLIMATE RECORD PERIOD 1961 TO 2018

WEATHER         OBSERVED          NORMAL  DEPART  LAST YEAR`S
                 VALUE   DATE(S)  VALUE   FROM    VALUE  DATE(S)
                                          NORMAL
................................................................
TEMPERATURE (F)
RECORD
 HIGH              99   07/28/1988
                        07/19/1977
 LOW               34   07/10/1968
                        07/05/1967
HIGHEST            89   07/04        75      14       86  07/30
LOWEST             43   07/18        54     -11       40  07/17
AVG. MAXIMUM     77.4              76.4     1.0     74.9
AVG. MINIMUM     55.5              54.6     0.9     53.1
MEAN             66.5              65.5     1.0     64.0
DAYS MAX >= 90      0               1.3    -1.3        0
DAYS MAX <= 32      0               0.0     0.0        0
DAYS MIN <= 32      0               0.0     0.0        0
DAYS MIN <= 0       0               0.0     0.0        0

PRECIPITATION (INCHES)
RECORD
 MAXIMUM         5.60   1970
 MINIMUM         0.57   1981
TOTALS           3.31              2.84    0.47     1.98
DAILY AVG.       0.11              0.09    0.02     0.06
DAYS >= .01        11              11.6    -0.6       13
DAYS >= .10         9               6.6     2.4        6
DAYS >= .50         3               1.7     1.3        0
DAYS >= 1.00        1               0.4     0.6        0
GREATEST
 24 HR. TOTAL    1.08   07/12 TO 07/12

SNOWFALL (INCHES)
RECORDS
 TOTAL              T   2017
                        2016
                        2007
TOTALS            0.0               0.0     0.0        T
SINCE 7/1         0.0               0.0     0.0        T
SNOWDEPTH AVG.      0                MM      MM        0
DAYS >= 1.0         0               0.0     0.0        0
GREATEST
 SNOW DEPTH         0   MM                             0  MM
 24 HR TOTAL      0.0   07/31 TO 07/31

DEGREE_DAYS
HEATING TOTAL      45                79     -34       79
 SINCE 7/1         45                79     -34       79
COOLING TOTAL      98                94       4       56
 SINCE 1/1        176               154      22       77
.................................................................

WIND (MPH)
AVERAGE WIND SPEED              MM
HIGHEST WIND SPEED/DIRECTION    MM        DATE   MM
HIGHEST GUST SPEED/DIRECTION    33/270    DATE  07/01

SKY COVER
POSSIBLE SUNSHINE (PERCENT)   MM
AVERAGE SKY COVER             MM
NUMBER OF DAYS FAIR            0
NUMBER OF DAYS PC              0
NUMBER OF DAYS CLOUDY          0

AVERAGE RH (PERCENT)     MM

WEATHER CONDITIONS. NUMBER OF DAYS WITH
THUNDERSTORM              1     MIXED PRECIP               0
HEAVY RAIN                4     RAIN                       4
LIGHT RAIN               10     FREEZING RAIN              0
LT FREEZING RAIN          0     HAIL                       0
HEAVY SNOW                0     SNOW                       0
LIGHT SNOW                0     SLEET                      0
FOG                       1     FOG W/VIS <= 1/4 MILE      1
HAZE                      0

-  INDICATES NEGATIVE NUMBERS.
R  INDICATES RECORD WAS SET OR TIED.
MM INDICATES DATA IS MISSING.
T  INDICATES TRACE AMOUNT.

$$
