000
CXUS54 KHUN 040004
CLMMSL


CLIMATE REPORT
NATIONAL WEATHER SERVICE HUNTSVILLE AL
703 PM CDT TUE JUL 3 2018

...................................

...THE MUSCLE SHOALS CLIMATE SUMMARY FOR THE MONTH OF JUNE 2018...

CLIMATE NORMAL PERIOD 1981 TO 2010
CLIMATE RECORD PERIOD 1893 TO 2018

WEATHER         OBSERVED          NORMAL  DEPART  LAST YEAR`S
                 VALUE   DATE(S)  VALUE   FROM    VALUE
                                          NORMAL
.............................................................
TEMPERATURE (F)
RECORD
 HIGH             108   06/26/1914
 LOW               42   06/01/1894
HIGHEST            95   06/30        MM      MM       93
                        06/16
LOWEST             60   06/06        MM      MM       53
                        06/04
AVG. MAXIMUM     90.0              87.8     2.2     87.5
AVG. MINIMUM     69.1              66.3     2.8     65.3
MEAN             79.6              77.0     2.6     76.4
DAYS MAX >= 90     20              11.6     8.4        9
DAYS MAX <= 32      0               0.0     0.0        0
DAYS MIN <= 32      0               0.0     0.0        0
DAYS MIN <= 0       0               0.0     0.0        0

PRECIPITATION (INCHES)
RECORD
 MAXIMUM        13.43   1989
 MINIMUM         0.43   1944
TOTALS           5.35              4.76    0.59     2.62
DAILY AVG.       0.18              0.16    0.02
DAYS >= .01         9              10.3    -1.3       12
DAYS >= .10         7               6.8     0.2        5
DAYS >= .50         3               3.1    -0.1        1
DAYS >= 1.00        2               1.5     0.5        1
GREATEST
 24 HR. TOTAL    2.07   06/22 TO 06/22              1.18

SNOWFALL (INCHES)
RECORDS
 TOTAL              T   1994
                        1993
 24 HR TOTAL      0.0   MM
TOTALS            0.0               0.0     0.0      0.0
SINCE 7/1         0.6               2.2    -1.6        T
DAYS >= TRACE       0               0.0     0.0
DAYS >= 1.0         0               0.0     0.0
GREATEST
 24 HR TOTAL      0.0   06/30 TO 06/30               0.0

DEGREE_DAYS
HEATING TOTAL       0                 1      -1        0
 SINCE 7/1       2957              3104    -147     2094
COOLING TOTAL     446               362      84      349
 SINCE 1/1        845               606     239      678

FREEZE DATES
RECORD
 EARLIEST     10/03/1908
 LATEST       04/27/1919
EARLIEST      03/07             11/07
LATEST        03/22             03/28
..............................................................

WIND (MPH)
AVERAGE WIND SPEED              4.5
HIGHEST WIND SPEED/DIRECTION    30/270    DATE  06/23
HIGHEST GUST SPEED/DIRECTION    39/270    DATE  06/23

AVERAGE RH (PERCENT)     73

WEATHER CONDITIONS. NUMBER OF DAYS WITH
THUNDERSTORM              9     MIXED PRECIP               0
HEAVY RAIN                6     RAIN                       6
LIGHT RAIN               10     FREEZING RAIN              0
LT FREEZING RAIN          0     HAIL                       0
HEAVY SNOW                0     SNOW                       0
LIGHT SNOW                0     SLEET                      0
FOG                      16     FOG W/VIS <= 1/4 MILE      1

-  INDICATES NEGATIVE NUMBERS.
R  INDICATES RECORD WAS SET OR TIED.
MM INDICATES DATA IS MISSING.
T  INDICATES TRACE AMOUNT.

$$
