000
CXUS53 KMKX 012002
CLMMSN


CLIMATE REPORT
NATIONAL WEATHER SERVICE IN MILWAUKEE
158 PM CST FRI FEB 1 2019

...................................

...THE MADISON WI CLIMATE SUMMARY FOR THE MONTH OF JANUARY 2019...

CLIMATE NORMAL PERIOD 1981 TO 2010
CLIMATE RECORD PERIOD 1871 TO 2019

WEATHER         OBSERVED          NORMAL  DEPART  LAST YEAR`S
                 VALUE   DATE(S)  VALUE   FROM    VALUE  DATE(S)
                                          NORMAL
................................................................
TEMPERATURE (F)
RECORD
 HIGH              58   01/06/1880
 LOW              -37   01/30/1951
HIGHEST            50   01/05        44       6       51  01/11
LOWEST            -26   01/31       -14     -12      -13  01/01
                        01/30
AVG. MAXIMUM     23.6              26.4    -2.8     28.5
AVG. MINIMUM      8.2              11.1    -2.9     11.8
MEAN             15.9              18.8    -2.9     20.1
DAYS MAX >= 90      0               0.0     0.0        0
DAYS MAX <= 32     23              20.4     2.6       19
DAYS MIN <= 32     30              29.9     0.1       31
DAYS MIN <= 0      10               7.1     2.9        9

PRECIPITATION (INCHES)
RECORD
 MAXIMUM         3.64   1874
 MINIMUM         0.10   1903
TOTALS           2.56              1.23    1.33     1.68
DAILY AVG.       0.08              0.04    0.04     0.05
DAYS >= .01        10              10.2    -0.2       10
DAYS >= .10         5               3.8     1.2        4
DAYS >= .50         1               0.5     0.5        1
DAYS >= 1.00        1               0.1     0.9        1
GREATEST
 24 HR. TOTAL    1.10   01/07 TO 01/07              1.12

SNOWFALL (INCHES)
RECORDS
 TOTAL           31.8
TOTALS           19.7              12.9     6.8     10.2
SINCE 7/1        29.0              30.5    -1.5     14.2
SNOWDEPTH AVG.      3                 5      -2        1
DAYS >= 1.0         5               3.6     1.4        3
GREATEST
 SNOW DEPTH         9   01/31                          5  01/16
                        01/30
                        01/29
                        01/28
 24 HR TOTAL      5.1   01/28 TO 01/28               4.5

DEGREE_DAYS
HEATING TOTAL    1513              1434      79     1383
 SINCE 7/1       4294              4313     -19     4065
COOLING TOTAL       0                 0       0        0
 SINCE 1/1          0                 0       0        0
.................................................................

WIND (MPH)
AVERAGE WIND SPEED              7.5
HIGHEST WIND SPEED/DIRECTION    24/020    DATE  01/19
HIGHEST GUST SPEED/DIRECTION    41/290    DATE  01/08

SKY COVER
POSSIBLE SUNSHINE (PERCENT)   MM
AVERAGE SKY COVER           0.60
NUMBER OF DAYS FAIR            6
NUMBER OF DAYS PC             11
NUMBER OF DAYS CLOUDY         14

AVERAGE RH (PERCENT)     73

-  INDICATES NEGATIVE NUMBERS.
R  INDICATES RECORD WAS SET OR TIED.
MM INDICATES DATA IS MISSING.
T  INDICATES TRACE AMOUNT.

$$
