535
CXUS53 KMKX 011535
CLMMSN


CLIMATE REPORT
NATIONAL WEATHER SERVICE IN MILWAUKEE
1022 AM CDT THU NOV 1 2018

...................................

...THE MADISON WI CLIMATE SUMMARY FOR THE MONTH OF OCTOBER 2018...

CLIMATE NORMAL PERIOD 1981 TO 2010
CLIMATE RECORD PERIOD 1871 TO 2018

WEATHER         OBSERVED          NORMAL  DEPART  LAST YEAR`S
                 VALUE   DATE(S)  VALUE   FROM    VALUE  DATE(S)
                                          NORMAL
................................................................
TEMPERATURE (F)
RECORD
 HIGH              90   10/13/1975
                        10/06/1963
 LOW               12   10/25/1887
HIGHEST            84   10/03        78       6       80  10/02
LOWEST             22   10/21        26      -4       27  10/29
AVG. MAXIMUM     56.2              58.9    -2.7     62.3
AVG. MINIMUM     39.3              38.8     0.5     45.4
MEAN             47.8              48.9    -1.1     53.8
DAYS MAX >= 90      0               0.0     0.0        0
DAYS MAX <= 32      0               0.0     0.0        0
DAYS MIN <= 32     10               7.9     2.1        2
DAYS MIN <= 0       0               0.0     0.0        0

PRECIPITATION (INCHES)
RECORD
 MAXIMUM         9.12   1881
 MINIMUM            T   1889
TOTALS           5.36              2.40    2.96     3.56
DAILY AVG.       0.17              0.08    0.09     0.11
DAYS >= .01        13               9.8     3.2       15
DAYS >= .10         8               5.4     2.6       12
DAYS >= .50         4               1.4     2.6        0
DAYS >= 1.00        1               0.3     0.7        0
GREATEST
 24 HR. TOTAL    2.05   10/01 TO 10/01              0.42

SNOWFALL (INCHES)
RECORDS
 TOTAL            5.2   1917
TOTALS              T               0.5    -0.5        T
SINCE 7/1           T               0.5    -0.5        T
SNOWDEPTH AVG.      0                MM      MM        0
DAYS >= 1.0         0               0.1    -0.1        0
GREATEST
 SNOW DEPTH         0   MM                             0  MM
 24 HR TOTAL        T   10/20 TO 10/20                 T
                        10/14 TO 10/14
                        10/15 TO 10/15

DEGREE_DAYS
HEATING TOTAL     538               505      33      347
 SINCE 7/1        663               713     -50      485
COOLING TOTAL      13                 4       9       10
 SINCE 1/1        796               568     228      580
.................................................................

WIND (MPH)
AVERAGE WIND SPEED              7.0
HIGHEST WIND SPEED/DIRECTION    32/330    DATE  10/20
HIGHEST GUST SPEED/DIRECTION    53/340    DATE  10/20

SKY COVER
POSSIBLE SUNSHINE (PERCENT)   MM
AVERAGE SKY COVER           0.60
NUMBER OF DAYS FAIR            8
NUMBER OF DAYS PC              8
NUMBER OF DAYS CLOUDY         15

AVERAGE RH (PERCENT)     75

-  INDICATES NEGATIVE NUMBERS.
R  INDICATES RECORD WAS SET OR TIED.
MM INDICATES DATA IS MISSING.
T  INDICATES TRACE AMOUNT.

&&

7TH WETTEST OCTOBER ON RECORD.

$$
