000
CXUS55 KMSO 011807
CLMMSO

CLIMATE REPORT
NATIONAL WEATHER SERVICE MISSOULA, MT
1152 AM MDT SUN JUL 1 2018

...................................

...THE MISSOULA MT CLIMATE SUMMARY FOR THE MONTH OF JUNE 2018...

CLIMATE NORMAL PERIOD 1981 TO 2010
CLIMATE RECORD PERIOD 1893 TO 2018

WEATHER         OBSERVED          NORMAL  DEPART  LAST YEAR`S
                 VALUE   DATE(S)  VALUE   FROM    VALUE
                                          NORMAL
.............................................................
TEMPERATURE (F)
RECORD
 HIGH             102   06/28/2015
 LOW               30   06/10/1999
                        06/19/1920
                        06/01/1917
HIGHEST            82   06/25        MM      MM       94
                        06/08
                        06/03
LOWEST             35   06/12        MM      MM       34
AVG. MAXIMUM     72.0              75.2    -3.2     76.4
AVG. MINIMUM     46.4              46.6    -0.2     48.0
MEAN             59.2              60.9    -1.7     62.2
DAYS MAX >= 90      0               2.3    -2.3        3
DAYS MAX <= 32      0               0.0     0.0        0
DAYS MIN <= 32      0               0.2    -0.2        0
DAYS MIN <= 0       0               0.0     0.0        0

PRECIPITATION (INCHES)
RECORD
 MAXIMUM         4.79   1907
 MINIMUM         0.22   1918
TOTALS           2.52              2.07    0.45     2.02
DAILY AVG.       0.08              0.07    0.01     0.07
DAYS >= .01        14              12.1     1.9       12
DAYS >= .10         8               6.1     1.9        5
DAYS >= .50         0               1.0    -1.0        1
DAYS >= 1.00        0               0.0     0.0        0
GREATEST
 24 HR. TOTAL    0.69   05/31 TO 06/01              1.10
                        06/01 TO 06/02
                        06/02 TO 06/03

SNOWFALL (INCHES)
TOTALS            0.0                 T     0.0        T
SINCE 7/1        53.2              37.9    15.3     67.3
DAYS >= TRACE       0               0.1    -0.1        1
DAYS >= 1.0         0               0.0     0.0        0
GREATEST
 SNOW DEPTH         0   MM                             0
 24 HR TOTAL      0.0   06/30 TO 06/30                 T

DEGREE_DAYS
HEATING TOTAL     171               160      11
 SINCE 7/1       7275              7284      -9
COOLING TOTAL       6                37     -31
 SINCE 1/1          7                43     -36
..............................................................

WIND (MPH)
AVERAGE WIND SPEED              5.8
HIGHEST WIND SPEED/DIRECTION    31/300    DATE  06/09
HIGHEST GUST SPEED/DIRECTION    37/310    DATE  06/09

SKY COVER
POSSIBLE SUNSHINE (PERCENT)   MM
AVERAGE SKY COVER           0.40
NUMBER OF DAYS FAIR           13
NUMBER OF DAYS PC             10
NUMBER OF DAYS CLOUDY          6

AVERAGE RH (PERCENT)     62

WEATHER CONDITIONS. NUMBER OF DAYS WITH
THUNDERSTORM              6     MIXED PRECIP               0
HEAVY RAIN                2     RAIN                       7
LIGHT RAIN               17     FREEZING RAIN              0
LT FREEZING RAIN          0     HAIL                       2
HEAVY SNOW                0     SNOW                       0
LIGHT SNOW                0     SLEET                      0
FOG                       9     FOG W/VIS <= 1/4 MILE      0
HAZE                      1

-  INDICATES NEGATIVE NUMBERS.
R  INDICATES RECORD WAS SET OR TIED.
MM INDICATES DATA IS MISSING.
T  INDICATES TRACE AMOUNT.

$$
