273
CXUS53 KILX 011603
CLMMTO


CLIMATE REPORT
NATIONAL WEATHER SERVICE LINCOLN IL
1103 AM CDT MON OCT 1 2018

...................................

...THE MATTOON IL AIRPORT CLIMATE SUMMARY FOR THE MONTH OF SEPTEMBER 2018...

CLIMATE NORMAL PERIOD 1981 TO 2010
CLIMATE RECORD PERIOD 9999 TO 9999

WEATHER         OBSERVED          NORMAL  DEPART  LAST YEAR`S
                 VALUE   DATE(S)  VALUE   FROM    VALUE
                                          NORMAL
.............................................................
TEMPERATURE (F)
RECORD
 HIGH              MM   MM
 LOW               MM   MM
HIGHEST            92   09/18        MM      MM       95
                        09/17
LOWEST             45   09/29        MM      MM       42
AVG. MAXIMUM     80.9              78.3     2.6     82.4
AVG. MINIMUM     61.1              55.2     5.9     56.2
MEAN             71.0              66.7     4.3     69.3
DAYS MAX >= 90      6               1.2     4.8        7
DAYS MAX <= 32      0               0.0     0.0        0
DAYS MIN <= 32      0               0.0     0.0        0
DAYS MIN <= 0       0               0.0     0.0        0

PRECIPITATION (INCHES)
RECORD
 MAXIMUM           MM   MM
 MINIMUM           MM   MM
TOTALS           4.14              3.07    1.07     0.24
DAILY AVG.       0.14              0.10    0.04     0.01
DAYS >= .01         7                MM      MM        3
DAYS >= .10         5                MM      MM        0
DAYS >= .50         2                MM      MM        0
DAYS >= 1.00        1                MM      MM        0
GREATEST
 24 HR. TOTAL    2.30   09/25 TO 09/25              0.09

DEGREE_DAYS
HEATING TOTAL      32                66     -34       44
 SINCE 7/1         34                71     -37       45
COOLING TOTAL     222               118     104      181
 SINCE 1/1       1406              1038     368     1106
..............................................................

WIND (MPH)
AVERAGE WIND SPEED              6.5
HIGHEST WIND SPEED/DIRECTION    29/070    DATE  09/08
HIGHEST GUST SPEED/DIRECTION    42/050    DATE  09/08

AVERAGE RH (PERCENT)     72

WEATHER CONDITIONS. NUMBER OF DAYS WITH
THUNDERSTORM              3     MIXED PRECIP               0
HEAVY RAIN                4     RAIN                       5
LIGHT RAIN               10     FREEZING RAIN              0
LT FREEZING RAIN          0     HAIL                       0
HEAVY SNOW                0     SNOW                       0
LIGHT SNOW                0     SLEET                      0
FOG                      15     FOG W/VIS <= 1/4 MILE      0
HAZE                      1

-  INDICATES NEGATIVE NUMBERS.
R  INDICATES RECORD WAS SET OR TIED.
MM INDICATES DATA IS MISSING.
T  INDICATES TRACE AMOUNT.

$$
