000
CXUS53 KILX 011744
CLMMTO


CLIMATE REPORT
NATIONAL WEATHER SERVICE LINCOLN IL
1048 AM CDT WED AUG 1 2018

...................................

...THE MATTOON IL AIRPORT CLIMATE SUMMARY FOR THE MONTH OF JULY 2018...

CLIMATE NORMAL PERIOD 1981 TO 2010
CLIMATE RECORD PERIOD 9999 TO 9999

WEATHER         OBSERVED          NORMAL  DEPART  LAST YEAR`S
                 VALUE   DATE(S)  VALUE   FROM    VALUE
                                          NORMAL
.............................................................
TEMPERATURE (F)
RECORD
 HIGH              MM   MM
 LOW               MM   MM
HIGHEST            94   07/05        MM      MM       97
LOWEST             56   07/07        MM      MM       56
AVG. MAXIMUM     84.4              85.7    -1.3     87.0
AVG. MINIMUM     65.4              65.6    -0.2     66.6
MEAN             74.9              75.6    -0.7     76.8
DAYS MAX >= 90      6               6.4    -0.4        7
DAYS MAX <= 32      0               0.0     0.0        0
DAYS MIN <= 32      0               0.0     0.0        0
DAYS MIN <= 0       0               0.0     0.0        0

PRECIPITATION (INCHES)
RECORD
 MAXIMUM           MM   MM
 MINIMUM           MM   MM
TOTALS           5.69              4.25    1.44     3.38
DAILY AVG.       0.18              0.14    0.04     0.11
DAYS >= .01        10                MM      MM       11
DAYS >= .10         6                MM      MM        6
DAYS >= .50         5                MM      MM        2
DAYS >= 1.00        2                MM      MM        1
GREATEST
 24 HR. TOTAL    1.50   07/22 TO 07/22              1.34

DEGREE_DAYS
HEATING TOTAL       0                 1      -1        0
 SINCE 7/1          0                 1      -1        0
COOLING TOTAL     313               330     -17      374
 SINCE 1/1        867               641     226      740
..............................................................

WIND (MPH)
AVERAGE WIND SPEED              6.4
HIGHEST WIND SPEED/DIRECTION    25/290    DATE  07/21
HIGHEST GUST SPEED/DIRECTION    37/020    DATE  07/22

AVERAGE RH (PERCENT)     79

WEATHER CONDITIONS. NUMBER OF DAYS WITH
THUNDERSTORM              8     MIXED PRECIP               0
HEAVY RAIN                4     RAIN                       7
LIGHT RAIN               11     FREEZING RAIN              0
LT FREEZING RAIN          0     HAIL                       0
HEAVY SNOW                0     SNOW                       0
LIGHT SNOW                0     SLEET                      0
FOG                      15     FOG W/VIS <= 1/4 MILE      0
HAZE                      5

-  INDICATES NEGATIVE NUMBERS.
R  INDICATES RECORD WAS SET OR TIED.
MM INDICATES DATA IS MISSING.
T  INDICATES TRACE AMOUNT.

$$
