000
CXUS53 KLIX 080623
CLMNEW


CLIMATE REPORT
NATIONAL WEATHER SERVICE NEW ORLEANS
118 AM CDT SAT SEP 8 2018

...................................

...THE NEW ORLEANS CLIMATE SUMMARY FOR THE MONTH OF AUGUST 2018...

CLIMATE NORMAL PERIOD 1981 TO 2010
CLIMATE RECORD PERIOD 1946 TO 2018

WEATHER         OBSERVED          NORMAL  DEPART  LAST YEAR`S
                 VALUE   DATE(S)  VALUE   FROM    VALUE  DATE(S)
                                          NORMAL
................................................................
TEMPERATURE (F)
RECORD
 HIGH             102   08/22/1980
 LOW               60   08/30/1968
HIGHEST            97   08/15        MM      MM       96  08/19
LOWEST             74   08/11        MM      MM       73  08/29
                        08/04                             08/15
                        08/02                             08/02
AVG. MAXIMUM     91.1              91.2    -0.1     90.1
AVG. MINIMUM     76.4              75.3     1.1     76.1
MEAN             83.8              83.3     0.5     83.1
DAYS MAX >= 90     22              21.2     0.8       18
DAYS MAX <= 32      0               0.0     0.0        0
DAYS MIN <= 32      0               0.0     0.0        0
DAYS MIN <= 0       0               0.0     0.0        0

PRECIPITATION (INCHES)
RECORD
 MAXIMUM           MM   MM
 MINIMUM           MM   MM
TOTALS           9.88              5.98    3.90    15.77
DAILY AVG.       0.32              0.19    0.13     0.51
DAYS >= .01        18              13.1     4.9       20
DAYS >= .10        14               8.7     5.3       17
DAYS >= .50         8               3.7     4.3       11
DAYS >= 1.00        2               1.7     0.3        5
GREATEST
 24 HR. TOTAL    2.16   08/03 TO 08/03           08/29 TO 08/29
                                                          08/31 TO 08/31EATHER         OBSERVED          NORMAL  DEPART  LAST YEAR`S
                                                          08/31 TO 08/31EATHER         OBSERVED          NORMAL  DEPART  LAST YEAR`S

SNOWFALL (INCHES)
RECORDS
 TOTAL             MM   MM
 24 HR TOTAL       MM
 SNOW DEPTH        MM   MM
TOTALS            0.0               0.0     0.0      0.0
SINCE 7/1         0.0               0.0     0.0      0.0
SNOWDEPTH AVG.      0                MM      MM        0
DAYS >= TRACE       0               0.0     0.0        0
DAYS >= 1.0         0               0.0     0.0        0
GREATEST
 SNOW DEPTH         0   MM                             0  MM
 24 HR TOTAL      0.0   08/31 TO 08/31           08/31 TO 08/31
                                                          08/31 TO 08/31EATHER         OBSERVED          NORMAL  DEPART  LAST YEAR`S
                                                          08/31 TO 08/31EATHER         OBSERVED          NORMAL  DEPART  LAST YEAR`S

DEGREE_DAYS
HEATING TOTAL       0                 0       0        0
 SINCE 7/1          0                 0       0        0
COOLING TOTAL     590               566      24      567
 SINCE 1/1       2617              2246     371     2353
.................................................................

WIND (MPH)
AVERAGE WIND SPEED              5.4
HIGHEST WIND SPEED/DIRECTION    29/060    DATE  08/03
HIGHEST GUST SPEED/DIRECTION    40/080    DATE  08/06

SKY COVER
POSSIBLE SUNSHINE (PERCENT)   MM
AVERAGE SKY COVER           0.60
NUMBER OF DAYS FAIR            3
NUMBER OF DAYS PC             28
NUMBER OF DAYS CLOUDY          0

AVERAGE RH (PERCENT)     79


-  INDICATES NEGATIVE NUMBERS.
R  INDICATES RECORD WAS SET OR TIED.
MM INDICATES DATA IS MISSING.
T  INDICATES TRACE AMOUNT.

$$
