000
CXUS53 KLIX 021449
CLMNEW


CLIMATE REPORT
NATIONAL WEATHER SERVICE NEW ORLEANS
948 AM CDT FRI NOV 2 2018

...................................

...THE NEW ORLEANS CLIMATE SUMMARY FOR THE MONTH OF OCTOBER 2018...

CLIMATE NORMAL PERIOD 1981 TO 2010
CLIMATE RECORD PERIOD 1946 TO 2018

WEATHER         OBSERVED          NORMAL  DEPART  LAST YEAR`S
                 VALUE   DATE(S)  VALUE   FROM    VALUE  DATE(S)
                                          NORMAL
................................................................
TEMPERATURE (F)
RECORD
 HIGH              94   10/04/2016
                        10/01/1998
                        14/03/2491
 LOW               35   10/31/1993
                        10/20/1989
                        10/29/1968
HIGHEST            91   10/07        MM      MM       90  10/12
                        10/06                             10/11
                        10/02                             10/08
LOWEST             55   10/27        MM      MM       39  10/29
AVG. MAXIMUM     83.8              80.0     3.8     80.9
AVG. MINIMUM     69.5              62.6     6.9     64.8
MEAN             76.7              71.3     5.4     72.9
DAYS MAX >= 90      7               0.8     6.2        3
DAYS MAX <= 32      0               0.0     0.0        0
DAYS MIN <= 32      0               0.0     0.0        0
DAYS MIN <= 0       0               0.0     0.0        0

PRECIPITATION (INCHES)
RECORD
 MAXIMUM           MM   MM
 MINIMUM           MM   MM
TOTALS           5.13              3.54    1.59     3.13
DAILY AVG.       0.17              0.11    0.06     0.10
DAYS >= .01        10               7.7     2.3        9
DAYS >= .10         7               4.4     2.6        7
DAYS >= .50         2               2.2    -0.2        2
DAYS >= 1.00        1               1.0     0.0        0
GREATEST
 24 HR. TOTAL    2.41   10/25 TO 10/25           10/22 TO 10/22
                                                          10/31 TO 10/31EATHER         OBSERVED          NORMAL  DEPART  LAST YEAR`S
                                                          10/31 TO 10/31EATHER         OBSERVED          NORMAL  DEPART  LAST YEAR`S

SNOWFALL (INCHES)
RECORDS
 TOTAL             MM   MM
 24 HR TOTAL       MM
 SNOW DEPTH        MM   MM
TOTALS            0.0               0.0     0.0      0.0
SINCE 7/1         0.0               0.0     0.0      0.0
SNOWDEPTH AVG.      0                MM      MM        0
DAYS >= TRACE       0               0.0     0.0        0
DAYS >= 1.0         0               0.0     0.0        0
GREATEST
 SNOW DEPTH         0   MM                             0  MM
 24 HR TOTAL      0.0   10/31 TO 10/31           10/31 TO 10/31
                                                          10/31 TO 10/31EATHER         OBSERVED          NORMAL  DEPART  LAST YEAR`S
                                                          10/31 TO 10/31EATHER         OBSERVED          NORMAL  DEPART  LAST YEAR`S

DEGREE_DAYS
HEATING TOTAL       0                25     -25       40
 SINCE 7/1          0                25     -25       40
COOLING TOTAL     371               220     151      295
 SINCE 1/1       3544              2909     635     3107
.................................................................

WIND (MPH)
AVERAGE WIND SPEED              8.1
HIGHEST WIND SPEED/DIRECTION    33/140    DATE  10/08
HIGHEST GUST SPEED/DIRECTION    38/140    DATE  10/08

SKY COVER
POSSIBLE SUNSHINE (PERCENT)   MM
AVERAGE SKY COVER           0.50
NUMBER OF DAYS FAIR           11
NUMBER OF DAYS PC             13
NUMBER OF DAYS CLOUDY          7

AVERAGE RH (PERCENT)     78

WEATHER CONDITIONS. NUMBER OF DAYS WITH
  0
  5
  0
  0
  0
  0
  2
HAZE                      1

-  INDICATES NEGATIVE NUMBERS.
R  INDICATES RECORD WAS SET OR TIED.
MM INDICATES DATA IS MISSING.
T  INDICATES TRACE AMOUNT.

$$
