000
CXUS53 KLIX 010805
CLMNEW


CLIMATE REPORT
NATIONAL WEATHER SERVICE NEW ORLEANS
257 AM CDT FRI JUN 1 2018

...................................

...THE NEW ORLEANS CLIMATE SUMMARY FOR THE MONTH OF MAY 2018...

CLIMATE NORMAL PERIOD 1981 TO 2010
CLIMATE RECORD PERIOD 1946 TO 2018

WEATHER         OBSERVED          NORMAL  DEPART  LAST YEAR`S
                 VALUE   DATE(S)  VALUE   FROM    VALUE  DATE(S)
                                          NORMAL
................................................................
TEMPERATURE (F)
RECORD
 HIGH              97   05/15/2018
 LOW               41   05/13/1960
HIGHEST            97R  05/15                         90  05/28
LOWEST             61   05/01                         53  05/04
AVG. MAXIMUM     89.5              85.2     4.3     82.3
AVG. MINIMUM     70.4              68.1     2.3     65.5
MEAN             80.0              76.7     3.3     73.9
DAYS MAX >= 90     18               3.7    14.3        1
DAYS MAX <= 32      0               0.0     0.0        0
DAYS MIN <= 32      0               0.0     0.0        0
DAYS MIN <= 0       0               0.0     0.0        0

PRECIPITATION (INCHES)
RECORD
 MAXIMUM
 MINIMUM
TOTALS           1.72              4.63   -2.91     9.93
DAILY AVG.       0.06              0.15   -0.09     0.32
DAYS >= .01         7               7.7    -0.7       10
DAYS >= .10         3               5.1    -2.1        9
DAYS >= .50         1               2.4    -1.4        6
DAYS >= 1.00        1               1.4    -0.4        3
GREATEST
 24 HR. TOTAL    1.23   05/25 TO 05/25           05/03 TO 05/03

SNOWFALL (INCHES)
RECORDS
 TOTAL
 24 HR TOTAL
 SNOW DEPTH
TOTALS            0.0               0.0     0.0      0.0
SINCE 7/1           T                 T     0.0      0.0
SNOWDEPTH AVG.      0                                  0
DAYS >= TRACE       0               0.0     0.0        0
DAYS >= 1.0         0               0.0     0.0        0
GREATEST
 SNOW DEPTH         0                                  0
 24 HR TOTAL      0.0

DEGREE_DAYS
HEATING TOTAL       0                 1      -1        5
 SINCE 7/1       1119              1280    -161      635
COOLING TOTAL     472               362     110      288
 SINCE 1/1        827               619     208      755
.................................................................

WIND (MPH)
AVERAGE WIND SPEED              6.3
HIGHEST WIND SPEED/DIRECTION    33/130    DATE  05/18
HIGHEST GUST SPEED/DIRECTION    45/140    DATE  05/18

SKY COVER
POSSIBLE SUNSHINE (PERCENT)   MM
AVERAGE SKY COVER           0.40
NUMBER OF DAYS FAIR           10
NUMBER OF DAYS PC             21
NUMBER OF DAYS CLOUDY          0

AVERAGE RH (PERCENT)     73

-  INDICATES NEGATIVE NUMBERS.
R  INDICATES RECORD WAS SET OR TIED.
MM INDICATES DATA IS MISSING.
T  INDICATES TRACE AMOUNT.

$$
