000
CXUS56 KMTR 011353
CLMNUQ


CLIMATE REPORT
NATIONAL WEATHER SERVICE SAN FRANCISCO BAY AREA
652 AM PDT SUN JUL 1 2018

...................................

...THE MOFFETT FIELD NAS CLIMATE SUMMARY FOR THE MONTH OF JUNE 2018...

CLIMATE NORMAL PERIOD 1981 TO 2010
CLIMATE RECORD PERIOD 1945 TO 2018

WEATHER         OBSERVED          NORMAL  DEPART  LAST YEAR`S
                 VALUE   DATE(S)  VALUE   FROM    VALUE  DATE(S)
                                          NORMAL
................................................................
TEMPERATURE (F)
RECORD
 HIGH             106   06/14/2000
 LOW               43   06/01/1955
HIGHEST            93   06/23                        100  06/18
LOWEST             48   06/01                         50  06/05
AVG. MAXIMUM     76.6              76.2     0.4     76.4
AVG. MINIMUM     55.8                               57.3
MEAN             66.2                               66.8
DAYS MAX >= 90      2                                  1
DAYS MAX <= 32      0                                  0
DAYS MIN <= 32      0                                  0
DAYS MIN <= 0       0                                  0

PRECIPITATION (INCHES)
RECORD
 MAXIMUM         1.20   2011
 MINIMUM         0.00   1945
TOTALS           0.00R                              0.02
DAILY AVG.       0.00              0.00    0.00     0.00
DAYS >= .01         0                                  2
DAYS >= .10         0                                  0
DAYS >= .50         0                                  0
DAYS >= 1.00        0                                  0
GREATEST
 24 HR. TOTAL    0.00   06/30 TO 06/30           06/09 TO 06/09
                                                          06/30 TO 06/30EATHER         OBSERVED          NORMAL  DEPART  LAST YEAR`S
                                                          06/30 TO 06/30EATHER         OBSERVED          NORMAL  DEPART  LAST YEAR`S

DEGREE_DAYS
HEATING TOTAL      23                                 27
 SINCE 7/1       2037                               2036
COOLING TOTAL      66                                 89
 SINCE 1/1         84                                142
.................................................................

WIND (MPH)
AVERAGE WIND SPEED              7.6
RESULTANT WIND SPEED/DIRECTION   5/350
HIGHEST WIND SPEED/DIRECTION    25/350    DATE  06/08
HIGHEST GUST SPEED/DIRECTION    29/350    DATE  06/08

SKY COVER
POSSIBLE SUNSHINE (PERCENT)   MM
AVERAGE SKY COVER           0.10
NUMBER OF DAYS FAIR           26
NUMBER OF DAYS PC              4
NUMBER OF DAYS CLOUDY          0

AVERAGE RH (PERCENT)     64

WEATHER CONDITIONS. NUMBER OF DAYS WITH
  0
  0
  0
  0
  0
  0
  0
HAZE                      0

-  INDICATES NEGATIVE NUMBERS.
R  INDICATES RECORD WAS SET OR TIED.
MM INDICATES DATA IS MISSING.
T  INDICATES TRACE AMOUNT.

$$
