000
CXUS51 KOKX 031723
CLMNYC

CLIMATE REPORT
NATIONAL WEATHER SERVICE NEW YORK NY
1222 PM EST MON DEC 3 2018

...................................

...THE CENTRAL PARK NY CLIMATE SUMMARY FOR THE MONTH OF NOVEMBER 2018...

CLIMATE NORMAL PERIOD 1981 TO 2010
CLIMATE RECORD PERIOD 1869 TO 2018

WEATHER         OBSERVED          NORMAL  DEPART  LAST YEAR`S
                 VALUE   DATE(S)  VALUE   FROM    VALUE  DATE(S)
                                          NORMAL
................................................................
TEMPERATURE (F)
RECORD
 HIGH              83   11/02/1950
 LOW                7   11/30/1875
HIGHEST            72   11/02        MM      MM       74  11/03
LOWEST             15   11/23        MM      MM       24  11/11
AVG. MAXIMUM     49.7              53.8    -4.1     54.1
AVG. MINIMUM     39.0              41.6    -2.6     39.1
MEAN             44.4              47.7    -3.3     46.6
DAYS MAX >= 90      0               0.0     0.0        0
DAYS MAX <= 32      2               0.1     1.9        0
DAYS MIN <= 32      6               2.6     3.4        4
DAYS MIN <= 0       0               0.0     0.0        0

PRECIPITATION (INCHES)
RECORD
 MAXIMUM        12.41   1972
 MINIMUM         0.34   1976
TOTALS           7.62              4.02    3.60     1.58
DAILY AVG.       0.25              0.13    0.12     0.05
DAYS >= .01        15               9.6     5.4       10
DAYS >= .10        11               6.0     5.0        5
DAYS >= .50         7               2.9     4.1        1
DAYS >= 1.00        2               1.2     0.8        0
GREATEST
 24 HR. TOTAL    1.16   11/15 TO 11/15           11/07 TO 11/07
                                                          11/20 TO 11/20EATHER         OBSERVED          NORMAL  DEPART  LAST YEAR`S
                                                          11/20 TO 11/20EATHER         OBSERVED          NORMAL  DEPART  LAST YEAR`S
 STORM TOTAL       MM                                 MM
 (MM/DD(HH))            MM                    11/07(00) TO 11/07(00)
                                                 11/20(00) TO 11/20(00)0EATHER         OBSERVED          NORMAL  DEPART  LAST YEAR`S
                                                 11/20(00) TO 11/20(00)0EATHER         OBSERVED          NORMAL  DEPART  LAST YEAR`S

SNOWFALL (INCHES)
TOTALS            6.4               0.3     6.1        T
 LIQUID EQUIV    0.64              0.00    0.64       MM
SINCE 7/1         6.4               0.3     6.1        T
 LIQUID 7/1      0.64              0.00    0.64       MM
SNOWDEPTH AVG.      0                MM      MM        0
DAYS >= TRACE       3               0.2     2.8        1
DAYS >= 1.0         1               0.1     0.9        0
GREATEST
 SNOW DEPTH         4   11/16                          0  MM
 24 HR TOTAL      6.4   11/15 TO 11/15           11/20 TO 11/20
                                                          11/20 TO 11/20EATHER         OBSERVED          NORMAL  DEPART  LAST YEAR`S
                                                          11/20 TO 11/20EATHER         OBSERVED          NORMAL  DEPART  LAST YEAR`S
 STORM TOTAL       MM                                 MM
 (MM/DD(HH))            MM                    11/20(00) TO 11/20(00)
                                                 11/20(00) TO 11/20(00)0EATHER         OBSERVED          NORMAL  DEPART  LAST YEAR`S
                                                 11/20(00) TO 11/20(00)0EATHER         OBSERVED          NORMAL  DEPART  LAST YEAR`S

DEGREE_DAYS
HEATING TOTAL     614               520      94      546
 SINCE 7/1        913               833      80      662
COOLING TOTAL       3                 1       2        0
 SINCE 1/1       1433              1105     328     1265
.................................................................

WIND (MPH)
AVERAGE WIND SPEED              MM
HIGHEST WIND SPEED/DIRECTION    MM        DATE   MM
HIGHEST GUST SPEED/DIRECTION    MM        DATE   MM

AVERAGE RH (PERCENT)     66

WEATHER CONDITIONS. NUMBER OF DAYS WITH
THUNDERSTORM              0     MIXED PRECIP               0
HEAVY RAIN               10     RAIN                      12
LIGHT RAIN               16     FREEZING RAIN              0
LT FREEZING RAIN          0     HAIL                       0
HEAVY SNOW                1     SNOW                       1
LIGHT SNOW                3     SLEET                      0
FOG                      16     FOG W/VIS <= 1/4 MILE      1
HAZE                      2

-  INDICATES NEGATIVE NUMBERS.
R  INDICATES RECORD WAS SET OR TIED.
MM INDICATES DATA IS MISSING.
T  INDICATES TRACE AMOUNT.

$$
