000
CXUS51 KOKX 011539
CLMNYC

CLIMATE REPORT
NATIONAL WEATHER SERVICE NEW YORK NY
1137 AM EDT SAT SEP 1 2018

...................................

...THE CENTRAL PARK NY CLIMATE SUMMARY FOR THE MONTH OF AUGUST 2018...

CLIMATE NORMAL PERIOD 1981 TO 2010
CLIMATE RECORD PERIOD 1869 TO 2018

WEATHER         OBSERVED          NORMAL  DEPART  LAST YEAR`S
                 VALUE   DATE(S)  VALUE   FROM    VALUE  DATE(S)
                                          NORMAL
................................................................
TEMPERATURE (F)
RECORD
 HIGH             104   08/07/1918
 LOW               50   08/29/1986
                        08/31/1976
                        08/30/1965
HIGHEST            94   08/28        MM      MM       92  08/01
LOWEST             65   08/24        MM      MM       60  08/30
                        08/23
AVG. MAXIMUM     84.3              82.6     1.7     80.9
AVG. MINIMUM     72.0              67.8     4.2     67.1
MEAN             78.1              75.2     2.9     74.0
DAYS MAX >= 90      7               3.2     3.8        1
DAYS MAX <= 32      0               0.0     0.0        0
DAYS MIN <= 32      0               0.0     0.0        0
DAYS MIN <= 0       0               0.0     0.0        0

PRECIPITATION (INCHES)
RECORD
 MAXIMUM        18.95   2011
 MINIMUM         0.18   1995
TOTALS           8.59              4.44    4.15     3.34
DAILY AVG.       0.28              0.14    0.14     0.11
DAYS >= .01        15               9.5     5.5       10
DAYS >= .10        11               6.2     4.8        8
DAYS >= .50         8               3.0     5.0        2
DAYS >= 1.00        2               1.3     0.7        0
GREATEST
 24 HR. TOTAL    2.90   08/11 TO 08/11           08/18 TO 08/18
                                                          08/31 TO 08/31EATHER         OBSERVED          NORMAL  DEPART  LAST YEAR`S
                                                          08/31 TO 08/31EATHER         OBSERVED          NORMAL  DEPART  LAST YEAR`S
 STORM TOTAL       MM                                 MM
 (MM/DD(HH))            MM                    08/18(00) TO 08/18(00)
                                                 08/31(00) TO 08/31(00)1EATHER         OBSERVED          NORMAL  DEPART  LAST YEAR`S
                                                 08/31(00) TO 08/31(00)1EATHER         OBSERVED          NORMAL  DEPART  LAST YEAR`S

DEGREE_DAYS
HEATING TOTAL       0                 2      -2        0
 SINCE 7/1          0                 2      -2        0
COOLING TOTAL     413               318      95      291
 SINCE 1/1       1168               954     214      994
.................................................................

WIND (MPH)
AVERAGE WIND SPEED              3.0
HIGHEST WIND SPEED/DIRECTION    17/290    DATE  08/14
HIGHEST GUST SPEED/DIRECTION    26/280    DATE  08/17

AVERAGE RH (PERCENT)     72

WEATHER CONDITIONS. NUMBER OF DAYS WITH
THUNDERSTORM             10     MIXED PRECIP               0
HEAVY RAIN               11     RAIN                      10
LIGHT RAIN               19     FREEZING RAIN              0
LT FREEZING RAIN          0     HAIL                       0
HEAVY SNOW                0     SNOW                       0
LIGHT SNOW                0     SLEET                      0
FOG                      17     FOG W/VIS <= 1/4 MILE      2
HAZE                      6

-  INDICATES NEGATIVE NUMBERS.
R  INDICATES RECORD WAS SET OR TIED.
MM INDICATES DATA IS MISSING.
T  INDICATES TRACE AMOUNT.

$$
