000
CXUS55 KPSR 010828
CLMNYL

CLIMATE REPORT
NATIONAL WEATHER SERVICE PHOENIX AZ
128 AM MST THU FEB 1 2018

...................................

...THE YUMA AZ CLIMATE SUMMARY FOR THE MONTH OF JANUARY 2018...

CLIMATE NORMAL PERIOD 1981 TO 2010
CLIMATE RECORD PERIOD 1876 TO 2018

WEATHER         OBSERVED          NORMAL  DEPART
                 VALUE   DATE(S)  VALUE   FROM
                                          NORMAL
................................................
TEMPERATURE (F)
RECORD
 HIGH              88   01/19/1971
 LOW               22   01/24/1937
                        01/20/1883
HIGHEST            86   01/29        79       7
LOWEST             41   01/21        37       4
AVG. MAXIMUM     75.0              69.6     5.4
AVG. MINIMUM     50.9              47.6     3.3
MEAN             63.0              58.6     4.4
DAYS MAX >= 90      0               0.0     0.0
DAYS MAX <= 32      0               0.0     0.0
DAYS MIN <= 32      0               0.0     0.0
DAYS MIN <= 0       0               0.0     0.0

PRECIPITATION (INCHES)
RECORD
 MAXIMUM         2.83   1897
 MINIMUM         0.00   2012
                        2011
                        2009
TOTALS           0.17              0.37   -0.20
DAYS >= .01         1               2.6    -1.6
DAYS >= .10         1               1.1    -0.1
DAYS >= .50         0               0.1    -0.1
DAYS >= 1.00        0               0.0     0.0
GREATEST
 24 HR. TOTAL    0.17   01/09 TO 01/09

DEGREE_DAYS
HEATING TOTAL      85               204    -119
 SINCE 7/1        224               508    -284
COOLING TOTAL      31                 6      25
 SINCE 1/1         31                 0      31
.................................................

WIND (MPH)
AVERAGE WIND SPEED              6.7
HIGHEST GUST SPEED/DIRECTION    43/280    DATE  01/20

AVERAGE RH (PERCENT)     34

WEATHER CONDITIONS. NUMBER OF DAYS WITH
THUNDERSTORM              0     HEAVY RAIN                 0
RAIN                      0     LIGHT RAIN                 1
FOG W/VIS <= 1/4 MILE     0

-  INDICATES NEGATIVE NUMBERS.
R  INDICATES RECORD WAS SET OR TIED.
MM INDICATES DATA IS MISSING.
T  INDICATES TRACE AMOUNT.

$$
