304
CXUS55 KPSR 011111
CLMNYL

CLIMATE REPORT
NATIONAL WEATHER SERVICE PHOENIX AZ
409 AM MST SUN JUL 1 2018

...................................

...THE YUMA AZ CLIMATE SUMMARY FOR THE MONTH OF JUNE 2018...

CLIMATE NORMAL PERIOD 1981 TO 2010
CLIMATE RECORD PERIOD 1876 TO 2018

WEATHER         OBSERVED          NORMAL  DEPART
                 VALUE   DATE(S)  VALUE   FROM
                                          NORMAL
................................................
TEMPERATURE (F)
RECORD
 HIGH             122   06/26/1990
 LOW               51   06/05/1925
HIGHEST           111   06/22       113      -2
                        06/13
LOWEST             68   06/02        64       4
AVG. MAXIMUM    103.9             103.5     0.4
AVG. MINIMUM     74.2              74.6    -0.4
MEAN             89.1              89.0     0.1
DAYS MAX >= 90     30              29.0     1.0
DAYS MAX <= 32      0               0.0     0.0
DAYS MIN <= 32      0               0.0     0.0
DAYS MIN <= 0       0               0.0     0.0

PRECIPITATION (INCHES)
RECORD
 MAXIMUM         0.62   1912
 MINIMUM         0.00   2017
                        2014
                        2013
TOTALS              T              0.01   -0.01
DAYS >= .01         0               0.2    -0.2
DAYS >= .10         0               0.1    -0.1
DAYS >= .50         0               0.0     0.0
DAYS >= 1.00        0               0.0     0.0
GREATEST
 24 HR. TOTAL       T   06/15 TO 06/15

DEGREE_DAYS
HEATING TOTAL       0                 0       0
 SINCE 7/1        406               686    -280
COOLING TOTAL     729               721       8
 SINCE 1/1       1697              1633      64
.................................................

WIND (MPH)
AVERAGE WIND SPEED              8.3
HIGHEST GUST SPEED/DIRECTION    36/170    DATE  06/23

AVERAGE RH (PERCENT)     29

WEATHER CONDITIONS. NUMBER OF DAYS WITH
THUNDERSTORM              0     HEAVY RAIN                 0
RAIN                      0     LIGHT RAIN                 1
FOG W/VIS <= 1/4 MILE     0

-  INDICATES NEGATIVE NUMBERS.
R  INDICATES RECORD WAS SET OR TIED.
MM INDICATES DATA IS MISSING.
T  INDICATES TRACE AMOUNT.

$$
